{"id":1175960,"date":"2019-02-06T14:00:22","date_gmt":"2019-02-06T19:00:22","guid":{"rendered":""},"modified":"2025-08-28T17:06:32","modified_gmt":"2025-08-28T21:06:32","slug":"3-songez-a-discuter-avec-votre-employeur","status":"publish","type":"steps","link":"https:\/\/stepstojustice.ca\/fr\/steps\/human-rights\/3-songez-a-discuter-avec-votre-employeur\/","title":{"rendered":"3. Songez \u00e0 discuter avec votre employeur"},"content":{"rendered":"<p>Il peut \u00eatre intimidant et tr\u00e8s difficile de parler \u00e0 votre employeur des probl\u00e8mes en lien avec votre genre.<\/p>\n<p>Si vous discutez avec lui, prenez des notes.\u00a0Selon la loi, votre employeur ne peut pas vous menacer ou vous punir parce que vous lui avez <a href=\"\/fr\/questions\/employment-and-work\/mon-employeur-peut-il-me-punir-si-jexerce-mes-droits\/\">mentionn\u00e9 vos droits de la personne<\/a>.<\/p>\n<h3>Consultez un avocat<\/h3>\n<p>Il vaut mieux consulter un avocat avant de parler avec votre employeur.<\/p>\n<p>L&#8217;avocat pourra vous guider sur ce qu&#8217;il faut dire et sur la mani\u00e8re de le dire. Il pourrait aussi parler avec votre employeur pour vous, ou vous aider \u00e0 d\u00e9cider quoi faire ensuite si vous n&#8217;\u00eates pas satisfait de la mani\u00e8re dont votre employeur a trait\u00e9 votre plainte.<\/p>\n<p>L&#8217;\u00e9tape\u00a04 vous en dira plus sur la consultation d&#8217;un avocat.<\/p>\n<h3>Faites-vous accompagner<\/h3>\n<p>Vous pouvez demander \u00e0 quelqu&#8217;un de vous accompagner \u00e0 la rencontre avec votre employeur. Il peut s&#8217;agir d&#8217;un coll\u00e8gue ou de quelqu&#8217;un de votre syndicat. Cette personne sera alors t\u00e9moin de ce qui se passe et de ce que votre employeur dit.<\/p>\n<h3>Demandez des mesures d&#8217;adaptation<\/h3>\n<p>Pour demander des mesures d&#8217;adaptation, vous pouvez \u00e9crire une lettre \u00e0 votre employeur. Dans votre lettre, vous pouvez expliquer\u00a0:<\/p>\n<ul>\n<li>ce qui porte atteinte \u00e0 vos droits de la personne dans les politiques ou les actions de votre employeur;<\/li>\n<li>le lien avec votre identit\u00e9 sexuelle ou votre expression de genre;<\/li>\n<li>les mesures d&#8217;adaptation vous demandez.<\/li>\n<\/ul>\n<p>Vous pouvez joindre \u00e0 votre lettre un lien vers la <a href=\"\/fr\/resource\/politique-sur-la-pr-vention-de-la-discrimination-fond-e-sur-l-identit-sexuelle-et-l-expression-de-l-identit-sexuelle-1-1\/\" target=\"_blank\" rel=\"noopener\">politique sur l&#8217;identit\u00e9 de genre et l&#8217;expression de genre de la Commission ontarienne des droits de la personne<\/a>, ou une copie de cette politique.<\/p>\n<h3>Collaborez avec votre employeur<\/h3>\n<p>Selon la loi, vous et votre employeur devez trouver une solution ensemble. Mais il se peut que la solution finale ne soit pas exactement celle que vous aviez demand\u00e9e.<\/p>\n<h3>Pr\u00e9judice injustifi\u00e9<\/h3>\n<p>Votre employeur n&#8217;est <strong>pas<\/strong> oblig\u00e9 de vous accorder les mesures d&#8217;adaptation que vous demandez si celles-ci lui causeraient un pr\u00e9judice injustifi\u00e9. Cependant, il doit fournir la preuve du pr\u00e9judice injustifi\u00e9.<\/p>\n<p>Voici des exemples de raisons qui<strong> ne sont pas<\/strong> des pr\u00e9judices injustifi\u00e9s\u00a0:<\/p>\n<ul>\n<li>Les autres employ\u00e9s ou les clients ne percevraient pas bien la mesure d&#8217;adaptation.<\/li>\n<li>La mesure d&#8217;adaptation ne serait pas pratique pour l&#8217;employeur, par exemple, \u00e0 cause des documents \u00e0 fournir.<\/li>\n<\/ul>\n<!-- AddThis Advanced Settings generic via filter on the_content --><!-- AddThis Share Buttons generic via filter on the_content -->","protected":false},"author":3,"featured_media":0,"template":"","class_list":["post-1175960","steps","type-steps","status-publish","hentry"],"yoast_head":"<!-- This site is optimized with the Yoast SEO Premium plugin v23.9 (Yoast SEO v23.9) - https:\/\/yoast.com\/wordpress\/plugins\/seo\/ -->\n<title>3. Songez \u00e0 discuter avec votre employeur - Justice pas-\u00e0-pas<\/title>\n<meta name=\"description\" content=\"Il peut \u00eatre intimidant et tr\u00e8s difficile de parler \u00e0 votre employeur des probl\u00e8mes en lien avec votre genre. Si vous discutez avec lui, prenez des\" \/>\n<meta name=\"robots\" content=\"index, follow, max-snippet:-1, max-image-preview:large, max-video-preview:-1\" \/>\n<link rel=\"canonical\" href=\"https:\/\/stepstojustice.ca\/fr\/steps\/human-rights\/3-songez-a-discuter-avec-votre-employeur\/\" \/>\n<meta property=\"og:locale\" content=\"fr_FR\" \/>\n<meta property=\"og:type\" content=\"article\" \/>\n<meta property=\"og:title\" content=\"3. Songez \u00e0 discuter avec votre employeur - Justice pas-\u00e0-pas\" \/>\n<meta property=\"og:description\" content=\"Il peut \u00eatre intimidant et tr\u00e8s difficile de parler \u00e0 votre employeur des probl\u00e8mes en lien avec votre genre. Si vous discutez avec lui, prenez des\" \/>\n<meta property=\"og:url\" content=\"https:\/\/stepstojustice.ca\/fr\/steps\/human-rights\/3-songez-a-discuter-avec-votre-employeur\/\" \/>\n<meta property=\"og:site_name\" content=\"Justice pas-\u00e0-pas\" \/>\n<meta property=\"article:publisher\" content=\"https:\/\/www.facebook.com\/CLEOLegalRights\/\" \/>\n<meta property=\"article:modified_time\" content=\"2025-08-28T21:06:32+00:00\" \/>\n<meta property=\"og:image\" content=\"https:\/\/stepstojustice.ca\/wp-content\/uploads\/Steps-to-Justice-logo.jpg\" \/>\n\t<meta property=\"og:image:width\" content=\"1200\" \/>\n\t<meta property=\"og:image:height\" content=\"650\" \/>\n\t<meta property=\"og:image:type\" content=\"image\/jpeg\" \/>\n<meta name=\"twitter:card\" content=\"summary_large_image\" \/>\n<meta name=\"twitter:site\" content=\"@CLEOLegalRights\" \/>\n<meta name=\"twitter:label1\" content=\"Est. reading time\" \/>\n\t<meta name=\"twitter:data1\" content=\"2 minutes\" \/>\n<script type=\"application\/ld+json\" class=\"yoast-schema-graph\">{\"@context\":\"https:\/\/schema.org\",\"@graph\":[{\"@type\":\"WebPage\",\"@id\":\"https:\/\/stepstojustice.ca\/fr\/steps\/human-rights\/3-songez-a-discuter-avec-votre-employeur\/\",\"url\":\"https:\/\/stepstojustice.ca\/fr\/steps\/human-rights\/3-songez-a-discuter-avec-votre-employeur\/\",\"name\":\"3. Songez \u00e0 discuter avec votre employeur - Justice pas-\u00e0-pas\",\"isPartOf\":{\"@id\":\"https:\/\/stepstojustice.ca\/fr\/#website\"},\"datePublished\":\"2019-02-06T19:00:22+00:00\",\"dateModified\":\"2025-08-28T21:06:32+00:00\",\"description\":\"Il peut \u00eatre intimidant et tr\u00e8s difficile de parler \u00e0 votre employeur des probl\u00e8mes en lien avec votre genre. Si vous discutez avec lui, prenez des\",\"breadcrumb\":{\"@id\":\"https:\/\/stepstojustice.ca\/fr\/steps\/human-rights\/3-songez-a-discuter-avec-votre-employeur\/#breadcrumb\"},\"inLanguage\":\"fr-FR\",\"potentialAction\":[{\"@type\":\"ReadAction\",\"target\":[\"https:\/\/stepstojustice.ca\/fr\/steps\/human-rights\/3-songez-a-discuter-avec-votre-employeur\/\"]}]},{\"@type\":\"BreadcrumbList\",\"@id\":\"https:\/\/stepstojustice.ca\/fr\/steps\/human-rights\/3-songez-a-discuter-avec-votre-employeur\/#breadcrumb\",\"itemListElement\":[{\"@type\":\"ListItem\",\"position\":1,\"name\":\"Home\",\"item\":\"https:\/\/stepstojustice.ca\/fr\/\"},{\"@type\":\"ListItem\",\"position\":2,\"name\":\"Next steps\",\"item\":\"https:\/\/stepstojustice.ca\/fr\/steps\/\"},{\"@type\":\"ListItem\",\"position\":3,\"name\":\"3. Songez \u00e0 discuter avec votre employeur\"}]},{\"@type\":\"WebSite\",\"@id\":\"https:\/\/stepstojustice.ca\/fr\/#website\",\"url\":\"https:\/\/stepstojustice.ca\/fr\/\",\"name\":\"Justice pas-\u00e0-pas\",\"description\":\"Step-by-step information about legal problems\",\"publisher\":{\"@id\":\"https:\/\/stepstojustice.ca\/fr\/#organization\"},\"potentialAction\":[{\"@type\":\"SearchAction\",\"target\":{\"@type\":\"EntryPoint\",\"urlTemplate\":\"https:\/\/stepstojustice.ca\/fr\/?s={search_term_string}\"},\"query-input\":{\"@type\":\"PropertyValueSpecification\",\"valueRequired\":true,\"valueName\":\"search_term_string\"}}],\"inLanguage\":\"fr-FR\"},{\"@type\":\"Organization\",\"@id\":\"https:\/\/stepstojustice.ca\/fr\/#organization\",\"name\":\"Justice pas-\u00e0-pas\",\"url\":\"https:\/\/stepstojustice.ca\/fr\/\",\"logo\":{\"@type\":\"ImageObject\",\"inLanguage\":\"fr-FR\",\"@id\":\"https:\/\/stepstojustice.ca\/fr\/#\/schema\/logo\/image\/\",\"url\":\"https:\/\/stepstojustice.ca\/wp-content\/uploads\/2020\/10\/logo-s2j.png\",\"contentUrl\":\"https:\/\/stepstojustice.ca\/wp-content\/uploads\/2020\/10\/logo-s2j.png\",\"width\":1000,\"height\":146,\"caption\":\"Justice pas-\u00e0-pas\"},\"image\":{\"@id\":\"https:\/\/stepstojustice.ca\/fr\/#\/schema\/logo\/image\/\"},\"sameAs\":[\"https:\/\/www.facebook.com\/CLEOLegalRights\/\",\"https:\/\/x.com\/CLEOLegalRights\",\"https:\/\/www.instagram.com\/communitylegaleducationon\/\"]}]}<\/script>\n<!-- \/ Yoast SEO Premium plugin. -->","yoast_head_json":{"title":"3. Songez \u00e0 discuter avec votre employeur - Justice pas-\u00e0-pas","description":"Il peut \u00eatre intimidant et tr\u00e8s difficile de parler \u00e0 votre employeur des probl\u00e8mes en lien avec votre genre. Si vous discutez avec lui, prenez des","robots":{"index":"index","follow":"follow","max-snippet":"max-snippet:-1","max-image-preview":"max-image-preview:large","max-video-preview":"max-video-preview:-1"},"canonical":"https:\/\/stepstojustice.ca\/fr\/steps\/human-rights\/3-songez-a-discuter-avec-votre-employeur\/","og_locale":"fr_FR","og_type":"article","og_title":"3. Songez \u00e0 discuter avec votre employeur - Justice pas-\u00e0-pas","og_description":"Il peut \u00eatre intimidant et tr\u00e8s difficile de parler \u00e0 votre employeur des probl\u00e8mes en lien avec votre genre. Si vous discutez avec lui, prenez des","og_url":"https:\/\/stepstojustice.ca\/fr\/steps\/human-rights\/3-songez-a-discuter-avec-votre-employeur\/","og_site_name":"Justice pas-\u00e0-pas","article_publisher":"https:\/\/www.facebook.com\/CLEOLegalRights\/","article_modified_time":"2025-08-28T21:06:32+00:00","og_image":[{"width":1200,"height":650,"url":"https:\/\/stepstojustice.ca\/wp-content\/uploads\/Steps-to-Justice-logo.jpg","type":"image\/jpeg"}],"twitter_card":"summary_large_image","twitter_site":"@CLEOLegalRights","twitter_misc":{"Est. reading time":"2 minutes"},"schema":{"@context":"https:\/\/schema.org","@graph":[{"@type":"WebPage","@id":"https:\/\/stepstojustice.ca\/fr\/steps\/human-rights\/3-songez-a-discuter-avec-votre-employeur\/","url":"https:\/\/stepstojustice.ca\/fr\/steps\/human-rights\/3-songez-a-discuter-avec-votre-employeur\/","name":"3. Songez \u00e0 discuter avec votre employeur - Justice pas-\u00e0-pas","isPartOf":{"@id":"https:\/\/stepstojustice.ca\/fr\/#website"},"datePublished":"2019-02-06T19:00:22+00:00","dateModified":"2025-08-28T21:06:32+00:00","description":"Il peut \u00eatre intimidant et tr\u00e8s difficile de parler \u00e0 votre employeur des probl\u00e8mes en lien avec votre genre. Si vous discutez avec lui, prenez des","breadcrumb":{"@id":"https:\/\/stepstojustice.ca\/fr\/steps\/human-rights\/3-songez-a-discuter-avec-votre-employeur\/#breadcrumb"},"inLanguage":"fr-FR","potentialAction":[{"@type":"ReadAction","target":["https:\/\/stepstojustice.ca\/fr\/steps\/human-rights\/3-songez-a-discuter-avec-votre-employeur\/"]}]},{"@type":"BreadcrumbList","@id":"https:\/\/stepstojustice.ca\/fr\/steps\/human-rights\/3-songez-a-discuter-avec-votre-employeur\/#breadcrumb","itemListElement":[{"@type":"ListItem","position":1,"name":"Home","item":"https:\/\/stepstojustice.ca\/fr\/"},{"@type":"ListItem","position":2,"name":"Next steps","item":"https:\/\/stepstojustice.ca\/fr\/steps\/"},{"@type":"ListItem","position":3,"name":"3. Songez \u00e0 discuter avec votre employeur"}]},{"@type":"WebSite","@id":"https:\/\/stepstojustice.ca\/fr\/#website","url":"https:\/\/stepstojustice.ca\/fr\/","name":"Justice pas-\u00e0-pas","description":"Step-by-step information about legal problems","publisher":{"@id":"https:\/\/stepstojustice.ca\/fr\/#organization"},"potentialAction":[{"@type":"SearchAction","target":{"@type":"EntryPoint","urlTemplate":"https:\/\/stepstojustice.ca\/fr\/?s={search_term_string}"},"query-input":{"@type":"PropertyValueSpecification","valueRequired":true,"valueName":"search_term_string"}}],"inLanguage":"fr-FR"},{"@type":"Organization","@id":"https:\/\/stepstojustice.ca\/fr\/#organization","name":"Justice pas-\u00e0-pas","url":"https:\/\/stepstojustice.ca\/fr\/","logo":{"@type":"ImageObject","inLanguage":"fr-FR","@id":"https:\/\/stepstojustice.ca\/fr\/#\/schema\/logo\/image\/","url":"https:\/\/stepstojustice.ca\/wp-content\/uploads\/2020\/10\/logo-s2j.png","contentUrl":"https:\/\/stepstojustice.ca\/wp-content\/uploads\/2020\/10\/logo-s2j.png","width":1000,"height":146,"caption":"Justice pas-\u00e0-pas"},"image":{"@id":"https:\/\/stepstojustice.ca\/fr\/#\/schema\/logo\/image\/"},"sameAs":["https:\/\/www.facebook.com\/CLEOLegalRights\/","https:\/\/x.com\/CLEOLegalRights","https:\/\/www.instagram.com\/communitylegaleducationon\/"]}]}},"meta_box":{"questions_to_steps_from":["1171779"]},"_links":{"self":[{"href":"https:\/\/stepstojustice.ca\/fr\/wp-json\/wp\/v2\/steps\/1175960","targetHints":{"allow":["GET"]}}],"collection":[{"href":"https:\/\/stepstojustice.ca\/fr\/wp-json\/wp\/v2\/steps"}],"about":[{"href":"https:\/\/stepstojustice.ca\/fr\/wp-json\/wp\/v2\/types\/steps"}],"author":[{"embeddable":true,"href":"https:\/\/stepstojustice.ca\/fr\/wp-json\/wp\/v2\/users\/3"}],"version-history":[{"count":5,"href":"https:\/\/stepstojustice.ca\/fr\/wp-json\/wp\/v2\/steps\/1175960\/revisions"}],"predecessor-version":[{"id":1272921,"href":"https:\/\/stepstojustice.ca\/fr\/wp-json\/wp\/v2\/steps\/1175960\/revisions\/1272921"}],"wp:attachment":[{"href":"https:\/\/stepstojustice.ca\/fr\/wp-json\/wp\/v2\/media?parent=1175960"}],"curies":[{"name":"wp","href":"https:\/\/api.w.org\/{rel}","templated":true}]}}

3. Songez à discuter avec votre employeur

<p>Il peut être intimidant et très difficile de parler à votre employeur des problèmes en lien avec votre genre.</p>
<p>Si vous discutez avec lui, prenez des notes. Selon la loi, votre employeur ne peut pas vous menacer ou vous punir parce que vous lui avez <a href="/fr/questions/employment-and-work/mon-employeur-peut-il-me-punir-si-jexerce-mes-droits/">mentionné vos droits de la personne</a>.</p>
<h3>Consultez un avocat</h3>
<p>Il vaut mieux consulter un avocat avant de parler avec votre employeur.</p>
<p>L&#8217;avocat pourra vous guider sur ce qu&#8217;il faut dire et sur la manière de le dire. Il pourrait aussi parler avec votre employeur pour vous, ou vous aider à décider quoi faire ensuite si vous n&#8217;êtes pas satisfait de la manière dont votre employeur a traité votre plainte.</p>
<p>L&#8217;étape 4 vous en dira plus sur la consultation d&#8217;un avocat.</p>
<h3>Faites-vous accompagner</h3>
<p>Vous pouvez demander à quelqu&#8217;un de vous accompagner à la rencontre avec votre employeur. Il peut s&#8217;agir d&#8217;un collègue ou de quelqu&#8217;un de votre syndicat. Cette personne sera alors témoin de ce qui se passe et de ce que votre employeur dit.</p>
<h3>Demandez des mesures d&#8217;adaptation</h3>
<p>Pour demander des mesures d&#8217;adaptation, vous pouvez écrire une lettre à votre employeur. Dans votre lettre, vous pouvez expliquer :</p>
<ul>
<li>ce qui porte atteinte à vos droits de la personne dans les politiques ou les actions de votre employeur;</li>
<li>le lien avec votre identité sexuelle ou votre expression de genre;</li>
<li>les mesures d&#8217;adaptation vous demandez.</li>
</ul>
<p>Vous pouvez joindre à votre lettre un lien vers la <a href="/fr/resource/politique-sur-la-pr-vention-de-la-discrimination-fond-e-sur-l-identit-sexuelle-et-l-expression-de-l-identit-sexuelle-1-1/" target="_blank" rel="noopener">politique sur l&#8217;identité de genre et l&#8217;expression de genre de la Commission ontarienne des droits de la personne</a>, ou une copie de cette politique.</p>
<h3>Collaborez avec votre employeur</h3>
<p>Selon la loi, vous et votre employeur devez trouver une solution ensemble. Mais il se peut que la solution finale ne soit pas exactement celle que vous aviez demandée.</p>
<h3>Préjudice injustifié</h3>
<p>Votre employeur n&#8217;est <strong>pas</strong> obligé de vous accorder les mesures d&#8217;adaptation que vous demandez si celles-ci lui causeraient un préjudice injustifié. Cependant, il doit fournir la preuve du préjudice injustifié.</p>
<p>Voici des exemples de raisons qui<strong> ne sont pas</strong> des préjudices injustifiés :</p>
<ul>
<li>Les autres employés ou les clients ne percevraient pas bien la mesure d&#8217;adaptation.</li>
<li>La mesure d&#8217;adaptation ne serait pas pratique pour l&#8217;employeur, par exemple, à cause des documents à fournir.</li>
</ul>
<!-- AddThis Advanced Settings generic via filter on the_content --><!-- AddThis Share Buttons generic via filter on the_content -->

<!-- This site is optimized with the Yoast SEO Premium plugin v23.9 (Yoast SEO v23.9) - https://yoast.com/wordpress/plugins/seo/ -->
<title>3. Songez à discuter avec votre employeur - Justice pas-à-pas</title>
<meta name="description" content="Il peut être intimidant et très difficile de parler à votre employeur des problèmes en lien avec votre genre. Si vous discutez avec lui, prenez des" />
<meta name="robots" content="index, follow, max-snippet:-1, max-image-preview:large, max-video-preview:-1" />
<link rel="canonical" href="https://stepstojustice.ca/fr/steps/human-rights/3-songez-a-discuter-avec-votre-employeur/" />
<meta property="og:locale" content="fr_FR" />
<meta property="og:type" content="article" />
<meta property="og:title" content="3. Songez à discuter avec votre employeur - Justice pas-à-pas" />
<meta property="og:description" content="Il peut être intimidant et très difficile de parler à votre employeur des problèmes en lien avec votre genre. Si vous discutez avec lui, prenez des" />
<meta property="og:url" content="https://stepstojustice.ca/fr/steps/human-rights/3-songez-a-discuter-avec-votre-employeur/" />
<meta property="og:site_name" content="Justice pas-à-pas" />
<meta property="article:publisher" content="https://www.facebook.com/CLEOLegalRights/" />
<meta property="article:modified_time" content="2025-08-28T21:06:32+00:00" />
<meta property="og:image" content="https://stepstojustice.ca/wp-content/uploads/Steps-to-Justice-logo.jpg" />
	<meta property="og:image:width" content="1200" />
	<meta property="og:image:height" content="650" />
	<meta property="og:image:type" content="image/jpeg" />
<meta name="twitter:card" content="summary_large_image" />
<meta name="twitter:site" content="@CLEOLegalRights" />
<meta name="twitter:label1" content="Est. reading time" />
	<meta name="twitter:data1" content="2 minutes" />
<script type="application/ld+json" class="yoast-schema-graph">{"@context":"https://schema.org","@graph":[{"@type":"WebPage","@id":"https://stepstojustice.ca/fr/steps/human-rights/3-songez-a-discuter-avec-votre-employeur/","url":"https://stepstojustice.ca/fr/steps/human-rights/3-songez-a-discuter-avec-votre-employeur/","name":"3. Songez à discuter avec votre employeur - Justice pas-à-pas","isPartOf":{"@id":"https://stepstojustice.ca/fr/#website"},"datePublished":"2019-02-06T19:00:22+00:00","dateModified":"2025-08-28T21:06:32+00:00","description":"Il peut être intimidant et très difficile de parler à votre employeur des problèmes en lien avec votre genre. Si vous discutez avec lui, prenez des","breadcrumb":{"@id":"https://stepstojustice.ca/fr/steps/human-rights/3-songez-a-discuter-avec-votre-employeur/#breadcrumb"},"inLanguage":"fr-FR","potentialAction":[{"@type":"ReadAction","target":["https://stepstojustice.ca/fr/steps/human-rights/3-songez-a-discuter-avec-votre-employeur/"]}]},{"@type":"BreadcrumbList","@id":"https://stepstojustice.ca/fr/steps/human-rights/3-songez-a-discuter-avec-votre-employeur/#breadcrumb","itemListElement":[{"@type":"ListItem","position":1,"name":"Home","item":"https://stepstojustice.ca/fr/"},{"@type":"ListItem","position":2,"name":"Next steps","item":"https://stepstojustice.ca/fr/steps/"},{"@type":"ListItem","position":3,"name":"3. Songez à discuter avec votre employeur"}]},{"@type":"WebSite","@id":"https://stepstojustice.ca/fr/#website","url":"https://stepstojustice.ca/fr/","name":"Justice pas-à-pas","description":"Step-by-step information about legal problems","publisher":{"@id":"https://stepstojustice.ca/fr/#organization"},"potentialAction":[{"@type":"SearchAction","target":{"@type":"EntryPoint","urlTemplate":"https://stepstojustice.ca/fr/?s={search_term_string}"},"query-input":{"@type":"PropertyValueSpecification","valueRequired":true,"valueName":"search_term_string"}}],"inLanguage":"fr-FR"},{"@type":"Organization","@id":"https://stepstojustice.ca/fr/#organization","name":"Justice pas-à-pas","url":"https://stepstojustice.ca/fr/","logo":{"@type":"ImageObject","inLanguage":"fr-FR","@id":"https://stepstojustice.ca/fr/#/schema/logo/image/","url":"https://stepstojustice.ca/wp-content/uploads/2020/10/logo-s2j.png","contentUrl":"https://stepstojustice.ca/wp-content/uploads/2020/10/logo-s2j.png","width":1000,"height":146,"caption":"Justice pas-à-pas"},"image":{"@id":"https://stepstojustice.ca/fr/#/schema/logo/image/"},"sameAs":["https://www.facebook.com/CLEOLegalRights/","https://x.com/CLEOLegalRights","https://www.instagram.com/communitylegaleducationon/"]}]}</script>
<!-- / Yoast SEO Premium plugin. -->

3. Songez à discuter avec votre employeur - Justice pas-à-pas

Il peut être intimidant et très difficile de parler à votre employeur des problèmes en lien avec votre genre. Si vous discutez avec lui, prenez des

Justice pas-à-pas
