{"id":1176506,"date":"2018-07-10T10:29:04","date_gmt":"2018-07-10T14:29:04","guid":{"rendered":""},"modified":"2022-01-07T11:48:21","modified_gmt":"2022-01-07T16:48:21","slug":"2-adressez-vous-au-service-des-relations-avec-les-patients","status":"publish","type":"steps","link":"https:\/\/stepstojustice.ca\/fr\/steps\/human-rights\/2-adressez-vous-au-service-des-relations-avec-les-patients\/","title":{"rendered":"2. Adressez-vous au service des relations avec les patients"},"content":{"rendered":"<p>Si un sp\u00e9cialiste de la sant\u00e9, par exemple un m\u00e9decin ou un infirmier ou une infirmi\u00e8re, vous a trait\u00e9 de fa\u00e7on discriminatoire, vous pouvez porter plainte au service des relations avec les patients de l&#8217;h\u00f4pital.<\/p>\n<p>La plupart des h\u00f4pitaux ont un tel service, qui traite les plaintes des patients et de leur famille. Communiquez avec ce service par t\u00e9l\u00e9phone ou par courriel pour lui faire part de l&#8217;incident. Les coordonn\u00e9es figurent normalement sur le site Web de l&#8217;h\u00f4pital.<\/p>\n<p>Si vous portez plainte, notez des d\u00e9tails comme\u00a0:<\/p>\n<ul>\n<li>la date de la plainte;<\/li>\n<li>le nom des personnes \u00e0 qui vous avez parl\u00e9;<\/li>\n<li>la r\u00e9ponse obtenue.<\/li>\n<\/ul>\n<p>T\u00e2chez de prendre vos notes sur-le-champ pour ne rien oublier\u00a0: avec le temps, les gens ont tendance \u00e0 moins bien se rappeler les choses. Qui plus est, en vous envoyant vos notes par courriel, vous pourriez contribuer \u00e0 prouver la date de leur r\u00e9daction.<\/p>\n<p>Conservez des copies de toute communication \u00e9crite \u00e9chang\u00e9e avec l&#8217;h\u00f4pital ou le service des relations avec les patients, par exemple par courriel, lettre ou message texte.<\/p>\n<p>Si vous croyez qu&#8217;un m\u00e9decin ou un infirmier ou une infirmi\u00e8re vous a trait\u00e9 de fa\u00e7on inappropri\u00e9e, vous pourriez aussi porter plainte \u00e0 l&#8217;<a class=\"links-link ext\" href=\"\/fr\/resource\/processus-de-plainte-disponible-en-anglais-seulement-1\/\" target=\"_blank\" rel=\"noopener\">Ordre des m\u00e9decins et chirurgiens de l&#8217;Ontario<\/a> (disponible en anglais seulement) ou \u00e0 l&#8217;<a class=\"links-link ext new-link\" href=\"\/fr\/resource\/d-poser-une-plainte\/\" target=\"_blank\" rel=\"noopener\">Ordre des infirmi\u00e8res et infirmiers de l&#8217;Ontario<\/a>. Il s&#8217;agit des groupes professionnels auxquels appartiennent les m\u00e9decins et les infirmiers et infirmi\u00e8res. Chaque ordre r\u00e9glemente une profession et traite les plaintes visant ses membres. Une d\u00e9cision de l&#8217;ordre peut influer sur l&#8217;exercice d&#8217;un m\u00e9decin ou d&#8217;un infirmier ou d&#8217;une infirmi\u00e8re.<\/p>\n<!-- AddThis Advanced Settings generic via filter on the_content --><!-- AddThis Share Buttons generic via filter on the_content -->","protected":false},"author":3,"featured_media":0,"template":"","class_list":["post-1176506","steps","type-steps","status-publish","hentry"],"yoast_head":"<!-- This site is optimized with the Yoast SEO Premium plugin v23.9 (Yoast SEO v23.9) - https:\/\/yoast.com\/wordpress\/plugins\/seo\/ -->\n<title>2. Adressez-vous au service des relations avec les patients - Justice pas-\u00e0-pas<\/title>\n<meta name=\"description\" content=\"Si un sp\u00e9cialiste de la sant\u00e9, par exemple un m\u00e9decin ou un infirmier ou une infirmi\u00e8re, vous a trait\u00e9 de fa\u00e7on discriminatoire, vous pouvez porter\" \/>\n<meta name=\"robots\" content=\"index, follow, max-snippet:-1, max-image-preview:large, max-video-preview:-1\" \/>\n<link rel=\"canonical\" href=\"https:\/\/stepstojustice.ca\/fr\/steps\/human-rights\/2-adressez-vous-au-service-des-relations-avec-les-patients\/\" \/>\n<meta property=\"og:locale\" content=\"fr_FR\" \/>\n<meta property=\"og:type\" content=\"article\" \/>\n<meta property=\"og:title\" content=\"2. Adressez-vous au service des relations avec les patients - Justice pas-\u00e0-pas\" \/>\n<meta property=\"og:description\" content=\"Si un sp\u00e9cialiste de la sant\u00e9, par exemple un m\u00e9decin ou un infirmier ou une infirmi\u00e8re, vous a trait\u00e9 de fa\u00e7on discriminatoire, vous pouvez porter\" \/>\n<meta property=\"og:url\" content=\"https:\/\/stepstojustice.ca\/fr\/steps\/human-rights\/2-adressez-vous-au-service-des-relations-avec-les-patients\/\" \/>\n<meta property=\"og:site_name\" content=\"Justice pas-\u00e0-pas\" \/>\n<meta property=\"article:publisher\" content=\"https:\/\/www.facebook.com\/CLEOLegalRights\/\" \/>\n<meta property=\"article:modified_time\" content=\"2022-01-07T16:48:21+00:00\" \/>\n<meta property=\"og:image\" content=\"https:\/\/stepstojustice.ca\/wp-content\/uploads\/Steps-to-Justice-logo.jpg\" \/>\n\t<meta property=\"og:image:width\" content=\"1200\" \/>\n\t<meta property=\"og:image:height\" content=\"650\" \/>\n\t<meta property=\"og:image:type\" content=\"image\/jpeg\" \/>\n<meta name=\"twitter:card\" content=\"summary_large_image\" \/>\n<meta name=\"twitter:site\" content=\"@CLEOLegalRights\" \/>\n<meta name=\"twitter:label1\" content=\"Est. reading time\" \/>\n\t<meta name=\"twitter:data1\" content=\"1 minute\" \/>\n<script type=\"application\/ld+json\" class=\"yoast-schema-graph\">{\"@context\":\"https:\/\/schema.org\",\"@graph\":[{\"@type\":\"WebPage\",\"@id\":\"https:\/\/stepstojustice.ca\/fr\/steps\/human-rights\/2-adressez-vous-au-service-des-relations-avec-les-patients\/\",\"url\":\"https:\/\/stepstojustice.ca\/fr\/steps\/human-rights\/2-adressez-vous-au-service-des-relations-avec-les-patients\/\",\"name\":\"2. Adressez-vous au service des relations avec les patients - Justice pas-\u00e0-pas\",\"isPartOf\":{\"@id\":\"https:\/\/stepstojustice.ca\/fr\/#website\"},\"datePublished\":\"2018-07-10T14:29:04+00:00\",\"dateModified\":\"2022-01-07T16:48:21+00:00\",\"description\":\"Si un sp\u00e9cialiste de la sant\u00e9, par exemple un m\u00e9decin ou un infirmier ou une infirmi\u00e8re, vous a trait\u00e9 de fa\u00e7on discriminatoire, vous pouvez porter\",\"breadcrumb\":{\"@id\":\"https:\/\/stepstojustice.ca\/fr\/steps\/human-rights\/2-adressez-vous-au-service-des-relations-avec-les-patients\/#breadcrumb\"},\"inLanguage\":\"fr-FR\",\"potentialAction\":[{\"@type\":\"ReadAction\",\"target\":[\"https:\/\/stepstojustice.ca\/fr\/steps\/human-rights\/2-adressez-vous-au-service-des-relations-avec-les-patients\/\"]}]},{\"@type\":\"BreadcrumbList\",\"@id\":\"https:\/\/stepstojustice.ca\/fr\/steps\/human-rights\/2-adressez-vous-au-service-des-relations-avec-les-patients\/#breadcrumb\",\"itemListElement\":[{\"@type\":\"ListItem\",\"position\":1,\"name\":\"Home\",\"item\":\"https:\/\/stepstojustice.ca\/fr\/\"},{\"@type\":\"ListItem\",\"position\":2,\"name\":\"Next steps\",\"item\":\"https:\/\/stepstojustice.ca\/fr\/steps\/\"},{\"@type\":\"ListItem\",\"position\":3,\"name\":\"2. Adressez-vous au service des relations avec les patients\"}]},{\"@type\":\"WebSite\",\"@id\":\"https:\/\/stepstojustice.ca\/fr\/#website\",\"url\":\"https:\/\/stepstojustice.ca\/fr\/\",\"name\":\"Justice pas-\u00e0-pas\",\"description\":\"Step-by-step information about legal problems\",\"publisher\":{\"@id\":\"https:\/\/stepstojustice.ca\/fr\/#organization\"},\"potentialAction\":[{\"@type\":\"SearchAction\",\"target\":{\"@type\":\"EntryPoint\",\"urlTemplate\":\"https:\/\/stepstojustice.ca\/fr\/?s={search_term_string}\"},\"query-input\":{\"@type\":\"PropertyValueSpecification\",\"valueRequired\":true,\"valueName\":\"search_term_string\"}}],\"inLanguage\":\"fr-FR\"},{\"@type\":\"Organization\",\"@id\":\"https:\/\/stepstojustice.ca\/fr\/#organization\",\"name\":\"Justice pas-\u00e0-pas\",\"url\":\"https:\/\/stepstojustice.ca\/fr\/\",\"logo\":{\"@type\":\"ImageObject\",\"inLanguage\":\"fr-FR\",\"@id\":\"https:\/\/stepstojustice.ca\/fr\/#\/schema\/logo\/image\/\",\"url\":\"https:\/\/stepstojustice.ca\/wp-content\/uploads\/2020\/10\/logo-s2j.png\",\"contentUrl\":\"https:\/\/stepstojustice.ca\/wp-content\/uploads\/2020\/10\/logo-s2j.png\",\"width\":1000,\"height\":146,\"caption\":\"Justice pas-\u00e0-pas\"},\"image\":{\"@id\":\"https:\/\/stepstojustice.ca\/fr\/#\/schema\/logo\/image\/\"},\"sameAs\":[\"https:\/\/www.facebook.com\/CLEOLegalRights\/\",\"https:\/\/x.com\/CLEOLegalRights\",\"https:\/\/www.instagram.com\/communitylegaleducationon\/\"]}]}<\/script>\n<!-- \/ Yoast SEO Premium plugin. -->","yoast_head_json":{"title":"2. Adressez-vous au service des relations avec les patients - Justice pas-\u00e0-pas","description":"Si un sp\u00e9cialiste de la sant\u00e9, par exemple un m\u00e9decin ou un infirmier ou une infirmi\u00e8re, vous a trait\u00e9 de fa\u00e7on discriminatoire, vous pouvez porter","robots":{"index":"index","follow":"follow","max-snippet":"max-snippet:-1","max-image-preview":"max-image-preview:large","max-video-preview":"max-video-preview:-1"},"canonical":"https:\/\/stepstojustice.ca\/fr\/steps\/human-rights\/2-adressez-vous-au-service-des-relations-avec-les-patients\/","og_locale":"fr_FR","og_type":"article","og_title":"2. Adressez-vous au service des relations avec les patients - Justice pas-\u00e0-pas","og_description":"Si un sp\u00e9cialiste de la sant\u00e9, par exemple un m\u00e9decin ou un infirmier ou une infirmi\u00e8re, vous a trait\u00e9 de fa\u00e7on discriminatoire, vous pouvez porter","og_url":"https:\/\/stepstojustice.ca\/fr\/steps\/human-rights\/2-adressez-vous-au-service-des-relations-avec-les-patients\/","og_site_name":"Justice pas-\u00e0-pas","article_publisher":"https:\/\/www.facebook.com\/CLEOLegalRights\/","article_modified_time":"2022-01-07T16:48:21+00:00","og_image":[{"width":1200,"height":650,"url":"https:\/\/stepstojustice.ca\/wp-content\/uploads\/Steps-to-Justice-logo.jpg","type":"image\/jpeg"}],"twitter_card":"summary_large_image","twitter_site":"@CLEOLegalRights","twitter_misc":{"Est. reading time":"1 minute"},"schema":{"@context":"https:\/\/schema.org","@graph":[{"@type":"WebPage","@id":"https:\/\/stepstojustice.ca\/fr\/steps\/human-rights\/2-adressez-vous-au-service-des-relations-avec-les-patients\/","url":"https:\/\/stepstojustice.ca\/fr\/steps\/human-rights\/2-adressez-vous-au-service-des-relations-avec-les-patients\/","name":"2. Adressez-vous au service des relations avec les patients - Justice pas-\u00e0-pas","isPartOf":{"@id":"https:\/\/stepstojustice.ca\/fr\/#website"},"datePublished":"2018-07-10T14:29:04+00:00","dateModified":"2022-01-07T16:48:21+00:00","description":"Si un sp\u00e9cialiste de la sant\u00e9, par exemple un m\u00e9decin ou un infirmier ou une infirmi\u00e8re, vous a trait\u00e9 de fa\u00e7on discriminatoire, vous pouvez porter","breadcrumb":{"@id":"https:\/\/stepstojustice.ca\/fr\/steps\/human-rights\/2-adressez-vous-au-service-des-relations-avec-les-patients\/#breadcrumb"},"inLanguage":"fr-FR","potentialAction":[{"@type":"ReadAction","target":["https:\/\/stepstojustice.ca\/fr\/steps\/human-rights\/2-adressez-vous-au-service-des-relations-avec-les-patients\/"]}]},{"@type":"BreadcrumbList","@id":"https:\/\/stepstojustice.ca\/fr\/steps\/human-rights\/2-adressez-vous-au-service-des-relations-avec-les-patients\/#breadcrumb","itemListElement":[{"@type":"ListItem","position":1,"name":"Home","item":"https:\/\/stepstojustice.ca\/fr\/"},{"@type":"ListItem","position":2,"name":"Next steps","item":"https:\/\/stepstojustice.ca\/fr\/steps\/"},{"@type":"ListItem","position":3,"name":"2. Adressez-vous au service des relations avec les patients"}]},{"@type":"WebSite","@id":"https:\/\/stepstojustice.ca\/fr\/#website","url":"https:\/\/stepstojustice.ca\/fr\/","name":"Justice pas-\u00e0-pas","description":"Step-by-step information about legal problems","publisher":{"@id":"https:\/\/stepstojustice.ca\/fr\/#organization"},"potentialAction":[{"@type":"SearchAction","target":{"@type":"EntryPoint","urlTemplate":"https:\/\/stepstojustice.ca\/fr\/?s={search_term_string}"},"query-input":{"@type":"PropertyValueSpecification","valueRequired":true,"valueName":"search_term_string"}}],"inLanguage":"fr-FR"},{"@type":"Organization","@id":"https:\/\/stepstojustice.ca\/fr\/#organization","name":"Justice pas-\u00e0-pas","url":"https:\/\/stepstojustice.ca\/fr\/","logo":{"@type":"ImageObject","inLanguage":"fr-FR","@id":"https:\/\/stepstojustice.ca\/fr\/#\/schema\/logo\/image\/","url":"https:\/\/stepstojustice.ca\/wp-content\/uploads\/2020\/10\/logo-s2j.png","contentUrl":"https:\/\/stepstojustice.ca\/wp-content\/uploads\/2020\/10\/logo-s2j.png","width":1000,"height":146,"caption":"Justice pas-\u00e0-pas"},"image":{"@id":"https:\/\/stepstojustice.ca\/fr\/#\/schema\/logo\/image\/"},"sameAs":["https:\/\/www.facebook.com\/CLEOLegalRights\/","https:\/\/x.com\/CLEOLegalRights","https:\/\/www.instagram.com\/communitylegaleducationon\/"]}]}},"meta_box":{"questions_to_steps_from":["1171728"]},"_links":{"self":[{"href":"https:\/\/stepstojustice.ca\/fr\/wp-json\/wp\/v2\/steps\/1176506","targetHints":{"allow":["GET"]}}],"collection":[{"href":"https:\/\/stepstojustice.ca\/fr\/wp-json\/wp\/v2\/steps"}],"about":[{"href":"https:\/\/stepstojustice.ca\/fr\/wp-json\/wp\/v2\/types\/steps"}],"author":[{"embeddable":true,"href":"https:\/\/stepstojustice.ca\/fr\/wp-json\/wp\/v2\/users\/3"}],"version-history":[{"count":2,"href":"https:\/\/stepstojustice.ca\/fr\/wp-json\/wp\/v2\/steps\/1176506\/revisions"}],"predecessor-version":[{"id":1230065,"href":"https:\/\/stepstojustice.ca\/fr\/wp-json\/wp\/v2\/steps\/1176506\/revisions\/1230065"}],"wp:attachment":[{"href":"https:\/\/stepstojustice.ca\/fr\/wp-json\/wp\/v2\/media?parent=1176506"}],"curies":[{"name":"wp","href":"https:\/\/api.w.org\/{rel}","templated":true}]}}

<p>Si un spécialiste de la santé, par exemple un médecin ou un infirmier ou une infirmière, vous a traité de façon discriminatoire, vous pouvez porter plainte au service des relations avec les patients de l&#8217;hôpital.</p>
<p>La plupart des hôpitaux ont un tel service, qui traite les plaintes des patients et de leur famille. Communiquez avec ce service par téléphone ou par courriel pour lui faire part de l&#8217;incident. Les coordonnées figurent normalement sur le site Web de l&#8217;hôpital.</p>
<p>Si vous portez plainte, notez des détails comme :</p>
<ul>
<li>la date de la plainte;</li>
<li>le nom des personnes à qui vous avez parlé;</li>
<li>la réponse obtenue.</li>
</ul>
<p>Tâchez de prendre vos notes sur-le-champ pour ne rien oublier : avec le temps, les gens ont tendance à moins bien se rappeler les choses. Qui plus est, en vous envoyant vos notes par courriel, vous pourriez contribuer à prouver la date de leur rédaction.</p>
<p>Conservez des copies de toute communication écrite échangée avec l&#8217;hôpital ou le service des relations avec les patients, par exemple par courriel, lettre ou message texte.</p>
<p>Si vous croyez qu&#8217;un médecin ou un infirmier ou une infirmière vous a traité de façon inappropriée, vous pourriez aussi porter plainte à l&#8217;<a class="links-link ext" href="/fr/resource/processus-de-plainte-disponible-en-anglais-seulement-1/" target="_blank" rel="noopener">Ordre des médecins et chirurgiens de l&#8217;Ontario</a> (disponible en anglais seulement) ou à l&#8217;<a class="links-link ext new-link" href="/fr/resource/d-poser-une-plainte/" target="_blank" rel="noopener">Ordre des infirmières et infirmiers de l&#8217;Ontario</a>. Il s&#8217;agit des groupes professionnels auxquels appartiennent les médecins et les infirmiers et infirmières. Chaque ordre réglemente une profession et traite les plaintes visant ses membres. Une décision de l&#8217;ordre peut influer sur l&#8217;exercice d&#8217;un médecin ou d&#8217;un infirmier ou d&#8217;une infirmière.</p>
<!-- AddThis Advanced Settings generic via filter on the_content --><!-- AddThis Share Buttons generic via filter on the_content -->

<!-- This site is optimized with the Yoast SEO Premium plugin v23.9 (Yoast SEO v23.9) - https://yoast.com/wordpress/plugins/seo/ -->
<title>2. Adressez-vous au service des relations avec les patients - Justice pas-à-pas</title>
<meta name="description" content="Si un spécialiste de la santé, par exemple un médecin ou un infirmier ou une infirmière, vous a traité de façon discriminatoire, vous pouvez porter" />
<meta name="robots" content="index, follow, max-snippet:-1, max-image-preview:large, max-video-preview:-1" />
<link rel="canonical" href="https://stepstojustice.ca/fr/steps/human-rights/2-adressez-vous-au-service-des-relations-avec-les-patients/" />
<meta property="og:locale" content="fr_FR" />
<meta property="og:type" content="article" />
<meta property="og:title" content="2. Adressez-vous au service des relations avec les patients - Justice pas-à-pas" />
<meta property="og:description" content="Si un spécialiste de la santé, par exemple un médecin ou un infirmier ou une infirmière, vous a traité de façon discriminatoire, vous pouvez porter" />
<meta property="og:url" content="https://stepstojustice.ca/fr/steps/human-rights/2-adressez-vous-au-service-des-relations-avec-les-patients/" />
<meta property="og:site_name" content="Justice pas-à-pas" />
<meta property="article:publisher" content="https://www.facebook.com/CLEOLegalRights/" />
<meta property="article:modified_time" content="2022-01-07T16:48:21+00:00" />
<meta property="og:image" content="https://stepstojustice.ca/wp-content/uploads/Steps-to-Justice-logo.jpg" />
	<meta property="og:image:width" content="1200" />
	<meta property="og:image:height" content="650" />
	<meta property="og:image:type" content="image/jpeg" />
<meta name="twitter:card" content="summary_large_image" />
<meta name="twitter:site" content="@CLEOLegalRights" />
<meta name="twitter:label1" content="Est. reading time" />
	<meta name="twitter:data1" content="1 minute" />
<script type="application/ld+json" class="yoast-schema-graph">{"@context":"https://schema.org","@graph":[{"@type":"WebPage","@id":"https://stepstojustice.ca/fr/steps/human-rights/2-adressez-vous-au-service-des-relations-avec-les-patients/","url":"https://stepstojustice.ca/fr/steps/human-rights/2-adressez-vous-au-service-des-relations-avec-les-patients/","name":"2. Adressez-vous au service des relations avec les patients - Justice pas-à-pas","isPartOf":{"@id":"https://stepstojustice.ca/fr/#website"},"datePublished":"2018-07-10T14:29:04+00:00","dateModified":"2022-01-07T16:48:21+00:00","description":"Si un spécialiste de la santé, par exemple un médecin ou un infirmier ou une infirmière, vous a traité de façon discriminatoire, vous pouvez porter","breadcrumb":{"@id":"https://stepstojustice.ca/fr/steps/human-rights/2-adressez-vous-au-service-des-relations-avec-les-patients/#breadcrumb"},"inLanguage":"fr-FR","potentialAction":[{"@type":"ReadAction","target":["https://stepstojustice.ca/fr/steps/human-rights/2-adressez-vous-au-service-des-relations-avec-les-patients/"]}]},{"@type":"BreadcrumbList","@id":"https://stepstojustice.ca/fr/steps/human-rights/2-adressez-vous-au-service-des-relations-avec-les-patients/#breadcrumb","itemListElement":[{"@type":"ListItem","position":1,"name":"Home","item":"https://stepstojustice.ca/fr/"},{"@type":"ListItem","position":2,"name":"Next steps","item":"https://stepstojustice.ca/fr/steps/"},{"@type":"ListItem","position":3,"name":"2. Adressez-vous au service des relations avec les patients"}]},{"@type":"WebSite","@id":"https://stepstojustice.ca/fr/#website","url":"https://stepstojustice.ca/fr/","name":"Justice pas-à-pas","description":"Step-by-step information about legal problems","publisher":{"@id":"https://stepstojustice.ca/fr/#organization"},"potentialAction":[{"@type":"SearchAction","target":{"@type":"EntryPoint","urlTemplate":"https://stepstojustice.ca/fr/?s={search_term_string}"},"query-input":{"@type":"PropertyValueSpecification","valueRequired":true,"valueName":"search_term_string"}}],"inLanguage":"fr-FR"},{"@type":"Organization","@id":"https://stepstojustice.ca/fr/#organization","name":"Justice pas-à-pas","url":"https://stepstojustice.ca/fr/","logo":{"@type":"ImageObject","inLanguage":"fr-FR","@id":"https://stepstojustice.ca/fr/#/schema/logo/image/","url":"https://stepstojustice.ca/wp-content/uploads/2020/10/logo-s2j.png","contentUrl":"https://stepstojustice.ca/wp-content/uploads/2020/10/logo-s2j.png","width":1000,"height":146,"caption":"Justice pas-à-pas"},"image":{"@id":"https://stepstojustice.ca/fr/#/schema/logo/image/"},"sameAs":["https://www.facebook.com/CLEOLegalRights/","https://x.com/CLEOLegalRights","https://www.instagram.com/communitylegaleducationon/"]}]}</script>
<!-- / Yoast SEO Premium plugin. -->

2. Adressez-vous au service des relations avec les patients - Justice pas-à-pas

Si un spécialiste de la santé, par exemple un médecin ou un infirmier ou une infirmière, vous a traité de façon discriminatoire, vous pouvez porter

Justice pas-à-pas
