{"id":1176698,"date":"2018-08-17T09:55:47","date_gmt":"2018-08-17T13:55:47","guid":{"rendered":""},"modified":"2021-12-06T15:47:47","modified_gmt":"2021-12-06T20:47:47","slug":"renseignez-vous-sur-la-definition-d-invalidite-grave-et-prolongee","status":"publish","type":"steps","link":"https:\/\/stepstojustice.ca\/fr\/steps\/health-and-disability\/renseignez-vous-sur-la-definition-d-invalidite-grave-et-prolongee\/","title":{"rendered":"Renseignez-vous sur la d\u00e9finition d&#8217; \u00ab invalidit\u00e9 grave et prolong\u00e9e \u00bb"},"content":{"rendered":"<p>Pour que vous ayez droit aux prestations d&#8217;invalidit\u00e9 du RPC, votre invalidit\u00e9 doit \u00eatre \u00e0 la fois grave et prolong\u00e9e. Une invalidit\u00e9 peut \u00eatre physique, mentale ou physique et mentale.<\/p>\n<p>Par <strong>grave<\/strong>, on entend une invalidit\u00e9 qui vous emp\u00eache de travailler, ou qui ne vous permet pas de travailler de fa\u00e7on r\u00e9guli\u00e8re <strong>et <\/strong>fait en sorte que vous ne gagnez qu&#8217;un revenu peu \u00e9lev\u00e9.<\/p>\n<p>Par <strong>prolong\u00e9e<\/strong>, on entend une invalidit\u00e9 \u00e0 long terme ou dont la dur\u00e9e est ind\u00e9termin\u00e9e, ou une invalidit\u00e9 qui entra\u00eenera votre d\u00e9c\u00e8s.<\/p>\n<p>Chaque r\u00e9gime de prestations d&#8217;invalidit\u00e9 d\u00e9finit diff\u00e9remment ce qu&#8217;est une invalidit\u00e9. Ce n&#8217;est pas parce que vous \u00eates admissible \u00e0 des prestations d&#8217;invalidit\u00e9 dans le cadre d&#8217;un r\u00e9gime que vous aurez n\u00e9cessairement droit aux prestations du RPC.<\/p>\n<h3>Incapacit\u00e9 \u00e0 travailler pendant une br\u00e8ve p\u00e9riode<\/h3>\n<p>Les prestations d&#8217;invalidit\u00e9 du RPC ne visent <strong>pas <\/strong>les personnes inaptes \u00e0 travailler pendant une <strong>br\u00e8ve p\u00e9riode<\/strong> parce qu&#8217;elles sont malades ou bless\u00e9es.<\/p>\n<p>Ces personnes doivent se tourner vers d&#8217;autres sources d&#8217;aide au revenu, comme l&#8217;<a class=\"links-link ext new-link\" href=\"\/fr\/resource\/prestations-d-assurance-emploi\/\" target=\"_blank\" rel=\"noopener\">assurance-emploi<\/a>.<\/p>\n<!-- AddThis Advanced Settings generic via filter on the_content --><!-- AddThis Share Buttons generic via filter on the_content -->","protected":false},"author":3,"featured_media":0,"template":"","class_list":["post-1176698","steps","type-steps","status-publish","hentry"],"yoast_head":"<!-- This site is optimized with the Yoast SEO Premium plugin v23.9 (Yoast SEO v23.9) - https:\/\/yoast.com\/wordpress\/plugins\/seo\/ -->\n<title>Renseignez-vous sur la d\u00e9finition d&#039; \u00ab invalidit\u00e9 grave et prolong\u00e9e \u00bb - Justice pas-\u00e0-pas<\/title>\n<meta name=\"description\" content=\"Pour que vous ayez droit aux prestations d&#039;invalidit\u00e9 du RPC, votre invalidit\u00e9 doit \u00eatre \u00e0 la fois grave et prolong\u00e9e. Une invalidit\u00e9 peut \u00eatre physique,\" \/>\n<meta name=\"robots\" content=\"index, follow, max-snippet:-1, max-image-preview:large, max-video-preview:-1\" \/>\n<link rel=\"canonical\" href=\"https:\/\/stepstojustice.ca\/fr\/steps\/health-and-disability\/renseignez-vous-sur-la-definition-d-invalidite-grave-et-prolongee\/\" \/>\n<meta property=\"og:locale\" content=\"fr_FR\" \/>\n<meta property=\"og:type\" content=\"article\" \/>\n<meta property=\"og:title\" content=\"Renseignez-vous sur la d\u00e9finition d&#039; \u00ab invalidit\u00e9 grave et prolong\u00e9e \u00bb - Justice pas-\u00e0-pas\" \/>\n<meta property=\"og:description\" content=\"Pour que vous ayez droit aux prestations d&#039;invalidit\u00e9 du RPC, votre invalidit\u00e9 doit \u00eatre \u00e0 la fois grave et prolong\u00e9e. Une invalidit\u00e9 peut \u00eatre physique,\" \/>\n<meta property=\"og:url\" content=\"https:\/\/stepstojustice.ca\/fr\/steps\/health-and-disability\/renseignez-vous-sur-la-definition-d-invalidite-grave-et-prolongee\/\" \/>\n<meta property=\"og:site_name\" content=\"Justice pas-\u00e0-pas\" \/>\n<meta property=\"article:publisher\" content=\"https:\/\/www.facebook.com\/CLEOLegalRights\/\" \/>\n<meta property=\"article:modified_time\" content=\"2021-12-06T20:47:47+00:00\" \/>\n<meta property=\"og:image\" content=\"https:\/\/stepstojustice.ca\/wp-content\/uploads\/Steps-to-Justice-logo.jpg\" \/>\n\t<meta property=\"og:image:width\" content=\"1200\" \/>\n\t<meta property=\"og:image:height\" content=\"650\" \/>\n\t<meta property=\"og:image:type\" content=\"image\/jpeg\" \/>\n<meta name=\"twitter:card\" content=\"summary_large_image\" \/>\n<meta name=\"twitter:site\" content=\"@CLEOLegalRights\" \/>\n<meta name=\"twitter:label1\" content=\"Est. reading time\" \/>\n\t<meta name=\"twitter:data1\" content=\"1 minute\" \/>\n<script type=\"application\/ld+json\" class=\"yoast-schema-graph\">{\"@context\":\"https:\/\/schema.org\",\"@graph\":[{\"@type\":\"WebPage\",\"@id\":\"https:\/\/stepstojustice.ca\/fr\/steps\/health-and-disability\/renseignez-vous-sur-la-definition-d-invalidite-grave-et-prolongee\/\",\"url\":\"https:\/\/stepstojustice.ca\/fr\/steps\/health-and-disability\/renseignez-vous-sur-la-definition-d-invalidite-grave-et-prolongee\/\",\"name\":\"Renseignez-vous sur la d\u00e9finition d' \u00ab invalidit\u00e9 grave et prolong\u00e9e \u00bb - Justice pas-\u00e0-pas\",\"isPartOf\":{\"@id\":\"https:\/\/stepstojustice.ca\/fr\/#website\"},\"datePublished\":\"2018-08-17T13:55:47+00:00\",\"dateModified\":\"2021-12-06T20:47:47+00:00\",\"description\":\"Pour que vous ayez droit aux prestations d'invalidit\u00e9 du RPC, votre invalidit\u00e9 doit \u00eatre \u00e0 la fois grave et prolong\u00e9e. Une invalidit\u00e9 peut \u00eatre physique,\",\"breadcrumb\":{\"@id\":\"https:\/\/stepstojustice.ca\/fr\/steps\/health-and-disability\/renseignez-vous-sur-la-definition-d-invalidite-grave-et-prolongee\/#breadcrumb\"},\"inLanguage\":\"fr-FR\",\"potentialAction\":[{\"@type\":\"ReadAction\",\"target\":[\"https:\/\/stepstojustice.ca\/fr\/steps\/health-and-disability\/renseignez-vous-sur-la-definition-d-invalidite-grave-et-prolongee\/\"]}]},{\"@type\":\"BreadcrumbList\",\"@id\":\"https:\/\/stepstojustice.ca\/fr\/steps\/health-and-disability\/renseignez-vous-sur-la-definition-d-invalidite-grave-et-prolongee\/#breadcrumb\",\"itemListElement\":[{\"@type\":\"ListItem\",\"position\":1,\"name\":\"Home\",\"item\":\"https:\/\/stepstojustice.ca\/fr\/\"},{\"@type\":\"ListItem\",\"position\":2,\"name\":\"Next steps\",\"item\":\"https:\/\/stepstojustice.ca\/fr\/steps\/\"},{\"@type\":\"ListItem\",\"position\":3,\"name\":\"Renseignez-vous sur la d\u00e9finition d&#8217; \u00ab invalidit\u00e9 grave et prolong\u00e9e \u00bb\"}]},{\"@type\":\"WebSite\",\"@id\":\"https:\/\/stepstojustice.ca\/fr\/#website\",\"url\":\"https:\/\/stepstojustice.ca\/fr\/\",\"name\":\"Justice pas-\u00e0-pas\",\"description\":\"Step-by-step information about legal problems\",\"publisher\":{\"@id\":\"https:\/\/stepstojustice.ca\/fr\/#organization\"},\"potentialAction\":[{\"@type\":\"SearchAction\",\"target\":{\"@type\":\"EntryPoint\",\"urlTemplate\":\"https:\/\/stepstojustice.ca\/fr\/?s={search_term_string}\"},\"query-input\":{\"@type\":\"PropertyValueSpecification\",\"valueRequired\":true,\"valueName\":\"search_term_string\"}}],\"inLanguage\":\"fr-FR\"},{\"@type\":\"Organization\",\"@id\":\"https:\/\/stepstojustice.ca\/fr\/#organization\",\"name\":\"Justice pas-\u00e0-pas\",\"url\":\"https:\/\/stepstojustice.ca\/fr\/\",\"logo\":{\"@type\":\"ImageObject\",\"inLanguage\":\"fr-FR\",\"@id\":\"https:\/\/stepstojustice.ca\/fr\/#\/schema\/logo\/image\/\",\"url\":\"https:\/\/stepstojustice.ca\/wp-content\/uploads\/2020\/10\/logo-s2j.png\",\"contentUrl\":\"https:\/\/stepstojustice.ca\/wp-content\/uploads\/2020\/10\/logo-s2j.png\",\"width\":1000,\"height\":146,\"caption\":\"Justice pas-\u00e0-pas\"},\"image\":{\"@id\":\"https:\/\/stepstojustice.ca\/fr\/#\/schema\/logo\/image\/\"},\"sameAs\":[\"https:\/\/www.facebook.com\/CLEOLegalRights\/\",\"https:\/\/x.com\/CLEOLegalRights\",\"https:\/\/www.instagram.com\/communitylegaleducationon\/\"]}]}<\/script>\n<!-- \/ Yoast SEO Premium plugin. -->","yoast_head_json":{"title":"Renseignez-vous sur la d\u00e9finition d' \u00ab invalidit\u00e9 grave et prolong\u00e9e \u00bb - Justice pas-\u00e0-pas","description":"Pour que vous ayez droit aux prestations d'invalidit\u00e9 du RPC, votre invalidit\u00e9 doit \u00eatre \u00e0 la fois grave et prolong\u00e9e. Une invalidit\u00e9 peut \u00eatre physique,","robots":{"index":"index","follow":"follow","max-snippet":"max-snippet:-1","max-image-preview":"max-image-preview:large","max-video-preview":"max-video-preview:-1"},"canonical":"https:\/\/stepstojustice.ca\/fr\/steps\/health-and-disability\/renseignez-vous-sur-la-definition-d-invalidite-grave-et-prolongee\/","og_locale":"fr_FR","og_type":"article","og_title":"Renseignez-vous sur la d\u00e9finition d' \u00ab invalidit\u00e9 grave et prolong\u00e9e \u00bb - Justice pas-\u00e0-pas","og_description":"Pour que vous ayez droit aux prestations d'invalidit\u00e9 du RPC, votre invalidit\u00e9 doit \u00eatre \u00e0 la fois grave et prolong\u00e9e. Une invalidit\u00e9 peut \u00eatre physique,","og_url":"https:\/\/stepstojustice.ca\/fr\/steps\/health-and-disability\/renseignez-vous-sur-la-definition-d-invalidite-grave-et-prolongee\/","og_site_name":"Justice pas-\u00e0-pas","article_publisher":"https:\/\/www.facebook.com\/CLEOLegalRights\/","article_modified_time":"2021-12-06T20:47:47+00:00","og_image":[{"width":1200,"height":650,"url":"https:\/\/stepstojustice.ca\/wp-content\/uploads\/Steps-to-Justice-logo.jpg","type":"image\/jpeg"}],"twitter_card":"summary_large_image","twitter_site":"@CLEOLegalRights","twitter_misc":{"Est. reading time":"1 minute"},"schema":{"@context":"https:\/\/schema.org","@graph":[{"@type":"WebPage","@id":"https:\/\/stepstojustice.ca\/fr\/steps\/health-and-disability\/renseignez-vous-sur-la-definition-d-invalidite-grave-et-prolongee\/","url":"https:\/\/stepstojustice.ca\/fr\/steps\/health-and-disability\/renseignez-vous-sur-la-definition-d-invalidite-grave-et-prolongee\/","name":"Renseignez-vous sur la d\u00e9finition d' \u00ab invalidit\u00e9 grave et prolong\u00e9e \u00bb - Justice pas-\u00e0-pas","isPartOf":{"@id":"https:\/\/stepstojustice.ca\/fr\/#website"},"datePublished":"2018-08-17T13:55:47+00:00","dateModified":"2021-12-06T20:47:47+00:00","description":"Pour que vous ayez droit aux prestations d'invalidit\u00e9 du RPC, votre invalidit\u00e9 doit \u00eatre \u00e0 la fois grave et prolong\u00e9e. Une invalidit\u00e9 peut \u00eatre physique,","breadcrumb":{"@id":"https:\/\/stepstojustice.ca\/fr\/steps\/health-and-disability\/renseignez-vous-sur-la-definition-d-invalidite-grave-et-prolongee\/#breadcrumb"},"inLanguage":"fr-FR","potentialAction":[{"@type":"ReadAction","target":["https:\/\/stepstojustice.ca\/fr\/steps\/health-and-disability\/renseignez-vous-sur-la-definition-d-invalidite-grave-et-prolongee\/"]}]},{"@type":"BreadcrumbList","@id":"https:\/\/stepstojustice.ca\/fr\/steps\/health-and-disability\/renseignez-vous-sur-la-definition-d-invalidite-grave-et-prolongee\/#breadcrumb","itemListElement":[{"@type":"ListItem","position":1,"name":"Home","item":"https:\/\/stepstojustice.ca\/fr\/"},{"@type":"ListItem","position":2,"name":"Next steps","item":"https:\/\/stepstojustice.ca\/fr\/steps\/"},{"@type":"ListItem","position":3,"name":"Renseignez-vous sur la d\u00e9finition d&#8217; \u00ab invalidit\u00e9 grave et prolong\u00e9e \u00bb"}]},{"@type":"WebSite","@id":"https:\/\/stepstojustice.ca\/fr\/#website","url":"https:\/\/stepstojustice.ca\/fr\/","name":"Justice pas-\u00e0-pas","description":"Step-by-step information about legal problems","publisher":{"@id":"https:\/\/stepstojustice.ca\/fr\/#organization"},"potentialAction":[{"@type":"SearchAction","target":{"@type":"EntryPoint","urlTemplate":"https:\/\/stepstojustice.ca\/fr\/?s={search_term_string}"},"query-input":{"@type":"PropertyValueSpecification","valueRequired":true,"valueName":"search_term_string"}}],"inLanguage":"fr-FR"},{"@type":"Organization","@id":"https:\/\/stepstojustice.ca\/fr\/#organization","name":"Justice pas-\u00e0-pas","url":"https:\/\/stepstojustice.ca\/fr\/","logo":{"@type":"ImageObject","inLanguage":"fr-FR","@id":"https:\/\/stepstojustice.ca\/fr\/#\/schema\/logo\/image\/","url":"https:\/\/stepstojustice.ca\/wp-content\/uploads\/2020\/10\/logo-s2j.png","contentUrl":"https:\/\/stepstojustice.ca\/wp-content\/uploads\/2020\/10\/logo-s2j.png","width":1000,"height":146,"caption":"Justice pas-\u00e0-pas"},"image":{"@id":"https:\/\/stepstojustice.ca\/fr\/#\/schema\/logo\/image\/"},"sameAs":["https:\/\/www.facebook.com\/CLEOLegalRights\/","https:\/\/x.com\/CLEOLegalRights","https:\/\/www.instagram.com\/communitylegaleducationon\/"]}]}},"meta_box":{"questions_to_steps_from":["1171696"]},"_links":{"self":[{"href":"https:\/\/stepstojustice.ca\/fr\/wp-json\/wp\/v2\/steps\/1176698","targetHints":{"allow":["GET"]}}],"collection":[{"href":"https:\/\/stepstojustice.ca\/fr\/wp-json\/wp\/v2\/steps"}],"about":[{"href":"https:\/\/stepstojustice.ca\/fr\/wp-json\/wp\/v2\/types\/steps"}],"author":[{"embeddable":true,"href":"https:\/\/stepstojustice.ca\/fr\/wp-json\/wp\/v2\/users\/3"}],"version-history":[{"count":1,"href":"https:\/\/stepstojustice.ca\/fr\/wp-json\/wp\/v2\/steps\/1176698\/revisions"}],"predecessor-version":[{"id":1228069,"href":"https:\/\/stepstojustice.ca\/fr\/wp-json\/wp\/v2\/steps\/1176698\/revisions\/1228069"}],"wp:attachment":[{"href":"https:\/\/stepstojustice.ca\/fr\/wp-json\/wp\/v2\/media?parent=1176698"}],"curies":[{"name":"wp","href":"https:\/\/api.w.org\/{rel}","templated":true}]}}

Renseignez-vous sur la définition d&#8217; « invalidité grave et prolongée »

<p>Pour que vous ayez droit aux prestations d&#8217;invalidité du RPC, votre invalidité doit être à la fois grave et prolongée. Une invalidité peut être physique, mentale ou physique et mentale.</p>
<p>Par <strong>grave</strong>, on entend une invalidité qui vous empêche de travailler, ou qui ne vous permet pas de travailler de façon régulière <strong>et </strong>fait en sorte que vous ne gagnez qu&#8217;un revenu peu élevé.</p>
<p>Par <strong>prolongée</strong>, on entend une invalidité à long terme ou dont la durée est indéterminée, ou une invalidité qui entraînera votre décès.</p>
<p>Chaque régime de prestations d&#8217;invalidité définit différemment ce qu&#8217;est une invalidité. Ce n&#8217;est pas parce que vous êtes admissible à des prestations d&#8217;invalidité dans le cadre d&#8217;un régime que vous aurez nécessairement droit aux prestations du RPC.</p>
<h3>Incapacité à travailler pendant une brève période</h3>
<p>Les prestations d&#8217;invalidité du RPC ne visent <strong>pas </strong>les personnes inaptes à travailler pendant une <strong>brève période</strong> parce qu&#8217;elles sont malades ou blessées.</p>
<p>Ces personnes doivent se tourner vers d&#8217;autres sources d&#8217;aide au revenu, comme l&#8217;<a class="links-link ext new-link" href="/fr/resource/prestations-d-assurance-emploi/" target="_blank" rel="noopener">assurance-emploi</a>.</p>
<!-- AddThis Advanced Settings generic via filter on the_content --><!-- AddThis Share Buttons generic via filter on the_content -->

<!-- This site is optimized with the Yoast SEO Premium plugin v23.9 (Yoast SEO v23.9) - https://yoast.com/wordpress/plugins/seo/ -->
<title>Renseignez-vous sur la définition d&#039; « invalidité grave et prolongée » - Justice pas-à-pas</title>
<meta name="description" content="Pour que vous ayez droit aux prestations d&#039;invalidité du RPC, votre invalidité doit être à la fois grave et prolongée. Une invalidité peut être physique," />
<meta name="robots" content="index, follow, max-snippet:-1, max-image-preview:large, max-video-preview:-1" />
<link rel="canonical" href="https://stepstojustice.ca/fr/steps/health-and-disability/renseignez-vous-sur-la-definition-d-invalidite-grave-et-prolongee/" />
<meta property="og:locale" content="fr_FR" />
<meta property="og:type" content="article" />
<meta property="og:title" content="Renseignez-vous sur la définition d&#039; « invalidité grave et prolongée » - Justice pas-à-pas" />
<meta property="og:description" content="Pour que vous ayez droit aux prestations d&#039;invalidité du RPC, votre invalidité doit être à la fois grave et prolongée. Une invalidité peut être physique," />
<meta property="og:url" content="https://stepstojustice.ca/fr/steps/health-and-disability/renseignez-vous-sur-la-definition-d-invalidite-grave-et-prolongee/" />
<meta property="og:site_name" content="Justice pas-à-pas" />
<meta property="article:publisher" content="https://www.facebook.com/CLEOLegalRights/" />
<meta property="article:modified_time" content="2021-12-06T20:47:47+00:00" />
<meta property="og:image" content="https://stepstojustice.ca/wp-content/uploads/Steps-to-Justice-logo.jpg" />
	<meta property="og:image:width" content="1200" />
	<meta property="og:image:height" content="650" />
	<meta property="og:image:type" content="image/jpeg" />
<meta name="twitter:card" content="summary_large_image" />
<meta name="twitter:site" content="@CLEOLegalRights" />
<meta name="twitter:label1" content="Est. reading time" />
	<meta name="twitter:data1" content="1 minute" />
<script type="application/ld+json" class="yoast-schema-graph">{"@context":"https://schema.org","@graph":[{"@type":"WebPage","@id":"https://stepstojustice.ca/fr/steps/health-and-disability/renseignez-vous-sur-la-definition-d-invalidite-grave-et-prolongee/","url":"https://stepstojustice.ca/fr/steps/health-and-disability/renseignez-vous-sur-la-definition-d-invalidite-grave-et-prolongee/","name":"Renseignez-vous sur la définition d' « invalidité grave et prolongée » - Justice pas-à-pas","isPartOf":{"@id":"https://stepstojustice.ca/fr/#website"},"datePublished":"2018-08-17T13:55:47+00:00","dateModified":"2021-12-06T20:47:47+00:00","description":"Pour que vous ayez droit aux prestations d'invalidité du RPC, votre invalidité doit être à la fois grave et prolongée. Une invalidité peut être physique,","breadcrumb":{"@id":"https://stepstojustice.ca/fr/steps/health-and-disability/renseignez-vous-sur-la-definition-d-invalidite-grave-et-prolongee/#breadcrumb"},"inLanguage":"fr-FR","potentialAction":[{"@type":"ReadAction","target":["https://stepstojustice.ca/fr/steps/health-and-disability/renseignez-vous-sur-la-definition-d-invalidite-grave-et-prolongee/"]}]},{"@type":"BreadcrumbList","@id":"https://stepstojustice.ca/fr/steps/health-and-disability/renseignez-vous-sur-la-definition-d-invalidite-grave-et-prolongee/#breadcrumb","itemListElement":[{"@type":"ListItem","position":1,"name":"Home","item":"https://stepstojustice.ca/fr/"},{"@type":"ListItem","position":2,"name":"Next steps","item":"https://stepstojustice.ca/fr/steps/"},{"@type":"ListItem","position":3,"name":"Renseignez-vous sur la définition d&#8217; « invalidité grave et prolongée »"}]},{"@type":"WebSite","@id":"https://stepstojustice.ca/fr/#website","url":"https://stepstojustice.ca/fr/","name":"Justice pas-à-pas","description":"Step-by-step information about legal problems","publisher":{"@id":"https://stepstojustice.ca/fr/#organization"},"potentialAction":[{"@type":"SearchAction","target":{"@type":"EntryPoint","urlTemplate":"https://stepstojustice.ca/fr/?s={search_term_string}"},"query-input":{"@type":"PropertyValueSpecification","valueRequired":true,"valueName":"search_term_string"}}],"inLanguage":"fr-FR"},{"@type":"Organization","@id":"https://stepstojustice.ca/fr/#organization","name":"Justice pas-à-pas","url":"https://stepstojustice.ca/fr/","logo":{"@type":"ImageObject","inLanguage":"fr-FR","@id":"https://stepstojustice.ca/fr/#/schema/logo/image/","url":"https://stepstojustice.ca/wp-content/uploads/2020/10/logo-s2j.png","contentUrl":"https://stepstojustice.ca/wp-content/uploads/2020/10/logo-s2j.png","width":1000,"height":146,"caption":"Justice pas-à-pas"},"image":{"@id":"https://stepstojustice.ca/fr/#/schema/logo/image/"},"sameAs":["https://www.facebook.com/CLEOLegalRights/","https://x.com/CLEOLegalRights","https://www.instagram.com/communitylegaleducationon/"]}]}</script>
<!-- / Yoast SEO Premium plugin. -->

Renseignez-vous sur la définition d' « invalidité grave et prolongée » - Justice pas-à-pas

Pour que vous ayez droit aux prestations d'invalidité du RPC, votre invalidité doit être à la fois grave et prolongée. Une invalidité peut être physique,

Justice pas-à-pas
