{"id":1176711,"date":"2018-08-17T09:42:56","date_gmt":"2018-08-17T13:42:56","guid":{"rendered":""},"modified":"2024-05-06T13:21:20","modified_gmt":"2024-05-06T17:21:20","slug":"4-renseignez-vous-sur-le-moment-ou-vos-prestations-pourraient-cesser","status":"publish","type":"steps","link":"https:\/\/stepstojustice.ca\/fr\/steps\/health-and-disability\/4-renseignez-vous-sur-le-moment-ou-vos-prestations-pourraient-cesser\/","title":{"rendered":"Renseignez-vous sur le moment o\u00f9 vos prestations pourraient cesser"},"content":{"rendered":"<p>Vos prestations d&#8217;invalidit\u00e9 du RPC prennent fin lorsque l&#8217;un ou l&#8217;autre des crit\u00e8res suivants s&#8217;applique\u00a0:<\/p>\n<ul>\n<li>vous avez eu 65\u00a0ans ou vous avez commenc\u00e9 \u00e0 toucher une pension de retraite du RPC;<\/li>\n<li>vous retournez sur le march\u00e9 du travail;<\/li>\n<li>vous pouvez travailler de fa\u00e7on r\u00e9guli\u00e8re et votre revenu exc\u00e8de le plafond autoris\u00e9 par le RPC;<\/li>\n<li>vous retournez aux \u00e9tudes \u00e0 temps plein (dans certains cas).<\/li>\n<\/ul>\n<p>Si vos prestations cessent, vous pouvez faire appel de la d\u00e9cision.<\/p>\n<p>Si vous retournez sur le march\u00e9 du travail ou aux \u00e9tudes, vous devez en informer le RPC. Si vous ne le faites pas et que le RPC le d\u00e9couvre, il peut affirmer que vous avez re\u00e7u un paiement exc\u00e9dentaire. Vous devrez donc rembourser la ou les sommes, avec int\u00e9r\u00eat. Vous pourriez aussi \u00eatre accus\u00e9 d&#8217;avoir viol\u00e9 la loi.<\/p>\n<p>Si vous \u00eates \u00e2g\u00e9 de 60 \u00e0 64\u00a0ans et que vous recevez une pension de retrait du RPC, vous pourriez <a href=\"\/fr\/questions\/health-and-disability\/suis-je-admissible-aux-prestations-dinvalidite-du-regime-de-pensions\/\">transformer cette pension en prestations d&#8217;invalidit\u00e9 du RPC<\/a>.<\/p>\n<p>Si votre invalidit\u00e9 revient \u00e0 la suite d&#8217;un retour au travail, vous pourriez toucher des prestations d&#8217;invalidit\u00e9 du RPC sans avoir \u00e0 r\u00e9p\u00e9ter tout le processus de demande. Pour en savoir plus, consultez l&#8217;\u00e9tape \u00ab\u00a0Renseignez-vous sur la fa\u00e7on de r\u00e9tablir vos prestations si votre invalidit\u00e9 revient apr\u00e8s un retour au travail\u00a0\u00bb.<\/p>\n<!-- AddThis Advanced Settings generic via filter on the_content --><!-- AddThis Share Buttons generic via filter on the_content -->","protected":false},"author":3,"featured_media":0,"template":"","class_list":["post-1176711","steps","type-steps","status-publish","hentry"],"yoast_head":"<!-- This site is optimized with the Yoast SEO Premium plugin v23.9 (Yoast SEO v23.9) - https:\/\/yoast.com\/wordpress\/plugins\/seo\/ -->\n<title>Renseignez-vous sur le moment o\u00f9 vos prestations pourraient cesser - Justice pas-\u00e0-pas<\/title>\n<meta name=\"description\" content=\"Vos prestations d&#039;invalidit\u00e9 du RPC prennent fin lorsque l&#039;un ou l&#039;autre des crit\u00e8res suivants s&#039;applique\u00a0: vous avez eu 65\u00a0ans ou vous avez commenc\u00e9 \u00e0\" \/>\n<meta name=\"robots\" content=\"index, follow, max-snippet:-1, max-image-preview:large, max-video-preview:-1\" \/>\n<link rel=\"canonical\" href=\"https:\/\/stepstojustice.ca\/fr\/steps\/health-and-disability\/4-renseignez-vous-sur-le-moment-ou-vos-prestations-pourraient-cesser\/\" \/>\n<meta property=\"og:locale\" content=\"fr_FR\" \/>\n<meta property=\"og:type\" content=\"article\" \/>\n<meta property=\"og:title\" content=\"Renseignez-vous sur le moment o\u00f9 vos prestations pourraient cesser - Justice pas-\u00e0-pas\" \/>\n<meta property=\"og:description\" content=\"Vos prestations d&#039;invalidit\u00e9 du RPC prennent fin lorsque l&#039;un ou l&#039;autre des crit\u00e8res suivants s&#039;applique\u00a0: vous avez eu 65\u00a0ans ou vous avez commenc\u00e9 \u00e0\" \/>\n<meta property=\"og:url\" content=\"https:\/\/stepstojustice.ca\/fr\/steps\/health-and-disability\/4-renseignez-vous-sur-le-moment-ou-vos-prestations-pourraient-cesser\/\" \/>\n<meta property=\"og:site_name\" content=\"Justice pas-\u00e0-pas\" \/>\n<meta property=\"article:publisher\" content=\"https:\/\/www.facebook.com\/CLEOLegalRights\/\" \/>\n<meta property=\"article:modified_time\" content=\"2024-05-06T17:21:20+00:00\" \/>\n<meta property=\"og:image\" content=\"https:\/\/stepstojustice.ca\/wp-content\/uploads\/Steps-to-Justice-logo.jpg\" \/>\n\t<meta property=\"og:image:width\" content=\"1200\" \/>\n\t<meta property=\"og:image:height\" content=\"650\" \/>\n\t<meta property=\"og:image:type\" content=\"image\/jpeg\" \/>\n<meta name=\"twitter:card\" content=\"summary_large_image\" \/>\n<meta name=\"twitter:site\" content=\"@CLEOLegalRights\" \/>\n<meta name=\"twitter:label1\" content=\"Est. reading time\" \/>\n\t<meta name=\"twitter:data1\" content=\"1 minute\" \/>\n<script type=\"application\/ld+json\" class=\"yoast-schema-graph\">{\"@context\":\"https:\/\/schema.org\",\"@graph\":[{\"@type\":\"WebPage\",\"@id\":\"https:\/\/stepstojustice.ca\/fr\/steps\/health-and-disability\/4-renseignez-vous-sur-le-moment-ou-vos-prestations-pourraient-cesser\/\",\"url\":\"https:\/\/stepstojustice.ca\/fr\/steps\/health-and-disability\/4-renseignez-vous-sur-le-moment-ou-vos-prestations-pourraient-cesser\/\",\"name\":\"Renseignez-vous sur le moment o\u00f9 vos prestations pourraient cesser - Justice pas-\u00e0-pas\",\"isPartOf\":{\"@id\":\"https:\/\/stepstojustice.ca\/fr\/#website\"},\"datePublished\":\"2018-08-17T13:42:56+00:00\",\"dateModified\":\"2024-05-06T17:21:20+00:00\",\"description\":\"Vos prestations d'invalidit\u00e9 du RPC prennent fin lorsque l'un ou l'autre des crit\u00e8res suivants s'applique\u00a0: vous avez eu 65\u00a0ans ou vous avez commenc\u00e9 \u00e0\",\"breadcrumb\":{\"@id\":\"https:\/\/stepstojustice.ca\/fr\/steps\/health-and-disability\/4-renseignez-vous-sur-le-moment-ou-vos-prestations-pourraient-cesser\/#breadcrumb\"},\"inLanguage\":\"fr-FR\",\"potentialAction\":[{\"@type\":\"ReadAction\",\"target\":[\"https:\/\/stepstojustice.ca\/fr\/steps\/health-and-disability\/4-renseignez-vous-sur-le-moment-ou-vos-prestations-pourraient-cesser\/\"]}]},{\"@type\":\"BreadcrumbList\",\"@id\":\"https:\/\/stepstojustice.ca\/fr\/steps\/health-and-disability\/4-renseignez-vous-sur-le-moment-ou-vos-prestations-pourraient-cesser\/#breadcrumb\",\"itemListElement\":[{\"@type\":\"ListItem\",\"position\":1,\"name\":\"Home\",\"item\":\"https:\/\/stepstojustice.ca\/fr\/\"},{\"@type\":\"ListItem\",\"position\":2,\"name\":\"Next steps\",\"item\":\"https:\/\/stepstojustice.ca\/fr\/steps\/\"},{\"@type\":\"ListItem\",\"position\":3,\"name\":\"Renseignez-vous sur le moment o\u00f9 vos prestations pourraient cesser\"}]},{\"@type\":\"WebSite\",\"@id\":\"https:\/\/stepstojustice.ca\/fr\/#website\",\"url\":\"https:\/\/stepstojustice.ca\/fr\/\",\"name\":\"Justice pas-\u00e0-pas\",\"description\":\"Step-by-step information about legal problems\",\"publisher\":{\"@id\":\"https:\/\/stepstojustice.ca\/fr\/#organization\"},\"potentialAction\":[{\"@type\":\"SearchAction\",\"target\":{\"@type\":\"EntryPoint\",\"urlTemplate\":\"https:\/\/stepstojustice.ca\/fr\/?s={search_term_string}\"},\"query-input\":{\"@type\":\"PropertyValueSpecification\",\"valueRequired\":true,\"valueName\":\"search_term_string\"}}],\"inLanguage\":\"fr-FR\"},{\"@type\":\"Organization\",\"@id\":\"https:\/\/stepstojustice.ca\/fr\/#organization\",\"name\":\"Justice pas-\u00e0-pas\",\"url\":\"https:\/\/stepstojustice.ca\/fr\/\",\"logo\":{\"@type\":\"ImageObject\",\"inLanguage\":\"fr-FR\",\"@id\":\"https:\/\/stepstojustice.ca\/fr\/#\/schema\/logo\/image\/\",\"url\":\"https:\/\/stepstojustice.ca\/wp-content\/uploads\/2020\/10\/logo-s2j.png\",\"contentUrl\":\"https:\/\/stepstojustice.ca\/wp-content\/uploads\/2020\/10\/logo-s2j.png\",\"width\":1000,\"height\":146,\"caption\":\"Justice pas-\u00e0-pas\"},\"image\":{\"@id\":\"https:\/\/stepstojustice.ca\/fr\/#\/schema\/logo\/image\/\"},\"sameAs\":[\"https:\/\/www.facebook.com\/CLEOLegalRights\/\",\"https:\/\/x.com\/CLEOLegalRights\",\"https:\/\/www.instagram.com\/communitylegaleducationon\/\"]}]}<\/script>\n<!-- \/ Yoast SEO Premium plugin. -->","yoast_head_json":{"title":"Renseignez-vous sur le moment o\u00f9 vos prestations pourraient cesser - Justice pas-\u00e0-pas","description":"Vos prestations d'invalidit\u00e9 du RPC prennent fin lorsque l'un ou l'autre des crit\u00e8res suivants s'applique\u00a0: vous avez eu 65\u00a0ans ou vous avez commenc\u00e9 \u00e0","robots":{"index":"index","follow":"follow","max-snippet":"max-snippet:-1","max-image-preview":"max-image-preview:large","max-video-preview":"max-video-preview:-1"},"canonical":"https:\/\/stepstojustice.ca\/fr\/steps\/health-and-disability\/4-renseignez-vous-sur-le-moment-ou-vos-prestations-pourraient-cesser\/","og_locale":"fr_FR","og_type":"article","og_title":"Renseignez-vous sur le moment o\u00f9 vos prestations pourraient cesser - Justice pas-\u00e0-pas","og_description":"Vos prestations d'invalidit\u00e9 du RPC prennent fin lorsque l'un ou l'autre des crit\u00e8res suivants s'applique\u00a0: vous avez eu 65\u00a0ans ou vous avez commenc\u00e9 \u00e0","og_url":"https:\/\/stepstojustice.ca\/fr\/steps\/health-and-disability\/4-renseignez-vous-sur-le-moment-ou-vos-prestations-pourraient-cesser\/","og_site_name":"Justice pas-\u00e0-pas","article_publisher":"https:\/\/www.facebook.com\/CLEOLegalRights\/","article_modified_time":"2024-05-06T17:21:20+00:00","og_image":[{"width":1200,"height":650,"url":"https:\/\/stepstojustice.ca\/wp-content\/uploads\/Steps-to-Justice-logo.jpg","type":"image\/jpeg"}],"twitter_card":"summary_large_image","twitter_site":"@CLEOLegalRights","twitter_misc":{"Est. reading time":"1 minute"},"schema":{"@context":"https:\/\/schema.org","@graph":[{"@type":"WebPage","@id":"https:\/\/stepstojustice.ca\/fr\/steps\/health-and-disability\/4-renseignez-vous-sur-le-moment-ou-vos-prestations-pourraient-cesser\/","url":"https:\/\/stepstojustice.ca\/fr\/steps\/health-and-disability\/4-renseignez-vous-sur-le-moment-ou-vos-prestations-pourraient-cesser\/","name":"Renseignez-vous sur le moment o\u00f9 vos prestations pourraient cesser - Justice pas-\u00e0-pas","isPartOf":{"@id":"https:\/\/stepstojustice.ca\/fr\/#website"},"datePublished":"2018-08-17T13:42:56+00:00","dateModified":"2024-05-06T17:21:20+00:00","description":"Vos prestations d'invalidit\u00e9 du RPC prennent fin lorsque l'un ou l'autre des crit\u00e8res suivants s'applique\u00a0: vous avez eu 65\u00a0ans ou vous avez commenc\u00e9 \u00e0","breadcrumb":{"@id":"https:\/\/stepstojustice.ca\/fr\/steps\/health-and-disability\/4-renseignez-vous-sur-le-moment-ou-vos-prestations-pourraient-cesser\/#breadcrumb"},"inLanguage":"fr-FR","potentialAction":[{"@type":"ReadAction","target":["https:\/\/stepstojustice.ca\/fr\/steps\/health-and-disability\/4-renseignez-vous-sur-le-moment-ou-vos-prestations-pourraient-cesser\/"]}]},{"@type":"BreadcrumbList","@id":"https:\/\/stepstojustice.ca\/fr\/steps\/health-and-disability\/4-renseignez-vous-sur-le-moment-ou-vos-prestations-pourraient-cesser\/#breadcrumb","itemListElement":[{"@type":"ListItem","position":1,"name":"Home","item":"https:\/\/stepstojustice.ca\/fr\/"},{"@type":"ListItem","position":2,"name":"Next steps","item":"https:\/\/stepstojustice.ca\/fr\/steps\/"},{"@type":"ListItem","position":3,"name":"Renseignez-vous sur le moment o\u00f9 vos prestations pourraient cesser"}]},{"@type":"WebSite","@id":"https:\/\/stepstojustice.ca\/fr\/#website","url":"https:\/\/stepstojustice.ca\/fr\/","name":"Justice pas-\u00e0-pas","description":"Step-by-step information about legal problems","publisher":{"@id":"https:\/\/stepstojustice.ca\/fr\/#organization"},"potentialAction":[{"@type":"SearchAction","target":{"@type":"EntryPoint","urlTemplate":"https:\/\/stepstojustice.ca\/fr\/?s={search_term_string}"},"query-input":{"@type":"PropertyValueSpecification","valueRequired":true,"valueName":"search_term_string"}}],"inLanguage":"fr-FR"},{"@type":"Organization","@id":"https:\/\/stepstojustice.ca\/fr\/#organization","name":"Justice pas-\u00e0-pas","url":"https:\/\/stepstojustice.ca\/fr\/","logo":{"@type":"ImageObject","inLanguage":"fr-FR","@id":"https:\/\/stepstojustice.ca\/fr\/#\/schema\/logo\/image\/","url":"https:\/\/stepstojustice.ca\/wp-content\/uploads\/2020\/10\/logo-s2j.png","contentUrl":"https:\/\/stepstojustice.ca\/wp-content\/uploads\/2020\/10\/logo-s2j.png","width":1000,"height":146,"caption":"Justice pas-\u00e0-pas"},"image":{"@id":"https:\/\/stepstojustice.ca\/fr\/#\/schema\/logo\/image\/"},"sameAs":["https:\/\/www.facebook.com\/CLEOLegalRights\/","https:\/\/x.com\/CLEOLegalRights","https:\/\/www.instagram.com\/communitylegaleducationon\/"]}]}},"meta_box":{"questions_to_steps_from":["1171697"]},"_links":{"self":[{"href":"https:\/\/stepstojustice.ca\/fr\/wp-json\/wp\/v2\/steps\/1176711","targetHints":{"allow":["GET"]}}],"collection":[{"href":"https:\/\/stepstojustice.ca\/fr\/wp-json\/wp\/v2\/steps"}],"about":[{"href":"https:\/\/stepstojustice.ca\/fr\/wp-json\/wp\/v2\/types\/steps"}],"author":[{"embeddable":true,"href":"https:\/\/stepstojustice.ca\/fr\/wp-json\/wp\/v2\/users\/3"}],"version-history":[{"count":3,"href":"https:\/\/stepstojustice.ca\/fr\/wp-json\/wp\/v2\/steps\/1176711\/revisions"}],"predecessor-version":[{"id":1263791,"href":"https:\/\/stepstojustice.ca\/fr\/wp-json\/wp\/v2\/steps\/1176711\/revisions\/1263791"}],"wp:attachment":[{"href":"https:\/\/stepstojustice.ca\/fr\/wp-json\/wp\/v2\/media?parent=1176711"}],"curies":[{"name":"wp","href":"https:\/\/api.w.org\/{rel}","templated":true}]}}

Renseignez-vous sur le moment où vos prestations pourraient cesser

<p>Vos prestations d&#8217;invalidité du RPC prennent fin lorsque l&#8217;un ou l&#8217;autre des critères suivants s&#8217;applique :</p>
<ul>
<li>vous avez eu 65 ans ou vous avez commencé à toucher une pension de retraite du RPC;</li>
<li>vous retournez sur le marché du travail;</li>
<li>vous pouvez travailler de façon régulière et votre revenu excède le plafond autorisé par le RPC;</li>
<li>vous retournez aux études à temps plein (dans certains cas).</li>
</ul>
<p>Si vos prestations cessent, vous pouvez faire appel de la décision.</p>
<p>Si vous retournez sur le marché du travail ou aux études, vous devez en informer le RPC. Si vous ne le faites pas et que le RPC le découvre, il peut affirmer que vous avez reçu un paiement excédentaire. Vous devrez donc rembourser la ou les sommes, avec intérêt. Vous pourriez aussi être accusé d&#8217;avoir violé la loi.</p>
<p>Si vous êtes âgé de 60 à 64 ans et que vous recevez une pension de retrait du RPC, vous pourriez <a href="/fr/questions/health-and-disability/suis-je-admissible-aux-prestations-dinvalidite-du-regime-de-pensions/">transformer cette pension en prestations d&#8217;invalidité du RPC</a>.</p>
<p>Si votre invalidité revient à la suite d&#8217;un retour au travail, vous pourriez toucher des prestations d&#8217;invalidité du RPC sans avoir à répéter tout le processus de demande. Pour en savoir plus, consultez l&#8217;étape « Renseignez-vous sur la façon de rétablir vos prestations si votre invalidité revient après un retour au travail ».</p>
<!-- AddThis Advanced Settings generic via filter on the_content --><!-- AddThis Share Buttons generic via filter on the_content -->

<!-- This site is optimized with the Yoast SEO Premium plugin v23.9 (Yoast SEO v23.9) - https://yoast.com/wordpress/plugins/seo/ -->
<title>Renseignez-vous sur le moment où vos prestations pourraient cesser - Justice pas-à-pas</title>
<meta name="description" content="Vos prestations d&#039;invalidité du RPC prennent fin lorsque l&#039;un ou l&#039;autre des critères suivants s&#039;applique : vous avez eu 65 ans ou vous avez commencé à" />
<meta name="robots" content="index, follow, max-snippet:-1, max-image-preview:large, max-video-preview:-1" />
<link rel="canonical" href="https://stepstojustice.ca/fr/steps/health-and-disability/4-renseignez-vous-sur-le-moment-ou-vos-prestations-pourraient-cesser/" />
<meta property="og:locale" content="fr_FR" />
<meta property="og:type" content="article" />
<meta property="og:title" content="Renseignez-vous sur le moment où vos prestations pourraient cesser - Justice pas-à-pas" />
<meta property="og:description" content="Vos prestations d&#039;invalidité du RPC prennent fin lorsque l&#039;un ou l&#039;autre des critères suivants s&#039;applique : vous avez eu 65 ans ou vous avez commencé à" />
<meta property="og:url" content="https://stepstojustice.ca/fr/steps/health-and-disability/4-renseignez-vous-sur-le-moment-ou-vos-prestations-pourraient-cesser/" />
<meta property="og:site_name" content="Justice pas-à-pas" />
<meta property="article:publisher" content="https://www.facebook.com/CLEOLegalRights/" />
<meta property="article:modified_time" content="2024-05-06T17:21:20+00:00" />
<meta property="og:image" content="https://stepstojustice.ca/wp-content/uploads/Steps-to-Justice-logo.jpg" />
	<meta property="og:image:width" content="1200" />
	<meta property="og:image:height" content="650" />
	<meta property="og:image:type" content="image/jpeg" />
<meta name="twitter:card" content="summary_large_image" />
<meta name="twitter:site" content="@CLEOLegalRights" />
<meta name="twitter:label1" content="Est. reading time" />
	<meta name="twitter:data1" content="1 minute" />
<script type="application/ld+json" class="yoast-schema-graph">{"@context":"https://schema.org","@graph":[{"@type":"WebPage","@id":"https://stepstojustice.ca/fr/steps/health-and-disability/4-renseignez-vous-sur-le-moment-ou-vos-prestations-pourraient-cesser/","url":"https://stepstojustice.ca/fr/steps/health-and-disability/4-renseignez-vous-sur-le-moment-ou-vos-prestations-pourraient-cesser/","name":"Renseignez-vous sur le moment où vos prestations pourraient cesser - Justice pas-à-pas","isPartOf":{"@id":"https://stepstojustice.ca/fr/#website"},"datePublished":"2018-08-17T13:42:56+00:00","dateModified":"2024-05-06T17:21:20+00:00","description":"Vos prestations d'invalidité du RPC prennent fin lorsque l'un ou l'autre des critères suivants s'applique : vous avez eu 65 ans ou vous avez commencé à","breadcrumb":{"@id":"https://stepstojustice.ca/fr/steps/health-and-disability/4-renseignez-vous-sur-le-moment-ou-vos-prestations-pourraient-cesser/#breadcrumb"},"inLanguage":"fr-FR","potentialAction":[{"@type":"ReadAction","target":["https://stepstojustice.ca/fr/steps/health-and-disability/4-renseignez-vous-sur-le-moment-ou-vos-prestations-pourraient-cesser/"]}]},{"@type":"BreadcrumbList","@id":"https://stepstojustice.ca/fr/steps/health-and-disability/4-renseignez-vous-sur-le-moment-ou-vos-prestations-pourraient-cesser/#breadcrumb","itemListElement":[{"@type":"ListItem","position":1,"name":"Home","item":"https://stepstojustice.ca/fr/"},{"@type":"ListItem","position":2,"name":"Next steps","item":"https://stepstojustice.ca/fr/steps/"},{"@type":"ListItem","position":3,"name":"Renseignez-vous sur le moment où vos prestations pourraient cesser"}]},{"@type":"WebSite","@id":"https://stepstojustice.ca/fr/#website","url":"https://stepstojustice.ca/fr/","name":"Justice pas-à-pas","description":"Step-by-step information about legal problems","publisher":{"@id":"https://stepstojustice.ca/fr/#organization"},"potentialAction":[{"@type":"SearchAction","target":{"@type":"EntryPoint","urlTemplate":"https://stepstojustice.ca/fr/?s={search_term_string}"},"query-input":{"@type":"PropertyValueSpecification","valueRequired":true,"valueName":"search_term_string"}}],"inLanguage":"fr-FR"},{"@type":"Organization","@id":"https://stepstojustice.ca/fr/#organization","name":"Justice pas-à-pas","url":"https://stepstojustice.ca/fr/","logo":{"@type":"ImageObject","inLanguage":"fr-FR","@id":"https://stepstojustice.ca/fr/#/schema/logo/image/","url":"https://stepstojustice.ca/wp-content/uploads/2020/10/logo-s2j.png","contentUrl":"https://stepstojustice.ca/wp-content/uploads/2020/10/logo-s2j.png","width":1000,"height":146,"caption":"Justice pas-à-pas"},"image":{"@id":"https://stepstojustice.ca/fr/#/schema/logo/image/"},"sameAs":["https://www.facebook.com/CLEOLegalRights/","https://x.com/CLEOLegalRights","https://www.instagram.com/communitylegaleducationon/"]}]}</script>
<!-- / Yoast SEO Premium plugin. -->

Renseignez-vous sur le moment où vos prestations pourraient cesser - Justice pas-à-pas

Vos prestations d'invalidité du RPC prennent fin lorsque l'un ou l'autre des critères suivants s'applique : vous avez eu 65 ans ou vous avez commencé à

Justice pas-à-pas
