{"id":1177154,"date":"2017-11-08T11:08:34","date_gmt":"2017-11-08T16:08:34","guid":{"rendered":""},"modified":"2022-09-26T12:05:16","modified_gmt":"2022-09-26T16:05:16","slug":"1-parlez-votre-employeur","status":"publish","type":"steps","link":"https:\/\/stepstojustice.ca\/fr\/steps\/employment-and-work\/1-parlez-votre-employeur\/","title":{"rendered":"1. Parlez a votre employeur"},"content":{"rendered":"<p>Vous pouvez demander \u00e0 votre employeur de vous expliquer pourquoi vous avez \u00e9t\u00e9 cong\u00e9di\u00e9, mais il n&#8217;est pas oblig\u00e9 de vous donner une raison. Il est tout de m\u00eame pr\u00e9f\u00e9rable de lui poser la question, car sa r\u00e9ponse pourrait prouver que vous n&#8217;avez <strong>pas<\/strong> \u00e9t\u00e9 renvoy\u00e9 pour inconduite. Par exemple, il peut dire que les affaires vont mal et qu&#8217;il n&#8217;a pas assez de travail pour vous. Comme cette raison n&#8217;est pas consid\u00e9r\u00e9e comme de l&#8217;inconduite, vous pourriez avoir droit \u00e0 l&#8217;assurance-emploi.<\/p>\n<h3>Raisons qui ne sont pas consid\u00e9r\u00e9es comme de l&#8217;inconduite<\/h3>\n<p>Il y a des <a href=\"\/fr\/questions\/employment-and-work\/mon-employeur-ma-congedie-doit-il-me-dire-pourquoi\/\">raisons<\/a> que les employeurs ne peuvent pas utiliser pour cong\u00e9dier des employ\u00e9s. Par exemple, la loi dit que votre employeur ne peut pas vous cong\u00e9dier pour avoir fait quelque chose que la <em>Loi sur les normes d&#8217;emploi<\/em> vous donne le droit de faire, ou pour une raison contraire aux droits de la personne.<\/p>\n<p>Si votre employeur vous a cong\u00e9di\u00e9 pour l&#8217;<a href=\"\/fr\/questions\/employment-and-work\/mon-employeur-ma-congedie-doit-il-me-dire-pourquoi\/\">une de ces raisons<\/a>, il a enfreint la loi, et ne peut pas pr\u00e9tendre que vous avez \u00e9t\u00e9 renvoy\u00e9 pour inconduite.<\/p>\n<!-- AddThis Advanced Settings generic via filter on the_content --><!-- AddThis Share Buttons generic via filter on the_content -->","protected":false},"author":3,"featured_media":0,"template":"","class_list":["post-1177154","steps","type-steps","status-publish","hentry"],"yoast_head":"<!-- This site is optimized with the Yoast SEO Premium plugin v23.9 (Yoast SEO v23.9) - https:\/\/yoast.com\/wordpress\/plugins\/seo\/ -->\n<title>1. Parlez a votre employeur - Justice pas-\u00e0-pas<\/title>\n<meta name=\"description\" content=\"Vous pouvez demander \u00e0 votre employeur de vous expliquer pourquoi vous avez \u00e9t\u00e9 cong\u00e9di\u00e9, mais il n&#039;est pas oblig\u00e9 de vous donner une raison. Il est tout\" \/>\n<meta name=\"robots\" content=\"index, follow, max-snippet:-1, max-image-preview:large, max-video-preview:-1\" \/>\n<link rel=\"canonical\" href=\"https:\/\/stepstojustice.ca\/fr\/steps\/employment-and-work\/1-parlez-votre-employeur\/\" \/>\n<meta property=\"og:locale\" content=\"fr_FR\" \/>\n<meta property=\"og:type\" content=\"article\" \/>\n<meta property=\"og:title\" content=\"1. Parlez a votre employeur - Justice pas-\u00e0-pas\" \/>\n<meta property=\"og:description\" content=\"Vous pouvez demander \u00e0 votre employeur de vous expliquer pourquoi vous avez \u00e9t\u00e9 cong\u00e9di\u00e9, mais il n&#039;est pas oblig\u00e9 de vous donner une raison. Il est tout\" \/>\n<meta property=\"og:url\" content=\"https:\/\/stepstojustice.ca\/fr\/steps\/employment-and-work\/1-parlez-votre-employeur\/\" \/>\n<meta property=\"og:site_name\" content=\"Justice pas-\u00e0-pas\" \/>\n<meta property=\"article:publisher\" content=\"https:\/\/www.facebook.com\/CLEOLegalRights\/\" \/>\n<meta property=\"article:modified_time\" content=\"2022-09-26T16:05:16+00:00\" \/>\n<meta property=\"og:image\" content=\"https:\/\/stepstojustice.ca\/wp-content\/uploads\/Steps-to-Justice-logo.jpg\" \/>\n\t<meta property=\"og:image:width\" content=\"1200\" \/>\n\t<meta property=\"og:image:height\" content=\"650\" \/>\n\t<meta property=\"og:image:type\" content=\"image\/jpeg\" \/>\n<meta name=\"twitter:card\" content=\"summary_large_image\" \/>\n<meta name=\"twitter:site\" content=\"@CLEOLegalRights\" \/>\n<meta name=\"twitter:label1\" content=\"Est. reading time\" \/>\n\t<meta name=\"twitter:data1\" content=\"1 minute\" \/>\n<script type=\"application\/ld+json\" class=\"yoast-schema-graph\">{\"@context\":\"https:\/\/schema.org\",\"@graph\":[{\"@type\":\"WebPage\",\"@id\":\"https:\/\/stepstojustice.ca\/fr\/steps\/employment-and-work\/1-parlez-votre-employeur\/\",\"url\":\"https:\/\/stepstojustice.ca\/fr\/steps\/employment-and-work\/1-parlez-votre-employeur\/\",\"name\":\"1. Parlez a votre employeur - Justice pas-\u00e0-pas\",\"isPartOf\":{\"@id\":\"https:\/\/stepstojustice.ca\/fr\/#website\"},\"datePublished\":\"2017-11-08T16:08:34+00:00\",\"dateModified\":\"2022-09-26T16:05:16+00:00\",\"description\":\"Vous pouvez demander \u00e0 votre employeur de vous expliquer pourquoi vous avez \u00e9t\u00e9 cong\u00e9di\u00e9, mais il n'est pas oblig\u00e9 de vous donner une raison. Il est tout\",\"breadcrumb\":{\"@id\":\"https:\/\/stepstojustice.ca\/fr\/steps\/employment-and-work\/1-parlez-votre-employeur\/#breadcrumb\"},\"inLanguage\":\"fr-FR\",\"potentialAction\":[{\"@type\":\"ReadAction\",\"target\":[\"https:\/\/stepstojustice.ca\/fr\/steps\/employment-and-work\/1-parlez-votre-employeur\/\"]}]},{\"@type\":\"BreadcrumbList\",\"@id\":\"https:\/\/stepstojustice.ca\/fr\/steps\/employment-and-work\/1-parlez-votre-employeur\/#breadcrumb\",\"itemListElement\":[{\"@type\":\"ListItem\",\"position\":1,\"name\":\"Home\",\"item\":\"https:\/\/stepstojustice.ca\/fr\/\"},{\"@type\":\"ListItem\",\"position\":2,\"name\":\"Next steps\",\"item\":\"https:\/\/stepstojustice.ca\/fr\/steps\/\"},{\"@type\":\"ListItem\",\"position\":3,\"name\":\"1. Parlez a votre employeur\"}]},{\"@type\":\"WebSite\",\"@id\":\"https:\/\/stepstojustice.ca\/fr\/#website\",\"url\":\"https:\/\/stepstojustice.ca\/fr\/\",\"name\":\"Justice pas-\u00e0-pas\",\"description\":\"Step-by-step information about legal problems\",\"publisher\":{\"@id\":\"https:\/\/stepstojustice.ca\/fr\/#organization\"},\"potentialAction\":[{\"@type\":\"SearchAction\",\"target\":{\"@type\":\"EntryPoint\",\"urlTemplate\":\"https:\/\/stepstojustice.ca\/fr\/?s={search_term_string}\"},\"query-input\":{\"@type\":\"PropertyValueSpecification\",\"valueRequired\":true,\"valueName\":\"search_term_string\"}}],\"inLanguage\":\"fr-FR\"},{\"@type\":\"Organization\",\"@id\":\"https:\/\/stepstojustice.ca\/fr\/#organization\",\"name\":\"Justice pas-\u00e0-pas\",\"url\":\"https:\/\/stepstojustice.ca\/fr\/\",\"logo\":{\"@type\":\"ImageObject\",\"inLanguage\":\"fr-FR\",\"@id\":\"https:\/\/stepstojustice.ca\/fr\/#\/schema\/logo\/image\/\",\"url\":\"https:\/\/stepstojustice.ca\/wp-content\/uploads\/2020\/10\/logo-s2j.png\",\"contentUrl\":\"https:\/\/stepstojustice.ca\/wp-content\/uploads\/2020\/10\/logo-s2j.png\",\"width\":1000,\"height\":146,\"caption\":\"Justice pas-\u00e0-pas\"},\"image\":{\"@id\":\"https:\/\/stepstojustice.ca\/fr\/#\/schema\/logo\/image\/\"},\"sameAs\":[\"https:\/\/www.facebook.com\/CLEOLegalRights\/\",\"https:\/\/x.com\/CLEOLegalRights\",\"https:\/\/www.instagram.com\/communitylegaleducationon\/\"]}]}<\/script>\n<!-- \/ Yoast SEO Premium plugin. -->","yoast_head_json":{"title":"1. Parlez a votre employeur - Justice pas-\u00e0-pas","description":"Vous pouvez demander \u00e0 votre employeur de vous expliquer pourquoi vous avez \u00e9t\u00e9 cong\u00e9di\u00e9, mais il n'est pas oblig\u00e9 de vous donner une raison. Il est tout","robots":{"index":"index","follow":"follow","max-snippet":"max-snippet:-1","max-image-preview":"max-image-preview:large","max-video-preview":"max-video-preview:-1"},"canonical":"https:\/\/stepstojustice.ca\/fr\/steps\/employment-and-work\/1-parlez-votre-employeur\/","og_locale":"fr_FR","og_type":"article","og_title":"1. Parlez a votre employeur - Justice pas-\u00e0-pas","og_description":"Vous pouvez demander \u00e0 votre employeur de vous expliquer pourquoi vous avez \u00e9t\u00e9 cong\u00e9di\u00e9, mais il n'est pas oblig\u00e9 de vous donner une raison. Il est tout","og_url":"https:\/\/stepstojustice.ca\/fr\/steps\/employment-and-work\/1-parlez-votre-employeur\/","og_site_name":"Justice pas-\u00e0-pas","article_publisher":"https:\/\/www.facebook.com\/CLEOLegalRights\/","article_modified_time":"2022-09-26T16:05:16+00:00","og_image":[{"width":1200,"height":650,"url":"https:\/\/stepstojustice.ca\/wp-content\/uploads\/Steps-to-Justice-logo.jpg","type":"image\/jpeg"}],"twitter_card":"summary_large_image","twitter_site":"@CLEOLegalRights","twitter_misc":{"Est. reading time":"1 minute"},"schema":{"@context":"https:\/\/schema.org","@graph":[{"@type":"WebPage","@id":"https:\/\/stepstojustice.ca\/fr\/steps\/employment-and-work\/1-parlez-votre-employeur\/","url":"https:\/\/stepstojustice.ca\/fr\/steps\/employment-and-work\/1-parlez-votre-employeur\/","name":"1. Parlez a votre employeur - Justice pas-\u00e0-pas","isPartOf":{"@id":"https:\/\/stepstojustice.ca\/fr\/#website"},"datePublished":"2017-11-08T16:08:34+00:00","dateModified":"2022-09-26T16:05:16+00:00","description":"Vous pouvez demander \u00e0 votre employeur de vous expliquer pourquoi vous avez \u00e9t\u00e9 cong\u00e9di\u00e9, mais il n'est pas oblig\u00e9 de vous donner une raison. Il est tout","breadcrumb":{"@id":"https:\/\/stepstojustice.ca\/fr\/steps\/employment-and-work\/1-parlez-votre-employeur\/#breadcrumb"},"inLanguage":"fr-FR","potentialAction":[{"@type":"ReadAction","target":["https:\/\/stepstojustice.ca\/fr\/steps\/employment-and-work\/1-parlez-votre-employeur\/"]}]},{"@type":"BreadcrumbList","@id":"https:\/\/stepstojustice.ca\/fr\/steps\/employment-and-work\/1-parlez-votre-employeur\/#breadcrumb","itemListElement":[{"@type":"ListItem","position":1,"name":"Home","item":"https:\/\/stepstojustice.ca\/fr\/"},{"@type":"ListItem","position":2,"name":"Next steps","item":"https:\/\/stepstojustice.ca\/fr\/steps\/"},{"@type":"ListItem","position":3,"name":"1. Parlez a votre employeur"}]},{"@type":"WebSite","@id":"https:\/\/stepstojustice.ca\/fr\/#website","url":"https:\/\/stepstojustice.ca\/fr\/","name":"Justice pas-\u00e0-pas","description":"Step-by-step information about legal problems","publisher":{"@id":"https:\/\/stepstojustice.ca\/fr\/#organization"},"potentialAction":[{"@type":"SearchAction","target":{"@type":"EntryPoint","urlTemplate":"https:\/\/stepstojustice.ca\/fr\/?s={search_term_string}"},"query-input":{"@type":"PropertyValueSpecification","valueRequired":true,"valueName":"search_term_string"}}],"inLanguage":"fr-FR"},{"@type":"Organization","@id":"https:\/\/stepstojustice.ca\/fr\/#organization","name":"Justice pas-\u00e0-pas","url":"https:\/\/stepstojustice.ca\/fr\/","logo":{"@type":"ImageObject","inLanguage":"fr-FR","@id":"https:\/\/stepstojustice.ca\/fr\/#\/schema\/logo\/image\/","url":"https:\/\/stepstojustice.ca\/wp-content\/uploads\/2020\/10\/logo-s2j.png","contentUrl":"https:\/\/stepstojustice.ca\/wp-content\/uploads\/2020\/10\/logo-s2j.png","width":1000,"height":146,"caption":"Justice pas-\u00e0-pas"},"image":{"@id":"https:\/\/stepstojustice.ca\/fr\/#\/schema\/logo\/image\/"},"sameAs":["https:\/\/www.facebook.com\/CLEOLegalRights\/","https:\/\/x.com\/CLEOLegalRights","https:\/\/www.instagram.com\/communitylegaleducationon\/"]}]}},"meta_box":{"questions_to_steps_from":["1171663"]},"_links":{"self":[{"href":"https:\/\/stepstojustice.ca\/fr\/wp-json\/wp\/v2\/steps\/1177154","targetHints":{"allow":["GET"]}}],"collection":[{"href":"https:\/\/stepstojustice.ca\/fr\/wp-json\/wp\/v2\/steps"}],"about":[{"href":"https:\/\/stepstojustice.ca\/fr\/wp-json\/wp\/v2\/types\/steps"}],"author":[{"embeddable":true,"href":"https:\/\/stepstojustice.ca\/fr\/wp-json\/wp\/v2\/users\/3"}],"version-history":[{"count":2,"href":"https:\/\/stepstojustice.ca\/fr\/wp-json\/wp\/v2\/steps\/1177154\/revisions"}],"predecessor-version":[{"id":1243185,"href":"https:\/\/stepstojustice.ca\/fr\/wp-json\/wp\/v2\/steps\/1177154\/revisions\/1243185"}],"wp:attachment":[{"href":"https:\/\/stepstojustice.ca\/fr\/wp-json\/wp\/v2\/media?parent=1177154"}],"curies":[{"name":"wp","href":"https:\/\/api.w.org\/{rel}","templated":true}]}}

<p>Vous pouvez demander à votre employeur de vous expliquer pourquoi vous avez été congédié, mais il n&#8217;est pas obligé de vous donner une raison. Il est tout de même préférable de lui poser la question, car sa réponse pourrait prouver que vous n&#8217;avez <strong>pas</strong> été renvoyé pour inconduite. Par exemple, il peut dire que les affaires vont mal et qu&#8217;il n&#8217;a pas assez de travail pour vous. Comme cette raison n&#8217;est pas considérée comme de l&#8217;inconduite, vous pourriez avoir droit à l&#8217;assurance-emploi.</p>
<h3>Raisons qui ne sont pas considérées comme de l&#8217;inconduite</h3>
<p>Il y a des <a href="/fr/questions/employment-and-work/mon-employeur-ma-congedie-doit-il-me-dire-pourquoi/">raisons</a> que les employeurs ne peuvent pas utiliser pour congédier des employés. Par exemple, la loi dit que votre employeur ne peut pas vous congédier pour avoir fait quelque chose que la <em>Loi sur les normes d&#8217;emploi</em> vous donne le droit de faire, ou pour une raison contraire aux droits de la personne.</p>
<p>Si votre employeur vous a congédié pour l&#8217;<a href="/fr/questions/employment-and-work/mon-employeur-ma-congedie-doit-il-me-dire-pourquoi/">une de ces raisons</a>, il a enfreint la loi, et ne peut pas prétendre que vous avez été renvoyé pour inconduite.</p>
<!-- AddThis Advanced Settings generic via filter on the_content --><!-- AddThis Share Buttons generic via filter on the_content -->

<!-- This site is optimized with the Yoast SEO Premium plugin v23.9 (Yoast SEO v23.9) - https://yoast.com/wordpress/plugins/seo/ -->
<title>1. Parlez a votre employeur - Justice pas-à-pas</title>
<meta name="description" content="Vous pouvez demander à votre employeur de vous expliquer pourquoi vous avez été congédié, mais il n&#039;est pas obligé de vous donner une raison. Il est tout" />
<meta name="robots" content="index, follow, max-snippet:-1, max-image-preview:large, max-video-preview:-1" />
<link rel="canonical" href="https://stepstojustice.ca/fr/steps/employment-and-work/1-parlez-votre-employeur/" />
<meta property="og:locale" content="fr_FR" />
<meta property="og:type" content="article" />
<meta property="og:title" content="1. Parlez a votre employeur - Justice pas-à-pas" />
<meta property="og:description" content="Vous pouvez demander à votre employeur de vous expliquer pourquoi vous avez été congédié, mais il n&#039;est pas obligé de vous donner une raison. Il est tout" />
<meta property="og:url" content="https://stepstojustice.ca/fr/steps/employment-and-work/1-parlez-votre-employeur/" />
<meta property="og:site_name" content="Justice pas-à-pas" />
<meta property="article:publisher" content="https://www.facebook.com/CLEOLegalRights/" />
<meta property="article:modified_time" content="2022-09-26T16:05:16+00:00" />
<meta property="og:image" content="https://stepstojustice.ca/wp-content/uploads/Steps-to-Justice-logo.jpg" />
	<meta property="og:image:width" content="1200" />
	<meta property="og:image:height" content="650" />
	<meta property="og:image:type" content="image/jpeg" />
<meta name="twitter:card" content="summary_large_image" />
<meta name="twitter:site" content="@CLEOLegalRights" />
<meta name="twitter:label1" content="Est. reading time" />
	<meta name="twitter:data1" content="1 minute" />
<script type="application/ld+json" class="yoast-schema-graph">{"@context":"https://schema.org","@graph":[{"@type":"WebPage","@id":"https://stepstojustice.ca/fr/steps/employment-and-work/1-parlez-votre-employeur/","url":"https://stepstojustice.ca/fr/steps/employment-and-work/1-parlez-votre-employeur/","name":"1. Parlez a votre employeur - Justice pas-à-pas","isPartOf":{"@id":"https://stepstojustice.ca/fr/#website"},"datePublished":"2017-11-08T16:08:34+00:00","dateModified":"2022-09-26T16:05:16+00:00","description":"Vous pouvez demander à votre employeur de vous expliquer pourquoi vous avez été congédié, mais il n'est pas obligé de vous donner une raison. Il est tout","breadcrumb":{"@id":"https://stepstojustice.ca/fr/steps/employment-and-work/1-parlez-votre-employeur/#breadcrumb"},"inLanguage":"fr-FR","potentialAction":[{"@type":"ReadAction","target":["https://stepstojustice.ca/fr/steps/employment-and-work/1-parlez-votre-employeur/"]}]},{"@type":"BreadcrumbList","@id":"https://stepstojustice.ca/fr/steps/employment-and-work/1-parlez-votre-employeur/#breadcrumb","itemListElement":[{"@type":"ListItem","position":1,"name":"Home","item":"https://stepstojustice.ca/fr/"},{"@type":"ListItem","position":2,"name":"Next steps","item":"https://stepstojustice.ca/fr/steps/"},{"@type":"ListItem","position":3,"name":"1. Parlez a votre employeur"}]},{"@type":"WebSite","@id":"https://stepstojustice.ca/fr/#website","url":"https://stepstojustice.ca/fr/","name":"Justice pas-à-pas","description":"Step-by-step information about legal problems","publisher":{"@id":"https://stepstojustice.ca/fr/#organization"},"potentialAction":[{"@type":"SearchAction","target":{"@type":"EntryPoint","urlTemplate":"https://stepstojustice.ca/fr/?s={search_term_string}"},"query-input":{"@type":"PropertyValueSpecification","valueRequired":true,"valueName":"search_term_string"}}],"inLanguage":"fr-FR"},{"@type":"Organization","@id":"https://stepstojustice.ca/fr/#organization","name":"Justice pas-à-pas","url":"https://stepstojustice.ca/fr/","logo":{"@type":"ImageObject","inLanguage":"fr-FR","@id":"https://stepstojustice.ca/fr/#/schema/logo/image/","url":"https://stepstojustice.ca/wp-content/uploads/2020/10/logo-s2j.png","contentUrl":"https://stepstojustice.ca/wp-content/uploads/2020/10/logo-s2j.png","width":1000,"height":146,"caption":"Justice pas-à-pas"},"image":{"@id":"https://stepstojustice.ca/fr/#/schema/logo/image/"},"sameAs":["https://www.facebook.com/CLEOLegalRights/","https://x.com/CLEOLegalRights","https://www.instagram.com/communitylegaleducationon/"]}]}</script>
<!-- / Yoast SEO Premium plugin. -->

1. Parlez a votre employeur - Justice pas-à-pas

Vous pouvez demander à votre employeur de vous expliquer pourquoi vous avez été congédié, mais il n'est pas obligé de vous donner une raison. Il est tout

Justice pas-à-pas
