{"id":1177371,"date":"2017-10-20T10:44:07","date_gmt":"2017-10-20T14:44:07","guid":{"rendered":""},"modified":"2023-04-06T14:46:10","modified_gmt":"2023-04-06T18:46:10","slug":"2-indiquez-a-votre-employeur-la-date-de-votre-depart-0","status":"publish","type":"steps","link":"https:\/\/stepstojustice.ca\/fr\/steps\/employment-and-work\/2-indiquez-a-votre-employeur-la-date-de-votre-depart-0\/","title":{"rendered":"2. Indiquez \u00e0 votre employeur la date de votre d\u00e9part"},"content":{"rendered":"<p>Vous devez \u00e9crire \u00e0 votre employeur pour lui dire quand vous comptez commencer votre cong\u00e9 parental. Votre employeur doit recevoir la lettre au moins <strong>2 semaines<\/strong> avant votre d\u00e9part.<\/p>\n<p>Si vous prenez \u00e0 la fois un <a href=\"\/fr\/questions\/employment-and-work\/je-mapprete-a-devenir-parent-quels-sont-mes-droits-en-tant-que\/\"><strong>cong\u00e9 de maternit\u00e9<\/strong><\/a> et un <strong>cong\u00e9 parental<\/strong><strong>,<\/strong> indiquez dans la lettre la date de d\u00e9but de chaque cong\u00e9, ou encore donnez 2 lettres \u00e0 votre employeur, soit une pour chaque cong\u00e9.<\/p>\n<p>Il est \u00e9galement pr\u00e9f\u00e9rable de dire dans votre lettre combien de temps vous pr\u00e9voyez \u00eatre en cong\u00e9 parental.<\/p>\n<h3>Changer votre date de d\u00e9part<\/h3>\n<p>Si vous changez d\u2019avis \u00e0 propos de la date de <strong>d\u00e9but<\/strong> de votre cong\u00e9, vous devez le dire \u00e0 votre employeur dans une nouvelle lettre.<\/p>\n<h4>Commencer plus t\u00f4t<\/h4>\n<p>Si vous voulez que le cong\u00e9 commence <strong>plus t\u00f4t,<\/strong> vous devez \u00e9crire \u00e0 votre employeur au moins deux semaines avant la nouvelle date de d\u00e9but.<\/p>\n<p>Vous pouvez commencer votre cong\u00e9 parental <strong>plus t\u00f4t <\/strong>si :<\/p>\n<ul>\n<li>votre enfant na\u00eet avant la date pr\u00e9vue; ou<\/li>\n<li>votre enfant adoptif arrive plus t\u00f4t que pr\u00e9vu.<\/li>\n<\/ul>\n<p>Dans ce cas, vous devez envoyer une nouvelle lettre \u00e0 votre employeur dans les deux semaines suivant votre arr\u00eat de travail. La lettre doit indiquer la date du d\u00e9but de votre cong\u00e9.<\/p>\n<h4>Commencer plus tard<\/h4>\n<p>Pour que votre cong\u00e9 commence <strong>plus tard, <\/strong>vous devez lui \u00e9crire la nouvelle lettre \u00e0 votre employeur au moins 2 semaines avant la date \u00e0 laquelle vous avez annonc\u00e9 le d\u00e9but de votre cong\u00e9.<\/p>\n<h3>Tenue d\u2019un dossier<\/h3>\n<p>Conservez une copie de toutes les lettres et de toutes les notes que vous donnez \u00e0 votre employeur et notez la date \u00e0 laquelle vous les avez donn\u00e9s.<\/p>\n<!-- AddThis Advanced Settings generic via filter on the_content --><!-- AddThis Share Buttons generic via filter on the_content -->","protected":false},"author":3,"featured_media":0,"template":"","class_list":["post-1177371","steps","type-steps","status-publish","hentry"],"yoast_head":"<!-- This site is optimized with the Yoast SEO Premium plugin v23.9 (Yoast SEO v23.9) - https:\/\/yoast.com\/wordpress\/plugins\/seo\/ -->\n<title>2. Indiquez \u00e0 votre employeur la date de votre d\u00e9part - Justice pas-\u00e0-pas<\/title>\n<meta name=\"description\" content=\"Vous devez \u00e9crire \u00e0 votre employeur pour lui dire quand vous comptez commencer votre cong\u00e9 parental. Votre employeur doit recevoir la lettre au moins 2\" \/>\n<meta name=\"robots\" content=\"index, follow, max-snippet:-1, max-image-preview:large, max-video-preview:-1\" \/>\n<link rel=\"canonical\" href=\"https:\/\/stepstojustice.ca\/fr\/steps\/employment-and-work\/2-indiquez-a-votre-employeur-la-date-de-votre-depart-0\/\" \/>\n<meta property=\"og:locale\" content=\"fr_FR\" \/>\n<meta property=\"og:type\" content=\"article\" \/>\n<meta property=\"og:title\" content=\"2. Indiquez \u00e0 votre employeur la date de votre d\u00e9part - Justice pas-\u00e0-pas\" \/>\n<meta property=\"og:description\" content=\"Vous devez \u00e9crire \u00e0 votre employeur pour lui dire quand vous comptez commencer votre cong\u00e9 parental. Votre employeur doit recevoir la lettre au moins 2\" \/>\n<meta property=\"og:url\" content=\"https:\/\/stepstojustice.ca\/fr\/steps\/employment-and-work\/2-indiquez-a-votre-employeur-la-date-de-votre-depart-0\/\" \/>\n<meta property=\"og:site_name\" content=\"Justice pas-\u00e0-pas\" \/>\n<meta property=\"article:publisher\" content=\"https:\/\/www.facebook.com\/CLEOLegalRights\/\" \/>\n<meta property=\"article:modified_time\" content=\"2023-04-06T18:46:10+00:00\" \/>\n<meta property=\"og:image\" content=\"https:\/\/stepstojustice.ca\/wp-content\/uploads\/Steps-to-Justice-logo.jpg\" \/>\n\t<meta property=\"og:image:width\" content=\"1200\" \/>\n\t<meta property=\"og:image:height\" content=\"650\" \/>\n\t<meta property=\"og:image:type\" content=\"image\/jpeg\" \/>\n<meta name=\"twitter:card\" content=\"summary_large_image\" \/>\n<meta name=\"twitter:site\" content=\"@CLEOLegalRights\" \/>\n<meta name=\"twitter:label1\" content=\"Est. reading time\" \/>\n\t<meta name=\"twitter:data1\" content=\"2 minutes\" \/>\n<script type=\"application\/ld+json\" class=\"yoast-schema-graph\">{\"@context\":\"https:\/\/schema.org\",\"@graph\":[{\"@type\":\"WebPage\",\"@id\":\"https:\/\/stepstojustice.ca\/fr\/steps\/employment-and-work\/2-indiquez-a-votre-employeur-la-date-de-votre-depart-0\/\",\"url\":\"https:\/\/stepstojustice.ca\/fr\/steps\/employment-and-work\/2-indiquez-a-votre-employeur-la-date-de-votre-depart-0\/\",\"name\":\"2. Indiquez \u00e0 votre employeur la date de votre d\u00e9part - Justice pas-\u00e0-pas\",\"isPartOf\":{\"@id\":\"https:\/\/stepstojustice.ca\/fr\/#website\"},\"datePublished\":\"2017-10-20T14:44:07+00:00\",\"dateModified\":\"2023-04-06T18:46:10+00:00\",\"description\":\"Vous devez \u00e9crire \u00e0 votre employeur pour lui dire quand vous comptez commencer votre cong\u00e9 parental. Votre employeur doit recevoir la lettre au moins 2\",\"breadcrumb\":{\"@id\":\"https:\/\/stepstojustice.ca\/fr\/steps\/employment-and-work\/2-indiquez-a-votre-employeur-la-date-de-votre-depart-0\/#breadcrumb\"},\"inLanguage\":\"fr-FR\",\"potentialAction\":[{\"@type\":\"ReadAction\",\"target\":[\"https:\/\/stepstojustice.ca\/fr\/steps\/employment-and-work\/2-indiquez-a-votre-employeur-la-date-de-votre-depart-0\/\"]}]},{\"@type\":\"BreadcrumbList\",\"@id\":\"https:\/\/stepstojustice.ca\/fr\/steps\/employment-and-work\/2-indiquez-a-votre-employeur-la-date-de-votre-depart-0\/#breadcrumb\",\"itemListElement\":[{\"@type\":\"ListItem\",\"position\":1,\"name\":\"Home\",\"item\":\"https:\/\/stepstojustice.ca\/fr\/\"},{\"@type\":\"ListItem\",\"position\":2,\"name\":\"Next steps\",\"item\":\"https:\/\/stepstojustice.ca\/fr\/steps\/\"},{\"@type\":\"ListItem\",\"position\":3,\"name\":\"2. Indiquez \u00e0 votre employeur la date de votre d\u00e9part\"}]},{\"@type\":\"WebSite\",\"@id\":\"https:\/\/stepstojustice.ca\/fr\/#website\",\"url\":\"https:\/\/stepstojustice.ca\/fr\/\",\"name\":\"Justice pas-\u00e0-pas\",\"description\":\"Step-by-step information about legal problems\",\"publisher\":{\"@id\":\"https:\/\/stepstojustice.ca\/fr\/#organization\"},\"potentialAction\":[{\"@type\":\"SearchAction\",\"target\":{\"@type\":\"EntryPoint\",\"urlTemplate\":\"https:\/\/stepstojustice.ca\/fr\/?s={search_term_string}\"},\"query-input\":{\"@type\":\"PropertyValueSpecification\",\"valueRequired\":true,\"valueName\":\"search_term_string\"}}],\"inLanguage\":\"fr-FR\"},{\"@type\":\"Organization\",\"@id\":\"https:\/\/stepstojustice.ca\/fr\/#organization\",\"name\":\"Justice pas-\u00e0-pas\",\"url\":\"https:\/\/stepstojustice.ca\/fr\/\",\"logo\":{\"@type\":\"ImageObject\",\"inLanguage\":\"fr-FR\",\"@id\":\"https:\/\/stepstojustice.ca\/fr\/#\/schema\/logo\/image\/\",\"url\":\"https:\/\/stepstojustice.ca\/wp-content\/uploads\/2020\/10\/logo-s2j.png\",\"contentUrl\":\"https:\/\/stepstojustice.ca\/wp-content\/uploads\/2020\/10\/logo-s2j.png\",\"width\":1000,\"height\":146,\"caption\":\"Justice pas-\u00e0-pas\"},\"image\":{\"@id\":\"https:\/\/stepstojustice.ca\/fr\/#\/schema\/logo\/image\/\"},\"sameAs\":[\"https:\/\/www.facebook.com\/CLEOLegalRights\/\",\"https:\/\/x.com\/CLEOLegalRights\",\"https:\/\/www.instagram.com\/communitylegaleducationon\/\"]}]}<\/script>\n<!-- \/ Yoast SEO Premium plugin. -->","yoast_head_json":{"title":"2. Indiquez \u00e0 votre employeur la date de votre d\u00e9part - Justice pas-\u00e0-pas","description":"Vous devez \u00e9crire \u00e0 votre employeur pour lui dire quand vous comptez commencer votre cong\u00e9 parental. Votre employeur doit recevoir la lettre au moins 2","robots":{"index":"index","follow":"follow","max-snippet":"max-snippet:-1","max-image-preview":"max-image-preview:large","max-video-preview":"max-video-preview:-1"},"canonical":"https:\/\/stepstojustice.ca\/fr\/steps\/employment-and-work\/2-indiquez-a-votre-employeur-la-date-de-votre-depart-0\/","og_locale":"fr_FR","og_type":"article","og_title":"2. Indiquez \u00e0 votre employeur la date de votre d\u00e9part - Justice pas-\u00e0-pas","og_description":"Vous devez \u00e9crire \u00e0 votre employeur pour lui dire quand vous comptez commencer votre cong\u00e9 parental. Votre employeur doit recevoir la lettre au moins 2","og_url":"https:\/\/stepstojustice.ca\/fr\/steps\/employment-and-work\/2-indiquez-a-votre-employeur-la-date-de-votre-depart-0\/","og_site_name":"Justice pas-\u00e0-pas","article_publisher":"https:\/\/www.facebook.com\/CLEOLegalRights\/","article_modified_time":"2023-04-06T18:46:10+00:00","og_image":[{"width":1200,"height":650,"url":"https:\/\/stepstojustice.ca\/wp-content\/uploads\/Steps-to-Justice-logo.jpg","type":"image\/jpeg"}],"twitter_card":"summary_large_image","twitter_site":"@CLEOLegalRights","twitter_misc":{"Est. reading time":"2 minutes"},"schema":{"@context":"https:\/\/schema.org","@graph":[{"@type":"WebPage","@id":"https:\/\/stepstojustice.ca\/fr\/steps\/employment-and-work\/2-indiquez-a-votre-employeur-la-date-de-votre-depart-0\/","url":"https:\/\/stepstojustice.ca\/fr\/steps\/employment-and-work\/2-indiquez-a-votre-employeur-la-date-de-votre-depart-0\/","name":"2. Indiquez \u00e0 votre employeur la date de votre d\u00e9part - Justice pas-\u00e0-pas","isPartOf":{"@id":"https:\/\/stepstojustice.ca\/fr\/#website"},"datePublished":"2017-10-20T14:44:07+00:00","dateModified":"2023-04-06T18:46:10+00:00","description":"Vous devez \u00e9crire \u00e0 votre employeur pour lui dire quand vous comptez commencer votre cong\u00e9 parental. Votre employeur doit recevoir la lettre au moins 2","breadcrumb":{"@id":"https:\/\/stepstojustice.ca\/fr\/steps\/employment-and-work\/2-indiquez-a-votre-employeur-la-date-de-votre-depart-0\/#breadcrumb"},"inLanguage":"fr-FR","potentialAction":[{"@type":"ReadAction","target":["https:\/\/stepstojustice.ca\/fr\/steps\/employment-and-work\/2-indiquez-a-votre-employeur-la-date-de-votre-depart-0\/"]}]},{"@type":"BreadcrumbList","@id":"https:\/\/stepstojustice.ca\/fr\/steps\/employment-and-work\/2-indiquez-a-votre-employeur-la-date-de-votre-depart-0\/#breadcrumb","itemListElement":[{"@type":"ListItem","position":1,"name":"Home","item":"https:\/\/stepstojustice.ca\/fr\/"},{"@type":"ListItem","position":2,"name":"Next steps","item":"https:\/\/stepstojustice.ca\/fr\/steps\/"},{"@type":"ListItem","position":3,"name":"2. Indiquez \u00e0 votre employeur la date de votre d\u00e9part"}]},{"@type":"WebSite","@id":"https:\/\/stepstojustice.ca\/fr\/#website","url":"https:\/\/stepstojustice.ca\/fr\/","name":"Justice pas-\u00e0-pas","description":"Step-by-step information about legal problems","publisher":{"@id":"https:\/\/stepstojustice.ca\/fr\/#organization"},"potentialAction":[{"@type":"SearchAction","target":{"@type":"EntryPoint","urlTemplate":"https:\/\/stepstojustice.ca\/fr\/?s={search_term_string}"},"query-input":{"@type":"PropertyValueSpecification","valueRequired":true,"valueName":"search_term_string"}}],"inLanguage":"fr-FR"},{"@type":"Organization","@id":"https:\/\/stepstojustice.ca\/fr\/#organization","name":"Justice pas-\u00e0-pas","url":"https:\/\/stepstojustice.ca\/fr\/","logo":{"@type":"ImageObject","inLanguage":"fr-FR","@id":"https:\/\/stepstojustice.ca\/fr\/#\/schema\/logo\/image\/","url":"https:\/\/stepstojustice.ca\/wp-content\/uploads\/2020\/10\/logo-s2j.png","contentUrl":"https:\/\/stepstojustice.ca\/wp-content\/uploads\/2020\/10\/logo-s2j.png","width":1000,"height":146,"caption":"Justice pas-\u00e0-pas"},"image":{"@id":"https:\/\/stepstojustice.ca\/fr\/#\/schema\/logo\/image\/"},"sameAs":["https:\/\/www.facebook.com\/CLEOLegalRights\/","https:\/\/x.com\/CLEOLegalRights","https:\/\/www.instagram.com\/communitylegaleducationon\/"]}]}},"meta_box":{"questions_to_steps_from":["1171604"]},"_links":{"self":[{"href":"https:\/\/stepstojustice.ca\/fr\/wp-json\/wp\/v2\/steps\/1177371","targetHints":{"allow":["GET"]}}],"collection":[{"href":"https:\/\/stepstojustice.ca\/fr\/wp-json\/wp\/v2\/steps"}],"about":[{"href":"https:\/\/stepstojustice.ca\/fr\/wp-json\/wp\/v2\/types\/steps"}],"author":[{"embeddable":true,"href":"https:\/\/stepstojustice.ca\/fr\/wp-json\/wp\/v2\/users\/3"}],"version-history":[{"count":3,"href":"https:\/\/stepstojustice.ca\/fr\/wp-json\/wp\/v2\/steps\/1177371\/revisions"}],"predecessor-version":[{"id":1251946,"href":"https:\/\/stepstojustice.ca\/fr\/wp-json\/wp\/v2\/steps\/1177371\/revisions\/1251946"}],"wp:attachment":[{"href":"https:\/\/stepstojustice.ca\/fr\/wp-json\/wp\/v2\/media?parent=1177371"}],"curies":[{"name":"wp","href":"https:\/\/api.w.org\/{rel}","templated":true}]}}

2. Indiquez à votre employeur la date de votre départ

<p>Vous devez écrire à votre employeur pour lui dire quand vous comptez commencer votre congé parental. Votre employeur doit recevoir la lettre au moins <strong>2 semaines</strong> avant votre départ.</p>
<p>Si vous prenez à la fois un <a href="/fr/questions/employment-and-work/je-mapprete-a-devenir-parent-quels-sont-mes-droits-en-tant-que/"><strong>congé de maternité</strong></a> et un <strong>congé parental</strong><strong>,</strong> indiquez dans la lettre la date de début de chaque congé, ou encore donnez 2 lettres à votre employeur, soit une pour chaque congé.</p>
<p>Il est également préférable de dire dans votre lettre combien de temps vous prévoyez être en congé parental.</p>
<h3>Changer votre date de départ</h3>
<p>Si vous changez d’avis à propos de la date de <strong>début</strong> de votre congé, vous devez le dire à votre employeur dans une nouvelle lettre.</p>
<h4>Commencer plus tôt</h4>
<p>Si vous voulez que le congé commence <strong>plus tôt,</strong> vous devez écrire à votre employeur au moins deux semaines avant la nouvelle date de début.</p>
<p>Vous pouvez commencer votre congé parental <strong>plus tôt </strong>si :</p>
<ul>
<li>votre enfant naît avant la date prévue; ou</li>
<li>votre enfant adoptif arrive plus tôt que prévu.</li>
</ul>
<p>Dans ce cas, vous devez envoyer une nouvelle lettre à votre employeur dans les deux semaines suivant votre arrêt de travail. La lettre doit indiquer la date du début de votre congé.</p>
<h4>Commencer plus tard</h4>
<p>Pour que votre congé commence <strong>plus tard, </strong>vous devez lui écrire la nouvelle lettre à votre employeur au moins 2 semaines avant la date à laquelle vous avez annoncé le début de votre congé.</p>
<h3>Tenue d’un dossier</h3>
<p>Conservez une copie de toutes les lettres et de toutes les notes que vous donnez à votre employeur et notez la date à laquelle vous les avez donnés.</p>
<!-- AddThis Advanced Settings generic via filter on the_content --><!-- AddThis Share Buttons generic via filter on the_content -->

<!-- This site is optimized with the Yoast SEO Premium plugin v23.9 (Yoast SEO v23.9) - https://yoast.com/wordpress/plugins/seo/ -->
<title>2. Indiquez à votre employeur la date de votre départ - Justice pas-à-pas</title>
<meta name="description" content="Vous devez écrire à votre employeur pour lui dire quand vous comptez commencer votre congé parental. Votre employeur doit recevoir la lettre au moins 2" />
<meta name="robots" content="index, follow, max-snippet:-1, max-image-preview:large, max-video-preview:-1" />
<link rel="canonical" href="https://stepstojustice.ca/fr/steps/employment-and-work/2-indiquez-a-votre-employeur-la-date-de-votre-depart-0/" />
<meta property="og:locale" content="fr_FR" />
<meta property="og:type" content="article" />
<meta property="og:title" content="2. Indiquez à votre employeur la date de votre départ - Justice pas-à-pas" />
<meta property="og:description" content="Vous devez écrire à votre employeur pour lui dire quand vous comptez commencer votre congé parental. Votre employeur doit recevoir la lettre au moins 2" />
<meta property="og:url" content="https://stepstojustice.ca/fr/steps/employment-and-work/2-indiquez-a-votre-employeur-la-date-de-votre-depart-0/" />
<meta property="og:site_name" content="Justice pas-à-pas" />
<meta property="article:publisher" content="https://www.facebook.com/CLEOLegalRights/" />
<meta property="article:modified_time" content="2023-04-06T18:46:10+00:00" />
<meta property="og:image" content="https://stepstojustice.ca/wp-content/uploads/Steps-to-Justice-logo.jpg" />
	<meta property="og:image:width" content="1200" />
	<meta property="og:image:height" content="650" />
	<meta property="og:image:type" content="image/jpeg" />
<meta name="twitter:card" content="summary_large_image" />
<meta name="twitter:site" content="@CLEOLegalRights" />
<meta name="twitter:label1" content="Est. reading time" />
	<meta name="twitter:data1" content="2 minutes" />
<script type="application/ld+json" class="yoast-schema-graph">{"@context":"https://schema.org","@graph":[{"@type":"WebPage","@id":"https://stepstojustice.ca/fr/steps/employment-and-work/2-indiquez-a-votre-employeur-la-date-de-votre-depart-0/","url":"https://stepstojustice.ca/fr/steps/employment-and-work/2-indiquez-a-votre-employeur-la-date-de-votre-depart-0/","name":"2. Indiquez à votre employeur la date de votre départ - Justice pas-à-pas","isPartOf":{"@id":"https://stepstojustice.ca/fr/#website"},"datePublished":"2017-10-20T14:44:07+00:00","dateModified":"2023-04-06T18:46:10+00:00","description":"Vous devez écrire à votre employeur pour lui dire quand vous comptez commencer votre congé parental. Votre employeur doit recevoir la lettre au moins 2","breadcrumb":{"@id":"https://stepstojustice.ca/fr/steps/employment-and-work/2-indiquez-a-votre-employeur-la-date-de-votre-depart-0/#breadcrumb"},"inLanguage":"fr-FR","potentialAction":[{"@type":"ReadAction","target":["https://stepstojustice.ca/fr/steps/employment-and-work/2-indiquez-a-votre-employeur-la-date-de-votre-depart-0/"]}]},{"@type":"BreadcrumbList","@id":"https://stepstojustice.ca/fr/steps/employment-and-work/2-indiquez-a-votre-employeur-la-date-de-votre-depart-0/#breadcrumb","itemListElement":[{"@type":"ListItem","position":1,"name":"Home","item":"https://stepstojustice.ca/fr/"},{"@type":"ListItem","position":2,"name":"Next steps","item":"https://stepstojustice.ca/fr/steps/"},{"@type":"ListItem","position":3,"name":"2. Indiquez à votre employeur la date de votre départ"}]},{"@type":"WebSite","@id":"https://stepstojustice.ca/fr/#website","url":"https://stepstojustice.ca/fr/","name":"Justice pas-à-pas","description":"Step-by-step information about legal problems","publisher":{"@id":"https://stepstojustice.ca/fr/#organization"},"potentialAction":[{"@type":"SearchAction","target":{"@type":"EntryPoint","urlTemplate":"https://stepstojustice.ca/fr/?s={search_term_string}"},"query-input":{"@type":"PropertyValueSpecification","valueRequired":true,"valueName":"search_term_string"}}],"inLanguage":"fr-FR"},{"@type":"Organization","@id":"https://stepstojustice.ca/fr/#organization","name":"Justice pas-à-pas","url":"https://stepstojustice.ca/fr/","logo":{"@type":"ImageObject","inLanguage":"fr-FR","@id":"https://stepstojustice.ca/fr/#/schema/logo/image/","url":"https://stepstojustice.ca/wp-content/uploads/2020/10/logo-s2j.png","contentUrl":"https://stepstojustice.ca/wp-content/uploads/2020/10/logo-s2j.png","width":1000,"height":146,"caption":"Justice pas-à-pas"},"image":{"@id":"https://stepstojustice.ca/fr/#/schema/logo/image/"},"sameAs":["https://www.facebook.com/CLEOLegalRights/","https://x.com/CLEOLegalRights","https://www.instagram.com/communitylegaleducationon/"]}]}</script>
<!-- / Yoast SEO Premium plugin. -->

2. Indiquez à votre employeur la date de votre départ - Justice pas-à-pas

Vous devez écrire à votre employeur pour lui dire quand vous comptez commencer votre congé parental. Votre employeur doit recevoir la lettre au moins 2

Justice pas-à-pas
