{"id":1177439,"date":"2017-10-19T14:06:24","date_gmt":"2017-10-19T18:06:24","guid":{"rendered":""},"modified":"2021-10-08T10:15:49","modified_gmt":"2021-10-08T14:15:49","slug":"2-calculez-votre-salaire-pour-jour-ferie","status":"publish","type":"steps","link":"https:\/\/stepstojustice.ca\/fr\/steps\/employment-and-work\/2-calculez-votre-salaire-pour-jour-ferie\/","title":{"rendered":"2. Calculez votre salaire pour jour f\u00e9ri\u00e9"},"content":{"rendered":"<p>Pour conna\u00eetre le montant de salaire pour jour f\u00e9ri\u00e9 qui vous est d\u00fb\u00a0:<\/p>\n<ul>\n<li>additionnez votre salaire normal et l\u2019indemnit\u00e9 de vacances qui vous est payable pour les quatre semaines de travail pr\u00e9c\u00e9dant celle qui inclut le jour f\u00e9ri\u00e9;<\/li>\n<li>divisez cette somme par 20.<\/li>\n<\/ul>\n<p>Vous pouvez aussi utiliser le <a class=\"links-link ext new-link\" href=\"\/fr\/resource\/public-holiday-pay-calculator\/\" target=\"_blank\" rel=\"noopener\">calculateur du salaire pour jour f\u00e9ri\u00e9<\/a> sur le site du minist\u00e8re du Travail.<\/p>\n<p>Si vous travaillez cinq jours par semaine et le m\u00eame nombre d\u2019heures chaque jour, le salaire pour jour f\u00e9ri\u00e9 que vous obtiendrez sera identique \u00e0 votre salaire normal pour une journ\u00e9e de travail.<\/p>\n<!-- AddThis Advanced Settings generic via filter on the_content --><!-- AddThis Share Buttons generic via filter on the_content -->","protected":false},"author":3,"featured_media":0,"template":"","class_list":["post-1177439","steps","type-steps","status-publish","hentry"],"yoast_head":"<!-- This site is optimized with the Yoast SEO Premium plugin v23.9 (Yoast SEO v23.9) - https:\/\/yoast.com\/wordpress\/plugins\/seo\/ -->\n<title>2. Calculez votre salaire pour jour f\u00e9ri\u00e9 - Justice pas-\u00e0-pas<\/title>\n<meta name=\"description\" content=\"Pour conna\u00eetre le montant de salaire pour jour f\u00e9ri\u00e9 qui vous est d\u00fb\u00a0: additionnez votre salaire normal et l\u2019indemnit\u00e9 de vacances qui vous est payable\" \/>\n<meta name=\"robots\" content=\"index, follow, max-snippet:-1, max-image-preview:large, max-video-preview:-1\" \/>\n<link rel=\"canonical\" href=\"https:\/\/stepstojustice.ca\/fr\/steps\/employment-and-work\/2-calculez-votre-salaire-pour-jour-ferie\/\" \/>\n<meta property=\"og:locale\" content=\"fr_FR\" \/>\n<meta property=\"og:type\" content=\"article\" \/>\n<meta property=\"og:title\" content=\"2. Calculez votre salaire pour jour f\u00e9ri\u00e9 - Justice pas-\u00e0-pas\" \/>\n<meta property=\"og:description\" content=\"Pour conna\u00eetre le montant de salaire pour jour f\u00e9ri\u00e9 qui vous est d\u00fb\u00a0: additionnez votre salaire normal et l\u2019indemnit\u00e9 de vacances qui vous est payable\" \/>\n<meta property=\"og:url\" content=\"https:\/\/stepstojustice.ca\/fr\/steps\/employment-and-work\/2-calculez-votre-salaire-pour-jour-ferie\/\" \/>\n<meta property=\"og:site_name\" content=\"Justice pas-\u00e0-pas\" \/>\n<meta property=\"article:publisher\" content=\"https:\/\/www.facebook.com\/CLEOLegalRights\/\" \/>\n<meta property=\"article:modified_time\" content=\"2021-10-08T14:15:49+00:00\" \/>\n<meta property=\"og:image\" content=\"https:\/\/stepstojustice.ca\/wp-content\/uploads\/Steps-to-Justice-logo.jpg\" \/>\n\t<meta property=\"og:image:width\" content=\"1200\" \/>\n\t<meta property=\"og:image:height\" content=\"650\" \/>\n\t<meta property=\"og:image:type\" content=\"image\/jpeg\" \/>\n<meta name=\"twitter:card\" content=\"summary_large_image\" \/>\n<meta name=\"twitter:site\" content=\"@CLEOLegalRights\" \/>\n<meta name=\"twitter:label1\" content=\"Est. reading time\" \/>\n\t<meta name=\"twitter:data1\" content=\"1 minute\" \/>\n<script type=\"application\/ld+json\" class=\"yoast-schema-graph\">{\"@context\":\"https:\/\/schema.org\",\"@graph\":[{\"@type\":\"WebPage\",\"@id\":\"https:\/\/stepstojustice.ca\/fr\/steps\/employment-and-work\/2-calculez-votre-salaire-pour-jour-ferie\/\",\"url\":\"https:\/\/stepstojustice.ca\/fr\/steps\/employment-and-work\/2-calculez-votre-salaire-pour-jour-ferie\/\",\"name\":\"2. Calculez votre salaire pour jour f\u00e9ri\u00e9 - Justice pas-\u00e0-pas\",\"isPartOf\":{\"@id\":\"https:\/\/stepstojustice.ca\/fr\/#website\"},\"datePublished\":\"2017-10-19T18:06:24+00:00\",\"dateModified\":\"2021-10-08T14:15:49+00:00\",\"description\":\"Pour conna\u00eetre le montant de salaire pour jour f\u00e9ri\u00e9 qui vous est d\u00fb\u00a0: additionnez votre salaire normal et l\u2019indemnit\u00e9 de vacances qui vous est payable\",\"breadcrumb\":{\"@id\":\"https:\/\/stepstojustice.ca\/fr\/steps\/employment-and-work\/2-calculez-votre-salaire-pour-jour-ferie\/#breadcrumb\"},\"inLanguage\":\"fr-FR\",\"potentialAction\":[{\"@type\":\"ReadAction\",\"target\":[\"https:\/\/stepstojustice.ca\/fr\/steps\/employment-and-work\/2-calculez-votre-salaire-pour-jour-ferie\/\"]}]},{\"@type\":\"BreadcrumbList\",\"@id\":\"https:\/\/stepstojustice.ca\/fr\/steps\/employment-and-work\/2-calculez-votre-salaire-pour-jour-ferie\/#breadcrumb\",\"itemListElement\":[{\"@type\":\"ListItem\",\"position\":1,\"name\":\"Home\",\"item\":\"https:\/\/stepstojustice.ca\/fr\/\"},{\"@type\":\"ListItem\",\"position\":2,\"name\":\"Next steps\",\"item\":\"https:\/\/stepstojustice.ca\/fr\/steps\/\"},{\"@type\":\"ListItem\",\"position\":3,\"name\":\"2. Calculez votre salaire pour jour f\u00e9ri\u00e9\"}]},{\"@type\":\"WebSite\",\"@id\":\"https:\/\/stepstojustice.ca\/fr\/#website\",\"url\":\"https:\/\/stepstojustice.ca\/fr\/\",\"name\":\"Justice pas-\u00e0-pas\",\"description\":\"Step-by-step information about legal problems\",\"publisher\":{\"@id\":\"https:\/\/stepstojustice.ca\/fr\/#organization\"},\"potentialAction\":[{\"@type\":\"SearchAction\",\"target\":{\"@type\":\"EntryPoint\",\"urlTemplate\":\"https:\/\/stepstojustice.ca\/fr\/?s={search_term_string}\"},\"query-input\":{\"@type\":\"PropertyValueSpecification\",\"valueRequired\":true,\"valueName\":\"search_term_string\"}}],\"inLanguage\":\"fr-FR\"},{\"@type\":\"Organization\",\"@id\":\"https:\/\/stepstojustice.ca\/fr\/#organization\",\"name\":\"Justice pas-\u00e0-pas\",\"url\":\"https:\/\/stepstojustice.ca\/fr\/\",\"logo\":{\"@type\":\"ImageObject\",\"inLanguage\":\"fr-FR\",\"@id\":\"https:\/\/stepstojustice.ca\/fr\/#\/schema\/logo\/image\/\",\"url\":\"https:\/\/stepstojustice.ca\/wp-content\/uploads\/2020\/10\/logo-s2j.png\",\"contentUrl\":\"https:\/\/stepstojustice.ca\/wp-content\/uploads\/2020\/10\/logo-s2j.png\",\"width\":1000,\"height\":146,\"caption\":\"Justice pas-\u00e0-pas\"},\"image\":{\"@id\":\"https:\/\/stepstojustice.ca\/fr\/#\/schema\/logo\/image\/\"},\"sameAs\":[\"https:\/\/www.facebook.com\/CLEOLegalRights\/\",\"https:\/\/x.com\/CLEOLegalRights\",\"https:\/\/www.instagram.com\/communitylegaleducationon\/\"]}]}<\/script>\n<!-- \/ Yoast SEO Premium plugin. -->","yoast_head_json":{"title":"2. Calculez votre salaire pour jour f\u00e9ri\u00e9 - Justice pas-\u00e0-pas","description":"Pour conna\u00eetre le montant de salaire pour jour f\u00e9ri\u00e9 qui vous est d\u00fb\u00a0: additionnez votre salaire normal et l\u2019indemnit\u00e9 de vacances qui vous est payable","robots":{"index":"index","follow":"follow","max-snippet":"max-snippet:-1","max-image-preview":"max-image-preview:large","max-video-preview":"max-video-preview:-1"},"canonical":"https:\/\/stepstojustice.ca\/fr\/steps\/employment-and-work\/2-calculez-votre-salaire-pour-jour-ferie\/","og_locale":"fr_FR","og_type":"article","og_title":"2. Calculez votre salaire pour jour f\u00e9ri\u00e9 - Justice pas-\u00e0-pas","og_description":"Pour conna\u00eetre le montant de salaire pour jour f\u00e9ri\u00e9 qui vous est d\u00fb\u00a0: additionnez votre salaire normal et l\u2019indemnit\u00e9 de vacances qui vous est payable","og_url":"https:\/\/stepstojustice.ca\/fr\/steps\/employment-and-work\/2-calculez-votre-salaire-pour-jour-ferie\/","og_site_name":"Justice pas-\u00e0-pas","article_publisher":"https:\/\/www.facebook.com\/CLEOLegalRights\/","article_modified_time":"2021-10-08T14:15:49+00:00","og_image":[{"width":1200,"height":650,"url":"https:\/\/stepstojustice.ca\/wp-content\/uploads\/Steps-to-Justice-logo.jpg","type":"image\/jpeg"}],"twitter_card":"summary_large_image","twitter_site":"@CLEOLegalRights","twitter_misc":{"Est. reading time":"1 minute"},"schema":{"@context":"https:\/\/schema.org","@graph":[{"@type":"WebPage","@id":"https:\/\/stepstojustice.ca\/fr\/steps\/employment-and-work\/2-calculez-votre-salaire-pour-jour-ferie\/","url":"https:\/\/stepstojustice.ca\/fr\/steps\/employment-and-work\/2-calculez-votre-salaire-pour-jour-ferie\/","name":"2. Calculez votre salaire pour jour f\u00e9ri\u00e9 - Justice pas-\u00e0-pas","isPartOf":{"@id":"https:\/\/stepstojustice.ca\/fr\/#website"},"datePublished":"2017-10-19T18:06:24+00:00","dateModified":"2021-10-08T14:15:49+00:00","description":"Pour conna\u00eetre le montant de salaire pour jour f\u00e9ri\u00e9 qui vous est d\u00fb\u00a0: additionnez votre salaire normal et l\u2019indemnit\u00e9 de vacances qui vous est payable","breadcrumb":{"@id":"https:\/\/stepstojustice.ca\/fr\/steps\/employment-and-work\/2-calculez-votre-salaire-pour-jour-ferie\/#breadcrumb"},"inLanguage":"fr-FR","potentialAction":[{"@type":"ReadAction","target":["https:\/\/stepstojustice.ca\/fr\/steps\/employment-and-work\/2-calculez-votre-salaire-pour-jour-ferie\/"]}]},{"@type":"BreadcrumbList","@id":"https:\/\/stepstojustice.ca\/fr\/steps\/employment-and-work\/2-calculez-votre-salaire-pour-jour-ferie\/#breadcrumb","itemListElement":[{"@type":"ListItem","position":1,"name":"Home","item":"https:\/\/stepstojustice.ca\/fr\/"},{"@type":"ListItem","position":2,"name":"Next steps","item":"https:\/\/stepstojustice.ca\/fr\/steps\/"},{"@type":"ListItem","position":3,"name":"2. Calculez votre salaire pour jour f\u00e9ri\u00e9"}]},{"@type":"WebSite","@id":"https:\/\/stepstojustice.ca\/fr\/#website","url":"https:\/\/stepstojustice.ca\/fr\/","name":"Justice pas-\u00e0-pas","description":"Step-by-step information about legal problems","publisher":{"@id":"https:\/\/stepstojustice.ca\/fr\/#organization"},"potentialAction":[{"@type":"SearchAction","target":{"@type":"EntryPoint","urlTemplate":"https:\/\/stepstojustice.ca\/fr\/?s={search_term_string}"},"query-input":{"@type":"PropertyValueSpecification","valueRequired":true,"valueName":"search_term_string"}}],"inLanguage":"fr-FR"},{"@type":"Organization","@id":"https:\/\/stepstojustice.ca\/fr\/#organization","name":"Justice pas-\u00e0-pas","url":"https:\/\/stepstojustice.ca\/fr\/","logo":{"@type":"ImageObject","inLanguage":"fr-FR","@id":"https:\/\/stepstojustice.ca\/fr\/#\/schema\/logo\/image\/","url":"https:\/\/stepstojustice.ca\/wp-content\/uploads\/2020\/10\/logo-s2j.png","contentUrl":"https:\/\/stepstojustice.ca\/wp-content\/uploads\/2020\/10\/logo-s2j.png","width":1000,"height":146,"caption":"Justice pas-\u00e0-pas"},"image":{"@id":"https:\/\/stepstojustice.ca\/fr\/#\/schema\/logo\/image\/"},"sameAs":["https:\/\/www.facebook.com\/CLEOLegalRights\/","https:\/\/x.com\/CLEOLegalRights","https:\/\/www.instagram.com\/communitylegaleducationon\/"]}]}},"meta_box":{"questions_to_steps_from":["1171588"]},"_links":{"self":[{"href":"https:\/\/stepstojustice.ca\/fr\/wp-json\/wp\/v2\/steps\/1177439","targetHints":{"allow":["GET"]}}],"collection":[{"href":"https:\/\/stepstojustice.ca\/fr\/wp-json\/wp\/v2\/steps"}],"about":[{"href":"https:\/\/stepstojustice.ca\/fr\/wp-json\/wp\/v2\/types\/steps"}],"author":[{"embeddable":true,"href":"https:\/\/stepstojustice.ca\/fr\/wp-json\/wp\/v2\/users\/3"}],"version-history":[{"count":1,"href":"https:\/\/stepstojustice.ca\/fr\/wp-json\/wp\/v2\/steps\/1177439\/revisions"}],"predecessor-version":[{"id":1222431,"href":"https:\/\/stepstojustice.ca\/fr\/wp-json\/wp\/v2\/steps\/1177439\/revisions\/1222431"}],"wp:attachment":[{"href":"https:\/\/stepstojustice.ca\/fr\/wp-json\/wp\/v2\/media?parent=1177439"}],"curies":[{"name":"wp","href":"https:\/\/api.w.org\/{rel}","templated":true}]}}

2. Calculez votre salaire pour jour férié

<p>Pour connaître le montant de salaire pour jour férié qui vous est dû :</p>
<ul>
<li>additionnez votre salaire normal et l’indemnité de vacances qui vous est payable pour les quatre semaines de travail précédant celle qui inclut le jour férié;</li>
<li>divisez cette somme par 20.</li>
</ul>
<p>Vous pouvez aussi utiliser le <a class="links-link ext new-link" href="/fr/resource/public-holiday-pay-calculator/" target="_blank" rel="noopener">calculateur du salaire pour jour férié</a> sur le site du ministère du Travail.</p>
<p>Si vous travaillez cinq jours par semaine et le même nombre d’heures chaque jour, le salaire pour jour férié que vous obtiendrez sera identique à votre salaire normal pour une journée de travail.</p>
<!-- AddThis Advanced Settings generic via filter on the_content --><!-- AddThis Share Buttons generic via filter on the_content -->

<!-- This site is optimized with the Yoast SEO Premium plugin v23.9 (Yoast SEO v23.9) - https://yoast.com/wordpress/plugins/seo/ -->
<title>2. Calculez votre salaire pour jour férié - Justice pas-à-pas</title>
<meta name="description" content="Pour connaître le montant de salaire pour jour férié qui vous est dû : additionnez votre salaire normal et l’indemnité de vacances qui vous est payable" />
<meta name="robots" content="index, follow, max-snippet:-1, max-image-preview:large, max-video-preview:-1" />
<link rel="canonical" href="https://stepstojustice.ca/fr/steps/employment-and-work/2-calculez-votre-salaire-pour-jour-ferie/" />
<meta property="og:locale" content="fr_FR" />
<meta property="og:type" content="article" />
<meta property="og:title" content="2. Calculez votre salaire pour jour férié - Justice pas-à-pas" />
<meta property="og:description" content="Pour connaître le montant de salaire pour jour férié qui vous est dû : additionnez votre salaire normal et l’indemnité de vacances qui vous est payable" />
<meta property="og:url" content="https://stepstojustice.ca/fr/steps/employment-and-work/2-calculez-votre-salaire-pour-jour-ferie/" />
<meta property="og:site_name" content="Justice pas-à-pas" />
<meta property="article:publisher" content="https://www.facebook.com/CLEOLegalRights/" />
<meta property="article:modified_time" content="2021-10-08T14:15:49+00:00" />
<meta property="og:image" content="https://stepstojustice.ca/wp-content/uploads/Steps-to-Justice-logo.jpg" />
	<meta property="og:image:width" content="1200" />
	<meta property="og:image:height" content="650" />
	<meta property="og:image:type" content="image/jpeg" />
<meta name="twitter:card" content="summary_large_image" />
<meta name="twitter:site" content="@CLEOLegalRights" />
<meta name="twitter:label1" content="Est. reading time" />
	<meta name="twitter:data1" content="1 minute" />
<script type="application/ld+json" class="yoast-schema-graph">{"@context":"https://schema.org","@graph":[{"@type":"WebPage","@id":"https://stepstojustice.ca/fr/steps/employment-and-work/2-calculez-votre-salaire-pour-jour-ferie/","url":"https://stepstojustice.ca/fr/steps/employment-and-work/2-calculez-votre-salaire-pour-jour-ferie/","name":"2. Calculez votre salaire pour jour férié - Justice pas-à-pas","isPartOf":{"@id":"https://stepstojustice.ca/fr/#website"},"datePublished":"2017-10-19T18:06:24+00:00","dateModified":"2021-10-08T14:15:49+00:00","description":"Pour connaître le montant de salaire pour jour férié qui vous est dû : additionnez votre salaire normal et l’indemnité de vacances qui vous est payable","breadcrumb":{"@id":"https://stepstojustice.ca/fr/steps/employment-and-work/2-calculez-votre-salaire-pour-jour-ferie/#breadcrumb"},"inLanguage":"fr-FR","potentialAction":[{"@type":"ReadAction","target":["https://stepstojustice.ca/fr/steps/employment-and-work/2-calculez-votre-salaire-pour-jour-ferie/"]}]},{"@type":"BreadcrumbList","@id":"https://stepstojustice.ca/fr/steps/employment-and-work/2-calculez-votre-salaire-pour-jour-ferie/#breadcrumb","itemListElement":[{"@type":"ListItem","position":1,"name":"Home","item":"https://stepstojustice.ca/fr/"},{"@type":"ListItem","position":2,"name":"Next steps","item":"https://stepstojustice.ca/fr/steps/"},{"@type":"ListItem","position":3,"name":"2. Calculez votre salaire pour jour férié"}]},{"@type":"WebSite","@id":"https://stepstojustice.ca/fr/#website","url":"https://stepstojustice.ca/fr/","name":"Justice pas-à-pas","description":"Step-by-step information about legal problems","publisher":{"@id":"https://stepstojustice.ca/fr/#organization"},"potentialAction":[{"@type":"SearchAction","target":{"@type":"EntryPoint","urlTemplate":"https://stepstojustice.ca/fr/?s={search_term_string}"},"query-input":{"@type":"PropertyValueSpecification","valueRequired":true,"valueName":"search_term_string"}}],"inLanguage":"fr-FR"},{"@type":"Organization","@id":"https://stepstojustice.ca/fr/#organization","name":"Justice pas-à-pas","url":"https://stepstojustice.ca/fr/","logo":{"@type":"ImageObject","inLanguage":"fr-FR","@id":"https://stepstojustice.ca/fr/#/schema/logo/image/","url":"https://stepstojustice.ca/wp-content/uploads/2020/10/logo-s2j.png","contentUrl":"https://stepstojustice.ca/wp-content/uploads/2020/10/logo-s2j.png","width":1000,"height":146,"caption":"Justice pas-à-pas"},"image":{"@id":"https://stepstojustice.ca/fr/#/schema/logo/image/"},"sameAs":["https://www.facebook.com/CLEOLegalRights/","https://x.com/CLEOLegalRights","https://www.instagram.com/communitylegaleducationon/"]}]}</script>
<!-- / Yoast SEO Premium plugin. -->

2. Calculez votre salaire pour jour férié - Justice pas-à-pas

Pour connaître le montant de salaire pour jour férié qui vous est dû : additionnez votre salaire normal et l’indemnité de vacances qui vous est payable

Justice pas-à-pas
