{"id":1177756,"date":"2018-02-27T10:04:45","date_gmt":"2018-02-27T15:04:45","guid":{"rendered":""},"modified":"2022-01-28T10:05:19","modified_gmt":"2022-01-28T15:05:19","slug":"5-fixez-la-date-de-votre-conference-de-gestion-du-proces","status":"publish","type":"steps","link":"https:\/\/stepstojustice.ca\/fr\/steps\/family-law\/5-fixez-la-date-de-votre-conference-de-gestion-du-proces\/","title":{"rendered":"5. Fixez la date de votre conf\u00e9rence de gestion du proc\u00e8s"},"content":{"rendered":"<p>Le juge fixe habituellement la date d&#8217;une <span class=\"glossary\" term=\"1179920\">conf\u00e9rence de gestion du proc\u00e8s<\/span> s&#8217;il estime que votre partenaire et vous-m\u00eame ne r\u00e9soudrez pas vos litiges et qu&#8217;un proc\u00e8s sera n\u00e9cessaire pour r\u00e9gler votre affaire.<\/p>\n<p>Durant votre <a href=\"\/fr\/questions\/family-law\/quest-ce-que-la-conference-de-gestion-du-proces-en-droit-de-la-famille-et\/\">conf\u00e9rence de gestion du proc\u00e8s<\/a>, votre partenaire et vous-m\u00eame, ainsi que vos avocats le cas \u00e9ch\u00e9ant, rencontrez un juge une derni\u00e8re fois avant le proc\u00e8s.<\/p>\n<h3>La Cour sup\u00e9rieure de justice<\/h3>\n<p>Si votre affaire est entendue par la Cour sup\u00e9rieure de justice ou la division de la Cour de la famille de la Cour sup\u00e9rieure de justice, vous devez remplir la <a class=\"links-link ext new-link\" href=\"\/fr\/resource\/formulaire-d-inscription-au-r-le-de-proc-s-partie-1\/\" target=\"_blank\" rel=\"noopener\">Partie\u00a01<\/a> et la <a class=\"links-link ext new-link\" href=\"\/fr\/resource\/formulaire-d-inscription-au-r-le-de-proc-s-partie-2\/\" target=\"_blank\" rel=\"noopener\">Partie\u00a02<\/a> du Formulaire d&#8217;<span class=\"no-glossary\">inscription<\/span> au r\u00f4le des proc\u00e8s \u00e0 la fin de votre derni\u00e8re <span class=\"glossary\" term=\"1179765\">conf\u00e9rence en vue d&#8217;un r\u00e8glement<\/span>.<\/p>\n<p>Dans ce formulaire, vous faites la liste de vos\u00a0litiges \u00e0 trancher et des t\u00e9moins que vous comptez appeler et indiquez la dur\u00e9e estim\u00e9e du proc\u00e8s. Le juge lit et signe le formulaire.<\/p>\n<p>Si vous ne pouvez remplir le formulaire sur-le-champ, le juge peut fixer une date \u00e0 laquelle vous reviendrez au tribunal.<\/p>\n<p>Vous pourriez ne pas obtenir de date pour votre proc\u00e8s tant que ce formulaire n&#8217;a pas \u00e9t\u00e9 rempli et sign\u00e9 par le juge.<\/p>\n<!-- AddThis Advanced Settings generic via filter on the_content --><!-- AddThis Share Buttons generic via filter on the_content -->","protected":false},"author":3,"featured_media":0,"template":"","class_list":["post-1177756","steps","type-steps","status-publish","hentry"],"yoast_head":"<!-- This site is optimized with the Yoast SEO Premium plugin v23.9 (Yoast SEO v23.9) - https:\/\/yoast.com\/wordpress\/plugins\/seo\/ -->\n<title>5. Fixez la date de votre conf\u00e9rence de gestion du proc\u00e8s - Justice pas-\u00e0-pas<\/title>\n<meta name=\"description\" content=\"Le juge fixe habituellement la date d&#039;une conf\u00e9rence de gestion du proc\u00e8s s&#039;il estime que votre partenaire et vous-m\u00eame ne r\u00e9soudrez pas vos litiges et\" \/>\n<meta name=\"robots\" content=\"index, follow, max-snippet:-1, max-image-preview:large, max-video-preview:-1\" \/>\n<link rel=\"canonical\" href=\"https:\/\/stepstojustice.ca\/fr\/steps\/family-law\/5-fixez-la-date-de-votre-conference-de-gestion-du-proces\/\" \/>\n<meta property=\"og:locale\" content=\"fr_FR\" \/>\n<meta property=\"og:type\" content=\"article\" \/>\n<meta property=\"og:title\" content=\"5. Fixez la date de votre conf\u00e9rence de gestion du proc\u00e8s - Justice pas-\u00e0-pas\" \/>\n<meta property=\"og:description\" content=\"Le juge fixe habituellement la date d&#039;une conf\u00e9rence de gestion du proc\u00e8s s&#039;il estime que votre partenaire et vous-m\u00eame ne r\u00e9soudrez pas vos litiges et\" \/>\n<meta property=\"og:url\" content=\"https:\/\/stepstojustice.ca\/fr\/steps\/family-law\/5-fixez-la-date-de-votre-conference-de-gestion-du-proces\/\" \/>\n<meta property=\"og:site_name\" content=\"Justice pas-\u00e0-pas\" \/>\n<meta property=\"article:publisher\" content=\"https:\/\/www.facebook.com\/CLEOLegalRights\/\" \/>\n<meta property=\"article:modified_time\" content=\"2022-01-28T15:05:19+00:00\" \/>\n<meta property=\"og:image\" content=\"https:\/\/stepstojustice.ca\/wp-content\/uploads\/Steps-to-Justice-logo.jpg\" \/>\n\t<meta property=\"og:image:width\" content=\"1200\" \/>\n\t<meta property=\"og:image:height\" content=\"650\" \/>\n\t<meta property=\"og:image:type\" content=\"image\/jpeg\" \/>\n<meta name=\"twitter:card\" content=\"summary_large_image\" \/>\n<meta name=\"twitter:site\" content=\"@CLEOLegalRights\" \/>\n<meta name=\"twitter:label1\" content=\"Est. reading time\" \/>\n\t<meta name=\"twitter:data1\" content=\"1 minute\" \/>\n<script type=\"application\/ld+json\" class=\"yoast-schema-graph\">{\"@context\":\"https:\/\/schema.org\",\"@graph\":[{\"@type\":\"WebPage\",\"@id\":\"https:\/\/stepstojustice.ca\/fr\/steps\/family-law\/5-fixez-la-date-de-votre-conference-de-gestion-du-proces\/\",\"url\":\"https:\/\/stepstojustice.ca\/fr\/steps\/family-law\/5-fixez-la-date-de-votre-conference-de-gestion-du-proces\/\",\"name\":\"5. Fixez la date de votre conf\u00e9rence de gestion du proc\u00e8s - Justice pas-\u00e0-pas\",\"isPartOf\":{\"@id\":\"https:\/\/stepstojustice.ca\/fr\/#website\"},\"datePublished\":\"2018-02-27T15:04:45+00:00\",\"dateModified\":\"2022-01-28T15:05:19+00:00\",\"description\":\"Le juge fixe habituellement la date d'une conf\u00e9rence de gestion du proc\u00e8s s'il estime que votre partenaire et vous-m\u00eame ne r\u00e9soudrez pas vos litiges et\",\"breadcrumb\":{\"@id\":\"https:\/\/stepstojustice.ca\/fr\/steps\/family-law\/5-fixez-la-date-de-votre-conference-de-gestion-du-proces\/#breadcrumb\"},\"inLanguage\":\"fr-FR\",\"potentialAction\":[{\"@type\":\"ReadAction\",\"target\":[\"https:\/\/stepstojustice.ca\/fr\/steps\/family-law\/5-fixez-la-date-de-votre-conference-de-gestion-du-proces\/\"]}]},{\"@type\":\"BreadcrumbList\",\"@id\":\"https:\/\/stepstojustice.ca\/fr\/steps\/family-law\/5-fixez-la-date-de-votre-conference-de-gestion-du-proces\/#breadcrumb\",\"itemListElement\":[{\"@type\":\"ListItem\",\"position\":1,\"name\":\"Home\",\"item\":\"https:\/\/stepstojustice.ca\/fr\/\"},{\"@type\":\"ListItem\",\"position\":2,\"name\":\"Next steps\",\"item\":\"https:\/\/stepstojustice.ca\/fr\/steps\/\"},{\"@type\":\"ListItem\",\"position\":3,\"name\":\"5. Fixez la date de votre conf\u00e9rence de gestion du proc\u00e8s\"}]},{\"@type\":\"WebSite\",\"@id\":\"https:\/\/stepstojustice.ca\/fr\/#website\",\"url\":\"https:\/\/stepstojustice.ca\/fr\/\",\"name\":\"Justice pas-\u00e0-pas\",\"description\":\"Step-by-step information about legal problems\",\"publisher\":{\"@id\":\"https:\/\/stepstojustice.ca\/fr\/#organization\"},\"potentialAction\":[{\"@type\":\"SearchAction\",\"target\":{\"@type\":\"EntryPoint\",\"urlTemplate\":\"https:\/\/stepstojustice.ca\/fr\/?s={search_term_string}\"},\"query-input\":{\"@type\":\"PropertyValueSpecification\",\"valueRequired\":true,\"valueName\":\"search_term_string\"}}],\"inLanguage\":\"fr-FR\"},{\"@type\":\"Organization\",\"@id\":\"https:\/\/stepstojustice.ca\/fr\/#organization\",\"name\":\"Justice pas-\u00e0-pas\",\"url\":\"https:\/\/stepstojustice.ca\/fr\/\",\"logo\":{\"@type\":\"ImageObject\",\"inLanguage\":\"fr-FR\",\"@id\":\"https:\/\/stepstojustice.ca\/fr\/#\/schema\/logo\/image\/\",\"url\":\"https:\/\/stepstojustice.ca\/wp-content\/uploads\/2020\/10\/logo-s2j.png\",\"contentUrl\":\"https:\/\/stepstojustice.ca\/wp-content\/uploads\/2020\/10\/logo-s2j.png\",\"width\":1000,\"height\":146,\"caption\":\"Justice pas-\u00e0-pas\"},\"image\":{\"@id\":\"https:\/\/stepstojustice.ca\/fr\/#\/schema\/logo\/image\/\"},\"sameAs\":[\"https:\/\/www.facebook.com\/CLEOLegalRights\/\",\"https:\/\/x.com\/CLEOLegalRights\",\"https:\/\/www.instagram.com\/communitylegaleducationon\/\"]}]}<\/script>\n<!-- \/ Yoast SEO Premium plugin. -->","yoast_head_json":{"title":"5. Fixez la date de votre conf\u00e9rence de gestion du proc\u00e8s - Justice pas-\u00e0-pas","description":"Le juge fixe habituellement la date d'une conf\u00e9rence de gestion du proc\u00e8s s'il estime que votre partenaire et vous-m\u00eame ne r\u00e9soudrez pas vos litiges et","robots":{"index":"index","follow":"follow","max-snippet":"max-snippet:-1","max-image-preview":"max-image-preview:large","max-video-preview":"max-video-preview:-1"},"canonical":"https:\/\/stepstojustice.ca\/fr\/steps\/family-law\/5-fixez-la-date-de-votre-conference-de-gestion-du-proces\/","og_locale":"fr_FR","og_type":"article","og_title":"5. Fixez la date de votre conf\u00e9rence de gestion du proc\u00e8s - Justice pas-\u00e0-pas","og_description":"Le juge fixe habituellement la date d'une conf\u00e9rence de gestion du proc\u00e8s s'il estime que votre partenaire et vous-m\u00eame ne r\u00e9soudrez pas vos litiges et","og_url":"https:\/\/stepstojustice.ca\/fr\/steps\/family-law\/5-fixez-la-date-de-votre-conference-de-gestion-du-proces\/","og_site_name":"Justice pas-\u00e0-pas","article_publisher":"https:\/\/www.facebook.com\/CLEOLegalRights\/","article_modified_time":"2022-01-28T15:05:19+00:00","og_image":[{"width":1200,"height":650,"url":"https:\/\/stepstojustice.ca\/wp-content\/uploads\/Steps-to-Justice-logo.jpg","type":"image\/jpeg"}],"twitter_card":"summary_large_image","twitter_site":"@CLEOLegalRights","twitter_misc":{"Est. reading time":"1 minute"},"schema":{"@context":"https:\/\/schema.org","@graph":[{"@type":"WebPage","@id":"https:\/\/stepstojustice.ca\/fr\/steps\/family-law\/5-fixez-la-date-de-votre-conference-de-gestion-du-proces\/","url":"https:\/\/stepstojustice.ca\/fr\/steps\/family-law\/5-fixez-la-date-de-votre-conference-de-gestion-du-proces\/","name":"5. Fixez la date de votre conf\u00e9rence de gestion du proc\u00e8s - Justice pas-\u00e0-pas","isPartOf":{"@id":"https:\/\/stepstojustice.ca\/fr\/#website"},"datePublished":"2018-02-27T15:04:45+00:00","dateModified":"2022-01-28T15:05:19+00:00","description":"Le juge fixe habituellement la date d'une conf\u00e9rence de gestion du proc\u00e8s s'il estime que votre partenaire et vous-m\u00eame ne r\u00e9soudrez pas vos litiges et","breadcrumb":{"@id":"https:\/\/stepstojustice.ca\/fr\/steps\/family-law\/5-fixez-la-date-de-votre-conference-de-gestion-du-proces\/#breadcrumb"},"inLanguage":"fr-FR","potentialAction":[{"@type":"ReadAction","target":["https:\/\/stepstojustice.ca\/fr\/steps\/family-law\/5-fixez-la-date-de-votre-conference-de-gestion-du-proces\/"]}]},{"@type":"BreadcrumbList","@id":"https:\/\/stepstojustice.ca\/fr\/steps\/family-law\/5-fixez-la-date-de-votre-conference-de-gestion-du-proces\/#breadcrumb","itemListElement":[{"@type":"ListItem","position":1,"name":"Home","item":"https:\/\/stepstojustice.ca\/fr\/"},{"@type":"ListItem","position":2,"name":"Next steps","item":"https:\/\/stepstojustice.ca\/fr\/steps\/"},{"@type":"ListItem","position":3,"name":"5. Fixez la date de votre conf\u00e9rence de gestion du proc\u00e8s"}]},{"@type":"WebSite","@id":"https:\/\/stepstojustice.ca\/fr\/#website","url":"https:\/\/stepstojustice.ca\/fr\/","name":"Justice pas-\u00e0-pas","description":"Step-by-step information about legal problems","publisher":{"@id":"https:\/\/stepstojustice.ca\/fr\/#organization"},"potentialAction":[{"@type":"SearchAction","target":{"@type":"EntryPoint","urlTemplate":"https:\/\/stepstojustice.ca\/fr\/?s={search_term_string}"},"query-input":{"@type":"PropertyValueSpecification","valueRequired":true,"valueName":"search_term_string"}}],"inLanguage":"fr-FR"},{"@type":"Organization","@id":"https:\/\/stepstojustice.ca\/fr\/#organization","name":"Justice pas-\u00e0-pas","url":"https:\/\/stepstojustice.ca\/fr\/","logo":{"@type":"ImageObject","inLanguage":"fr-FR","@id":"https:\/\/stepstojustice.ca\/fr\/#\/schema\/logo\/image\/","url":"https:\/\/stepstojustice.ca\/wp-content\/uploads\/2020\/10\/logo-s2j.png","contentUrl":"https:\/\/stepstojustice.ca\/wp-content\/uploads\/2020\/10\/logo-s2j.png","width":1000,"height":146,"caption":"Justice pas-\u00e0-pas"},"image":{"@id":"https:\/\/stepstojustice.ca\/fr\/#\/schema\/logo\/image\/"},"sameAs":["https:\/\/www.facebook.com\/CLEOLegalRights\/","https:\/\/x.com\/CLEOLegalRights","https:\/\/www.instagram.com\/communitylegaleducationon\/"]}]}},"meta_box":{"questions_to_steps_from":["1171480"]},"_links":{"self":[{"href":"https:\/\/stepstojustice.ca\/fr\/wp-json\/wp\/v2\/steps\/1177756","targetHints":{"allow":["GET"]}}],"collection":[{"href":"https:\/\/stepstojustice.ca\/fr\/wp-json\/wp\/v2\/steps"}],"about":[{"href":"https:\/\/stepstojustice.ca\/fr\/wp-json\/wp\/v2\/types\/steps"}],"author":[{"embeddable":true,"href":"https:\/\/stepstojustice.ca\/fr\/wp-json\/wp\/v2\/users\/3"}],"version-history":[{"count":6,"href":"https:\/\/stepstojustice.ca\/fr\/wp-json\/wp\/v2\/steps\/1177756\/revisions"}],"predecessor-version":[{"id":1231957,"href":"https:\/\/stepstojustice.ca\/fr\/wp-json\/wp\/v2\/steps\/1177756\/revisions\/1231957"}],"wp:attachment":[{"href":"https:\/\/stepstojustice.ca\/fr\/wp-json\/wp\/v2\/media?parent=1177756"}],"curies":[{"name":"wp","href":"https:\/\/api.w.org\/{rel}","templated":true}]}}

5. Fixez la date de votre conférence de gestion du procès

<p>Le juge fixe habituellement la date d&#8217;une <span class="glossary" term="1179920">conférence de gestion du procès</span> s&#8217;il estime que votre partenaire et vous-même ne résoudrez pas vos litiges et qu&#8217;un procès sera nécessaire pour régler votre affaire.</p>
<p>Durant votre <a href="/fr/questions/family-law/quest-ce-que-la-conference-de-gestion-du-proces-en-droit-de-la-famille-et/">conférence de gestion du procès</a>, votre partenaire et vous-même, ainsi que vos avocats le cas échéant, rencontrez un juge une dernière fois avant le procès.</p>
<h3>La Cour supérieure de justice</h3>
<p>Si votre affaire est entendue par la Cour supérieure de justice ou la division de la Cour de la famille de la Cour supérieure de justice, vous devez remplir la <a class="links-link ext new-link" href="/fr/resource/formulaire-d-inscription-au-r-le-de-proc-s-partie-1/" target="_blank" rel="noopener">Partie 1</a> et la <a class="links-link ext new-link" href="/fr/resource/formulaire-d-inscription-au-r-le-de-proc-s-partie-2/" target="_blank" rel="noopener">Partie 2</a> du Formulaire d&#8217;<span class="no-glossary">inscription</span> au rôle des procès à la fin de votre dernière <span class="glossary" term="1179765">conférence en vue d&#8217;un règlement</span>.</p>
<p>Dans ce formulaire, vous faites la liste de vos litiges à trancher et des témoins que vous comptez appeler et indiquez la durée estimée du procès. Le juge lit et signe le formulaire.</p>
<p>Si vous ne pouvez remplir le formulaire sur-le-champ, le juge peut fixer une date à laquelle vous reviendrez au tribunal.</p>
<p>Vous pourriez ne pas obtenir de date pour votre procès tant que ce formulaire n&#8217;a pas été rempli et signé par le juge.</p>
<!-- AddThis Advanced Settings generic via filter on the_content --><!-- AddThis Share Buttons generic via filter on the_content -->

<!-- This site is optimized with the Yoast SEO Premium plugin v23.9 (Yoast SEO v23.9) - https://yoast.com/wordpress/plugins/seo/ -->
<title>5. Fixez la date de votre conférence de gestion du procès - Justice pas-à-pas</title>
<meta name="description" content="Le juge fixe habituellement la date d&#039;une conférence de gestion du procès s&#039;il estime que votre partenaire et vous-même ne résoudrez pas vos litiges et" />
<meta name="robots" content="index, follow, max-snippet:-1, max-image-preview:large, max-video-preview:-1" />
<link rel="canonical" href="https://stepstojustice.ca/fr/steps/family-law/5-fixez-la-date-de-votre-conference-de-gestion-du-proces/" />
<meta property="og:locale" content="fr_FR" />
<meta property="og:type" content="article" />
<meta property="og:title" content="5. Fixez la date de votre conférence de gestion du procès - Justice pas-à-pas" />
<meta property="og:description" content="Le juge fixe habituellement la date d&#039;une conférence de gestion du procès s&#039;il estime que votre partenaire et vous-même ne résoudrez pas vos litiges et" />
<meta property="og:url" content="https://stepstojustice.ca/fr/steps/family-law/5-fixez-la-date-de-votre-conference-de-gestion-du-proces/" />
<meta property="og:site_name" content="Justice pas-à-pas" />
<meta property="article:publisher" content="https://www.facebook.com/CLEOLegalRights/" />
<meta property="article:modified_time" content="2022-01-28T15:05:19+00:00" />
<meta property="og:image" content="https://stepstojustice.ca/wp-content/uploads/Steps-to-Justice-logo.jpg" />
	<meta property="og:image:width" content="1200" />
	<meta property="og:image:height" content="650" />
	<meta property="og:image:type" content="image/jpeg" />
<meta name="twitter:card" content="summary_large_image" />
<meta name="twitter:site" content="@CLEOLegalRights" />
<meta name="twitter:label1" content="Est. reading time" />
	<meta name="twitter:data1" content="1 minute" />
<script type="application/ld+json" class="yoast-schema-graph">{"@context":"https://schema.org","@graph":[{"@type":"WebPage","@id":"https://stepstojustice.ca/fr/steps/family-law/5-fixez-la-date-de-votre-conference-de-gestion-du-proces/","url":"https://stepstojustice.ca/fr/steps/family-law/5-fixez-la-date-de-votre-conference-de-gestion-du-proces/","name":"5. Fixez la date de votre conférence de gestion du procès - Justice pas-à-pas","isPartOf":{"@id":"https://stepstojustice.ca/fr/#website"},"datePublished":"2018-02-27T15:04:45+00:00","dateModified":"2022-01-28T15:05:19+00:00","description":"Le juge fixe habituellement la date d'une conférence de gestion du procès s'il estime que votre partenaire et vous-même ne résoudrez pas vos litiges et","breadcrumb":{"@id":"https://stepstojustice.ca/fr/steps/family-law/5-fixez-la-date-de-votre-conference-de-gestion-du-proces/#breadcrumb"},"inLanguage":"fr-FR","potentialAction":[{"@type":"ReadAction","target":["https://stepstojustice.ca/fr/steps/family-law/5-fixez-la-date-de-votre-conference-de-gestion-du-proces/"]}]},{"@type":"BreadcrumbList","@id":"https://stepstojustice.ca/fr/steps/family-law/5-fixez-la-date-de-votre-conference-de-gestion-du-proces/#breadcrumb","itemListElement":[{"@type":"ListItem","position":1,"name":"Home","item":"https://stepstojustice.ca/fr/"},{"@type":"ListItem","position":2,"name":"Next steps","item":"https://stepstojustice.ca/fr/steps/"},{"@type":"ListItem","position":3,"name":"5. Fixez la date de votre conférence de gestion du procès"}]},{"@type":"WebSite","@id":"https://stepstojustice.ca/fr/#website","url":"https://stepstojustice.ca/fr/","name":"Justice pas-à-pas","description":"Step-by-step information about legal problems","publisher":{"@id":"https://stepstojustice.ca/fr/#organization"},"potentialAction":[{"@type":"SearchAction","target":{"@type":"EntryPoint","urlTemplate":"https://stepstojustice.ca/fr/?s={search_term_string}"},"query-input":{"@type":"PropertyValueSpecification","valueRequired":true,"valueName":"search_term_string"}}],"inLanguage":"fr-FR"},{"@type":"Organization","@id":"https://stepstojustice.ca/fr/#organization","name":"Justice pas-à-pas","url":"https://stepstojustice.ca/fr/","logo":{"@type":"ImageObject","inLanguage":"fr-FR","@id":"https://stepstojustice.ca/fr/#/schema/logo/image/","url":"https://stepstojustice.ca/wp-content/uploads/2020/10/logo-s2j.png","contentUrl":"https://stepstojustice.ca/wp-content/uploads/2020/10/logo-s2j.png","width":1000,"height":146,"caption":"Justice pas-à-pas"},"image":{"@id":"https://stepstojustice.ca/fr/#/schema/logo/image/"},"sameAs":["https://www.facebook.com/CLEOLegalRights/","https://x.com/CLEOLegalRights","https://www.instagram.com/communitylegaleducationon/"]}]}</script>
<!-- / Yoast SEO Premium plugin. -->

5. Fixez la date de votre conférence de gestion du procès - Justice pas-à-pas

Le juge fixe habituellement la date d'une conférence de gestion du procès s'il estime que votre partenaire et vous-même ne résoudrez pas vos litiges et

Justice pas-à-pas
