{"id":1177900,"date":"2017-12-08T11:27:40","date_gmt":"2017-12-08T16:27:40","guid":{"rendered":""},"modified":"2018-07-30T12:50:15","modified_gmt":"2018-07-30T12:50:15","slug":"2-choisissez-une-date-de-r\u00e9siliation-ad\u00e9quate-0","status":"publish","type":"steps","link":"https:\/\/stepstojustice.ca\/fr\/steps\/housing-law\/2-choisissez-une-date-de-r\u00e9siliation-ad\u00e9quate-0\/","title":{"rendered":"2. Choisissez une date de r\u00e9siliation ad\u00e9quate"},"content":{"rendered":"<p>L&#8217;avis doit pr\u00e9ciser la date de fin de location et de d\u00e9m\u00e9nagement, qu&#8217;on appelle la \u00ab&nbsp;date de r\u00e9siliation&nbsp;\u00bb.<\/p>\n<p>Si vous avez une location \u00e0 la semaine, cette date doit \u00eatre la <strong>derni\u00e8re journ\u00e9e d&#8217;une p\u00e9riode de location.<\/strong> Habituellement, il s&#8217;agit de la journ\u00e9e pr\u00e9c\u00e9dant le jour de paiement du loyer.<\/p>\n<p style=\"margin-left:30.0pt;\"><strong>Exemple&nbsp;:<\/strong> Vous avez une location \u00e0 la semaine et devez payer votre loyer chaque lundi. Donc, la date de r\u00e9siliation que vous inscrirez sur l&#8217;avis doit \u00eatre un dimanche.<\/p>\n<p>Si vous avez une location \u00e0 la journ\u00e9e, la date de r\u00e9siliation est la date de votre choix.<\/p>\n<!-- AddThis Advanced Settings generic via filter on the_content --><!-- AddThis Share Buttons generic via filter on the_content -->","protected":false},"author":3,"featured_media":0,"template":"","class_list":["post-1177900","steps","type-steps","status-publish","hentry"],"yoast_head":"<!-- This site is optimized with the Yoast SEO Premium plugin v23.9 (Yoast SEO v23.9) - https:\/\/yoast.com\/wordpress\/plugins\/seo\/ -->\n<title>2. Choisissez une date de r\u00e9siliation ad\u00e9quate - Justice pas-\u00e0-pas<\/title>\n<meta name=\"description\" content=\"L&#039;avis doit pr\u00e9ciser la date de fin de location et de d\u00e9m\u00e9nagement, qu&#039;on appelle la \u00ab&nbsp;date de r\u00e9siliation&nbsp;\u00bb. Si vous avez une location \u00e0 la\" \/>\n<meta name=\"robots\" content=\"index, follow, max-snippet:-1, max-image-preview:large, max-video-preview:-1\" \/>\n<link rel=\"canonical\" href=\"https:\/\/stepstojustice.ca\/fr\/steps\/housing-law\/2-choisissez-une-date-de-r\u00e9siliation-ad\u00e9quate-0\/\" \/>\n<meta property=\"og:locale\" content=\"fr_FR\" \/>\n<meta property=\"og:type\" content=\"article\" \/>\n<meta property=\"og:title\" content=\"2. Choisissez une date de r\u00e9siliation ad\u00e9quate - Justice pas-\u00e0-pas\" \/>\n<meta property=\"og:description\" content=\"L&#039;avis doit pr\u00e9ciser la date de fin de location et de d\u00e9m\u00e9nagement, qu&#039;on appelle la \u00ab&nbsp;date de r\u00e9siliation&nbsp;\u00bb. Si vous avez une location \u00e0 la\" \/>\n<meta property=\"og:url\" content=\"https:\/\/stepstojustice.ca\/fr\/steps\/housing-law\/2-choisissez-une-date-de-r\u00e9siliation-ad\u00e9quate-0\/\" \/>\n<meta property=\"og:site_name\" content=\"Justice pas-\u00e0-pas\" \/>\n<meta property=\"article:publisher\" content=\"https:\/\/www.facebook.com\/CLEOLegalRights\/\" \/>\n<meta property=\"article:modified_time\" content=\"2018-07-30T12:50:15+00:00\" \/>\n<meta property=\"og:image\" content=\"https:\/\/stepstojustice.ca\/wp-content\/uploads\/Steps-to-Justice-logo.jpg\" \/>\n\t<meta property=\"og:image:width\" content=\"1200\" \/>\n\t<meta property=\"og:image:height\" content=\"650\" \/>\n\t<meta property=\"og:image:type\" content=\"image\/jpeg\" \/>\n<meta name=\"twitter:card\" content=\"summary_large_image\" \/>\n<meta name=\"twitter:site\" content=\"@CLEOLegalRights\" \/>\n<meta name=\"twitter:label1\" content=\"Est. reading time\" \/>\n\t<meta name=\"twitter:data1\" content=\"1 minute\" \/>\n<script type=\"application\/ld+json\" class=\"yoast-schema-graph\">{\"@context\":\"https:\/\/schema.org\",\"@graph\":[{\"@type\":\"WebPage\",\"@id\":\"https:\/\/stepstojustice.ca\/fr\/steps\/housing-law\/2-choisissez-une-date-de-r\u00e9siliation-ad\u00e9quate-0\/\",\"url\":\"https:\/\/stepstojustice.ca\/fr\/steps\/housing-law\/2-choisissez-une-date-de-r\u00e9siliation-ad\u00e9quate-0\/\",\"name\":\"2. Choisissez une date de r\u00e9siliation ad\u00e9quate - Justice pas-\u00e0-pas\",\"isPartOf\":{\"@id\":\"https:\/\/stepstojustice.ca\/fr\/#website\"},\"datePublished\":\"-0001-11-30T00:00:00+00:00\",\"dateModified\":\"2018-07-30T12:50:15+00:00\",\"description\":\"L'avis doit pr\u00e9ciser la date de fin de location et de d\u00e9m\u00e9nagement, qu'on appelle la \u00ab&nbsp;date de r\u00e9siliation&nbsp;\u00bb. Si vous avez une location \u00e0 la\",\"breadcrumb\":{\"@id\":\"https:\/\/stepstojustice.ca\/fr\/steps\/housing-law\/2-choisissez-une-date-de-r\u00e9siliation-ad\u00e9quate-0\/#breadcrumb\"},\"inLanguage\":\"fr-FR\",\"potentialAction\":[{\"@type\":\"ReadAction\",\"target\":[\"https:\/\/stepstojustice.ca\/fr\/steps\/housing-law\/2-choisissez-une-date-de-r\u00e9siliation-ad\u00e9quate-0\/\"]}]},{\"@type\":\"BreadcrumbList\",\"@id\":\"https:\/\/stepstojustice.ca\/fr\/steps\/housing-law\/2-choisissez-une-date-de-r\u00e9siliation-ad\u00e9quate-0\/#breadcrumb\",\"itemListElement\":[{\"@type\":\"ListItem\",\"position\":1,\"name\":\"Home\",\"item\":\"https:\/\/stepstojustice.ca\/fr\/\"},{\"@type\":\"ListItem\",\"position\":2,\"name\":\"Next steps\",\"item\":\"https:\/\/stepstojustice.ca\/fr\/steps\/\"},{\"@type\":\"ListItem\",\"position\":3,\"name\":\"2. Choisissez une date de r\u00e9siliation ad\u00e9quate\"}]},{\"@type\":\"WebSite\",\"@id\":\"https:\/\/stepstojustice.ca\/fr\/#website\",\"url\":\"https:\/\/stepstojustice.ca\/fr\/\",\"name\":\"Justice pas-\u00e0-pas\",\"description\":\"Step-by-step information about legal problems\",\"publisher\":{\"@id\":\"https:\/\/stepstojustice.ca\/fr\/#organization\"},\"potentialAction\":[{\"@type\":\"SearchAction\",\"target\":{\"@type\":\"EntryPoint\",\"urlTemplate\":\"https:\/\/stepstojustice.ca\/fr\/?s={search_term_string}\"},\"query-input\":{\"@type\":\"PropertyValueSpecification\",\"valueRequired\":true,\"valueName\":\"search_term_string\"}}],\"inLanguage\":\"fr-FR\"},{\"@type\":\"Organization\",\"@id\":\"https:\/\/stepstojustice.ca\/fr\/#organization\",\"name\":\"Justice pas-\u00e0-pas\",\"url\":\"https:\/\/stepstojustice.ca\/fr\/\",\"logo\":{\"@type\":\"ImageObject\",\"inLanguage\":\"fr-FR\",\"@id\":\"https:\/\/stepstojustice.ca\/fr\/#\/schema\/logo\/image\/\",\"url\":\"https:\/\/stepstojustice.ca\/wp-content\/uploads\/2020\/10\/logo-s2j.png\",\"contentUrl\":\"https:\/\/stepstojustice.ca\/wp-content\/uploads\/2020\/10\/logo-s2j.png\",\"width\":1000,\"height\":146,\"caption\":\"Justice pas-\u00e0-pas\"},\"image\":{\"@id\":\"https:\/\/stepstojustice.ca\/fr\/#\/schema\/logo\/image\/\"},\"sameAs\":[\"https:\/\/www.facebook.com\/CLEOLegalRights\/\",\"https:\/\/x.com\/CLEOLegalRights\",\"https:\/\/www.instagram.com\/communitylegaleducationon\/\"]}]}<\/script>\n<!-- \/ Yoast SEO Premium plugin. -->","yoast_head_json":{"title":"2. Choisissez une date de r\u00e9siliation ad\u00e9quate - Justice pas-\u00e0-pas","description":"L'avis doit pr\u00e9ciser la date de fin de location et de d\u00e9m\u00e9nagement, qu'on appelle la \u00ab&nbsp;date de r\u00e9siliation&nbsp;\u00bb. Si vous avez une location \u00e0 la","robots":{"index":"index","follow":"follow","max-snippet":"max-snippet:-1","max-image-preview":"max-image-preview:large","max-video-preview":"max-video-preview:-1"},"canonical":"https:\/\/stepstojustice.ca\/fr\/steps\/housing-law\/2-choisissez-une-date-de-r\u00e9siliation-ad\u00e9quate-0\/","og_locale":"fr_FR","og_type":"article","og_title":"2. Choisissez une date de r\u00e9siliation ad\u00e9quate - Justice pas-\u00e0-pas","og_description":"L'avis doit pr\u00e9ciser la date de fin de location et de d\u00e9m\u00e9nagement, qu'on appelle la \u00ab&nbsp;date de r\u00e9siliation&nbsp;\u00bb. Si vous avez une location \u00e0 la","og_url":"https:\/\/stepstojustice.ca\/fr\/steps\/housing-law\/2-choisissez-une-date-de-r\u00e9siliation-ad\u00e9quate-0\/","og_site_name":"Justice pas-\u00e0-pas","article_publisher":"https:\/\/www.facebook.com\/CLEOLegalRights\/","article_modified_time":"2018-07-30T12:50:15+00:00","og_image":[{"width":1200,"height":650,"url":"https:\/\/stepstojustice.ca\/wp-content\/uploads\/Steps-to-Justice-logo.jpg","type":"image\/jpeg"}],"twitter_card":"summary_large_image","twitter_site":"@CLEOLegalRights","twitter_misc":{"Est. reading time":"1 minute"},"schema":{"@context":"https:\/\/schema.org","@graph":[{"@type":"WebPage","@id":"https:\/\/stepstojustice.ca\/fr\/steps\/housing-law\/2-choisissez-une-date-de-r\u00e9siliation-ad\u00e9quate-0\/","url":"https:\/\/stepstojustice.ca\/fr\/steps\/housing-law\/2-choisissez-une-date-de-r\u00e9siliation-ad\u00e9quate-0\/","name":"2. Choisissez une date de r\u00e9siliation ad\u00e9quate - Justice pas-\u00e0-pas","isPartOf":{"@id":"https:\/\/stepstojustice.ca\/fr\/#website"},"datePublished":"-0001-11-30T00:00:00+00:00","dateModified":"2018-07-30T12:50:15+00:00","description":"L'avis doit pr\u00e9ciser la date de fin de location et de d\u00e9m\u00e9nagement, qu'on appelle la \u00ab&nbsp;date de r\u00e9siliation&nbsp;\u00bb. Si vous avez une location \u00e0 la","breadcrumb":{"@id":"https:\/\/stepstojustice.ca\/fr\/steps\/housing-law\/2-choisissez-une-date-de-r\u00e9siliation-ad\u00e9quate-0\/#breadcrumb"},"inLanguage":"fr-FR","potentialAction":[{"@type":"ReadAction","target":["https:\/\/stepstojustice.ca\/fr\/steps\/housing-law\/2-choisissez-une-date-de-r\u00e9siliation-ad\u00e9quate-0\/"]}]},{"@type":"BreadcrumbList","@id":"https:\/\/stepstojustice.ca\/fr\/steps\/housing-law\/2-choisissez-une-date-de-r\u00e9siliation-ad\u00e9quate-0\/#breadcrumb","itemListElement":[{"@type":"ListItem","position":1,"name":"Home","item":"https:\/\/stepstojustice.ca\/fr\/"},{"@type":"ListItem","position":2,"name":"Next steps","item":"https:\/\/stepstojustice.ca\/fr\/steps\/"},{"@type":"ListItem","position":3,"name":"2. Choisissez une date de r\u00e9siliation ad\u00e9quate"}]},{"@type":"WebSite","@id":"https:\/\/stepstojustice.ca\/fr\/#website","url":"https:\/\/stepstojustice.ca\/fr\/","name":"Justice pas-\u00e0-pas","description":"Step-by-step information about legal problems","publisher":{"@id":"https:\/\/stepstojustice.ca\/fr\/#organization"},"potentialAction":[{"@type":"SearchAction","target":{"@type":"EntryPoint","urlTemplate":"https:\/\/stepstojustice.ca\/fr\/?s={search_term_string}"},"query-input":{"@type":"PropertyValueSpecification","valueRequired":true,"valueName":"search_term_string"}}],"inLanguage":"fr-FR"},{"@type":"Organization","@id":"https:\/\/stepstojustice.ca\/fr\/#organization","name":"Justice pas-\u00e0-pas","url":"https:\/\/stepstojustice.ca\/fr\/","logo":{"@type":"ImageObject","inLanguage":"fr-FR","@id":"https:\/\/stepstojustice.ca\/fr\/#\/schema\/logo\/image\/","url":"https:\/\/stepstojustice.ca\/wp-content\/uploads\/2020\/10\/logo-s2j.png","contentUrl":"https:\/\/stepstojustice.ca\/wp-content\/uploads\/2020\/10\/logo-s2j.png","width":1000,"height":146,"caption":"Justice pas-\u00e0-pas"},"image":{"@id":"https:\/\/stepstojustice.ca\/fr\/#\/schema\/logo\/image\/"},"sameAs":["https:\/\/www.facebook.com\/CLEOLegalRights\/","https:\/\/x.com\/CLEOLegalRights","https:\/\/www.instagram.com\/communitylegaleducationon\/"]}]}},"meta_box":{"questions_to_steps_from":["1171442"]},"_links":{"self":[{"href":"https:\/\/stepstojustice.ca\/fr\/wp-json\/wp\/v2\/steps\/1177900","targetHints":{"allow":["GET"]}}],"collection":[{"href":"https:\/\/stepstojustice.ca\/fr\/wp-json\/wp\/v2\/steps"}],"about":[{"href":"https:\/\/stepstojustice.ca\/fr\/wp-json\/wp\/v2\/types\/steps"}],"author":[{"embeddable":true,"href":"https:\/\/stepstojustice.ca\/fr\/wp-json\/wp\/v2\/users\/3"}],"version-history":[{"count":0,"href":"https:\/\/stepstojustice.ca\/fr\/wp-json\/wp\/v2\/steps\/1177900\/revisions"}],"wp:attachment":[{"href":"https:\/\/stepstojustice.ca\/fr\/wp-json\/wp\/v2\/media?parent=1177900"}],"curies":[{"name":"wp","href":"https:\/\/api.w.org\/{rel}","templated":true}]}}

2-choisissez-une-date-de-résiliation-adéquate-0

https://stepstojustice.ca/fr/steps/housing-law/2-choisissez-une-date-de-résiliation-adéquate-0/

2. Choisissez une date de résiliation adéquate

<p>L&#8217;avis doit préciser la date de fin de location et de déménagement, qu&#8217;on appelle la «&nbsp;date de résiliation&nbsp;».</p>
<p>Si vous avez une location à la semaine, cette date doit être la <strong>dernière journée d&#8217;une période de location.</strong> Habituellement, il s&#8217;agit de la journée précédant le jour de paiement du loyer.</p>
<p style="margin-left:30.0pt;"><strong>Exemple&nbsp;:</strong> Vous avez une location à la semaine et devez payer votre loyer chaque lundi. Donc, la date de résiliation que vous inscrirez sur l&#8217;avis doit être un dimanche.</p>
<p>Si vous avez une location à la journée, la date de résiliation est la date de votre choix.</p>
<!-- AddThis Advanced Settings generic via filter on the_content --><!-- AddThis Share Buttons generic via filter on the_content -->

<!-- This site is optimized with the Yoast SEO Premium plugin v23.9 (Yoast SEO v23.9) - https://yoast.com/wordpress/plugins/seo/ -->
<title>2. Choisissez une date de résiliation adéquate - Justice pas-à-pas</title>
<meta name="description" content="L&#039;avis doit préciser la date de fin de location et de déménagement, qu&#039;on appelle la «&nbsp;date de résiliation&nbsp;». Si vous avez une location à la" />
<meta name="robots" content="index, follow, max-snippet:-1, max-image-preview:large, max-video-preview:-1" />
<link rel="canonical" href="https://stepstojustice.ca/fr/steps/housing-law/2-choisissez-une-date-de-résiliation-adéquate-0/" />
<meta property="og:locale" content="fr_FR" />
<meta property="og:type" content="article" />
<meta property="og:title" content="2. Choisissez une date de résiliation adéquate - Justice pas-à-pas" />
<meta property="og:description" content="L&#039;avis doit préciser la date de fin de location et de déménagement, qu&#039;on appelle la «&nbsp;date de résiliation&nbsp;». Si vous avez une location à la" />
<meta property="og:url" content="https://stepstojustice.ca/fr/steps/housing-law/2-choisissez-une-date-de-résiliation-adéquate-0/" />
<meta property="og:site_name" content="Justice pas-à-pas" />
<meta property="article:publisher" content="https://www.facebook.com/CLEOLegalRights/" />
<meta property="article:modified_time" content="2018-07-30T12:50:15+00:00" />
<meta property="og:image" content="https://stepstojustice.ca/wp-content/uploads/Steps-to-Justice-logo.jpg" />
	<meta property="og:image:width" content="1200" />
	<meta property="og:image:height" content="650" />
	<meta property="og:image:type" content="image/jpeg" />
<meta name="twitter:card" content="summary_large_image" />
<meta name="twitter:site" content="@CLEOLegalRights" />
<meta name="twitter:label1" content="Est. reading time" />
	<meta name="twitter:data1" content="1 minute" />
<script type="application/ld+json" class="yoast-schema-graph">{"@context":"https://schema.org","@graph":[{"@type":"WebPage","@id":"https://stepstojustice.ca/fr/steps/housing-law/2-choisissez-une-date-de-résiliation-adéquate-0/","url":"https://stepstojustice.ca/fr/steps/housing-law/2-choisissez-une-date-de-résiliation-adéquate-0/","name":"2. Choisissez une date de résiliation adéquate - Justice pas-à-pas","isPartOf":{"@id":"https://stepstojustice.ca/fr/#website"},"datePublished":"-0001-11-30T00:00:00+00:00","dateModified":"2018-07-30T12:50:15+00:00","description":"L'avis doit préciser la date de fin de location et de déménagement, qu'on appelle la «&nbsp;date de résiliation&nbsp;». Si vous avez une location à la","breadcrumb":{"@id":"https://stepstojustice.ca/fr/steps/housing-law/2-choisissez-une-date-de-résiliation-adéquate-0/#breadcrumb"},"inLanguage":"fr-FR","potentialAction":[{"@type":"ReadAction","target":["https://stepstojustice.ca/fr/steps/housing-law/2-choisissez-une-date-de-résiliation-adéquate-0/"]}]},{"@type":"BreadcrumbList","@id":"https://stepstojustice.ca/fr/steps/housing-law/2-choisissez-une-date-de-résiliation-adéquate-0/#breadcrumb","itemListElement":[{"@type":"ListItem","position":1,"name":"Home","item":"https://stepstojustice.ca/fr/"},{"@type":"ListItem","position":2,"name":"Next steps","item":"https://stepstojustice.ca/fr/steps/"},{"@type":"ListItem","position":3,"name":"2. Choisissez une date de résiliation adéquate"}]},{"@type":"WebSite","@id":"https://stepstojustice.ca/fr/#website","url":"https://stepstojustice.ca/fr/","name":"Justice pas-à-pas","description":"Step-by-step information about legal problems","publisher":{"@id":"https://stepstojustice.ca/fr/#organization"},"potentialAction":[{"@type":"SearchAction","target":{"@type":"EntryPoint","urlTemplate":"https://stepstojustice.ca/fr/?s={search_term_string}"},"query-input":{"@type":"PropertyValueSpecification","valueRequired":true,"valueName":"search_term_string"}}],"inLanguage":"fr-FR"},{"@type":"Organization","@id":"https://stepstojustice.ca/fr/#organization","name":"Justice pas-à-pas","url":"https://stepstojustice.ca/fr/","logo":{"@type":"ImageObject","inLanguage":"fr-FR","@id":"https://stepstojustice.ca/fr/#/schema/logo/image/","url":"https://stepstojustice.ca/wp-content/uploads/2020/10/logo-s2j.png","contentUrl":"https://stepstojustice.ca/wp-content/uploads/2020/10/logo-s2j.png","width":1000,"height":146,"caption":"Justice pas-à-pas"},"image":{"@id":"https://stepstojustice.ca/fr/#/schema/logo/image/"},"sameAs":["https://www.facebook.com/CLEOLegalRights/","https://x.com/CLEOLegalRights","https://www.instagram.com/communitylegaleducationon/"]}]}</script>
<!-- / Yoast SEO Premium plugin. -->

2. Choisissez une date de résiliation adéquate - Justice pas-à-pas

L'avis doit préciser la date de fin de location et de déménagement, qu'on appelle la «&nbsp;date de résiliation&nbsp;». Si vous avez une location à la

Justice pas-à-pas

https://stepstojustice.ca/fr/steps/housing-law/2-choisissez-une-date-de-résiliation-adéquate-0/#breadcrumb
